{"id":167,"date":"2025-09-16T08:27:11","date_gmt":"2025-09-16T08:27:11","guid":{"rendered":"https:\/\/www.haldren.com\/barcelona\/?page_id=56"},"modified":"2025-10-14T06:16:15","modified_gmt":"2025-10-14T06:16:15","slug":"contratacion-de-directivos","status":"publish","type":"page","link":"https:\/\/www.haldren.com\/barcelona\/es\/adquisicion-de-talentos\/contratacion-de-directivos\/","title":{"rendered":"Contrataci\u00f3n de directivos"},"content":{"rendered":"\n  <link rel=\"preload\" as=\"image\" href=\"https:\/\/www.haldren.com\/barcelona\/wp-content\/uploads\/sites\/33\/2025\/09\/barcelona-city-e1764150659784.webp\" fetchpriority=\"high\">\n  <style>\n    .inner-banner-section {\n      background-image: url('https:\/\/www.haldren.com\/barcelona\/wp-content\/uploads\/sites\/33\/2025\/09\/barcelona-city-e1764150659784.webp');\n      background-size: cover;\n      background-position: center;\n      background-repeat: no-repeat;\n    }\n\n    @media (max-width: 768px) {\n      .inner-banner-section {\n        background-image: url('https:\/\/www.haldren.com\/barcelona\/wp-content\/uploads\/sites\/33\/2025\/09\/barcelona-city-e1764150659784.webp');\n      }\n    }\n  <\/style>\n\n<div class=\"block-section inner-banner-section lazyload bg-sty section-gaps top-border-line\">\n  <div class=\"container-fluid\">\n    <div class=\"content-wrap\">\n      <h1 class=\"title\">\n        Servicios de contrataci\u00f3n de directivos en Barcelona      <\/h1>\n      <span style=\"font-size: 18px;\">Ayudamos a empresas de toda Espa\u00f1a a contratar a los l\u00edderes adecuados<\/span>\n    <\/div>\n  <\/div>\n<\/div>\n\n\n\n\n<div class=\"wp-block-custom-div-wrapper-block col-wrapper has-sidebar\"><div class=\"content-wrapper\" style=\"background-color:#002a26\">\n<div class=\"block-section section-gaps default-content-section \" \n     style=\"--text-color: #ffffff; --bg-color: #119084;\">\n    <div class=\"container\">\n        <div class=\"default-single-content-wrap\">\n            <div class=\"content-wrap\">\n                                    <h2>Empresa l\u00edder en selecci\u00f3n de directivos en Barcelona<\/h2>\n<p>En Haldren, ponemos en contacto a las empresas m\u00e1s din\u00e1micas de Barcelona con los l\u00edderes que necesitan para prosperar. Nuestro enfoque se basa en la confianza, la discreci\u00f3n y un proceso met\u00f3dico en el que conf\u00edan organizaciones de toda Espa\u00f1a. Nuestros consultores aportan una mezcla de conocimientos espec\u00edficos del sector y una perspectiva global a cada b\u00fasqueda, ayudando a las empresas a navegar por el proceso de contrataci\u00f3n con un claro enfoque en la alineaci\u00f3n cultural. Reconocemos el peso de cada nombramiento de liderazgo, por lo que gestionamos cada conversaci\u00f3n con total discreci\u00f3n, asegur\u00e1ndonos de que el talento que encontramos conecta directamente con la estrategia principal de la empresa.<\/p>\n<p>La reputaci\u00f3n de nuestra agencia de contrataci\u00f3n se basa en las relaciones duraderas que hemos establecido con empresas de muchos sectores. Combinando nuestro conocimiento del mercado local con nuestras redes internacionales, identificamos tanto a profesionales locales como a candidatos internacionales preparados para marcar una diferencia inmediata y una contribuci\u00f3n duradera. Creemos en proporcionar apoyo con integridad, ofreciendo una orientaci\u00f3n clara y comprometi\u00e9ndonos con el \u00e9xito duradero de los equipos que ayudamos a construir.<\/p>\n<h2>Empresa de B\u00fasqueda de Directivos de primer nivel en Barcelona<\/h2>\n<p>Para nosotros, la b\u00fasqueda de directivos es algo m\u00e1s que colocar a una persona en un puesto. Consideramos cada contrataci\u00f3n como una oportunidad para fortalecer un negocio encontrando el talento adecuado capaz de nutrir equipos, dar forma a la estrategia y lograr resultados tangibles. Nuestros consultores se basan en d\u00e9cadas de experiencia colectiva navegando por el panorama profesional de Espa\u00f1a y Europa, combinando metodolog\u00edas de b\u00fasqueda probadas con una aut\u00e9ntica conexi\u00f3n humana. Esta perspectiva equilibrada nos permite crear un ambiente de colaboraci\u00f3n desde la primera conversaci\u00f3n hasta la colocaci\u00f3n final.<\/p>\n<h4>Evaluaci\u00f3n<\/h4>\n<p>Cada b\u00fasqueda comienza con una inmersi\u00f3n profunda en las necesidades espec\u00edficas de una organizaci\u00f3n, las demandas del puesto y los matices de su cultura. Desarrollamos un cuadro de mando detallado que describe las habilidades t\u00e9cnicas necesarias junto con los atributos de liderazgo esenciales, lo que nos proporciona un modelo claro para el candidato ideal. M\u00e1s all\u00e1 de un curr\u00edculum, exploramos las motivaciones de una persona, su enfoque del trabajo y su capacidad de adaptaci\u00f3n, todo ello para encontrar a un individuo que realmente encaje.<\/p>\n<h4>Adquisici\u00f3n de talento<\/h4>\n<p>Aprovechamos una amplia red que incluye canales de contrataci\u00f3n globales, nuestras propias relaciones con el sector y tecnolog\u00edas de b\u00fasqueda avanzadas para conectar con un grupo diverso de profesionales, muchos de los cuales no est\u00e1n buscando activamente una nueva oportunidad. Nuestros consultores realizan entrevistas met\u00f3dicas y utilizan t\u00e9cnicas de evaluaci\u00f3n validadas para identificar a las personas preparadas para dirigir equipos en los vibrantes sectores creativo, tecnol\u00f3gico e industrial de Barcelona. Este m\u00e9todo integral nos ayuda a encontrar l\u00edderes que prosperar\u00e1n cuando se enfrenten a retos importantes.<\/p>\n<h4>Transformaci\u00f3n organizativa<\/h4>\n<p>Nuestra contribuci\u00f3n a menudo contin\u00faa mucho tiempo despu\u00e9s de la colocaci\u00f3n. Ofrecemos asesoramiento estrat\u00e9gico en la planificaci\u00f3n de la sucesi\u00f3n, la evaluaci\u00f3n del liderazgo y un dise\u00f1o organizativo m\u00e1s amplio, ayudando a las empresas a navegar por los per\u00edodos de transici\u00f3n con previsi\u00f3n. Al proporcionar un asesoramiento reflexivo en cada paso, nuestro objetivo es ser un verdadero socio en la creaci\u00f3n de grupos de liderazgo que puedan dirigir una empresa hacia la estabilidad y el crecimiento a largo plazo.<\/p>\n<h2>Nuestro enfoque de la selecci\u00f3n de directivos<\/h2>\n<p>Nuestro m\u00e9todo de selecci\u00f3n es a la vez met\u00f3dico y personal. El viaje comienza con una fase de descubrimiento, en la que escuchamos atentamente para comprender las prioridades fundamentales de una empresa, sus obst\u00e1culos actuales y sus ambiciones futuras. A partir de ah\u00ed, empezamos a trazar el panorama del sector, a buscar candidatos potenciales y a elaborar una lista de preseleccionados que tenga en cuenta las capacidades t\u00e9cnicas y la compatibilidad cultural a partes iguales.<\/p>\n<p>Los perfiles detallados de los candidatos gu\u00edan nuestra b\u00fasqueda, definiendo las habilidades espec\u00edficas, los estilos de liderazgo y las motivaciones personales vitales para el puesto. A continuaci\u00f3n, nuestros reclutadores ampl\u00edan la b\u00fasqueda a trav\u00e9s de referencias profesionales, redes de asociaciones y, cuando es necesario, nuestros contactos internacionales. Combinamos herramientas digitales modernas, como la difusi\u00f3n selectiva a trav\u00e9s de las redes sociales, con conversaciones directas y personales.<\/p>\n<p>La fase de selecci\u00f3n incluye entrevistas cuidadosamente estructuradas, evaluaciones psicom\u00e9tricas validadas y un proceso de revisi\u00f3n en varias etapas dise\u00f1ado para generar confianza en la decisi\u00f3n final. A lo largo de este periodo, nuestros consultores ofrecen asesoramiento pr\u00e1ctico sobre la compensaci\u00f3n del mercado, los periodos de preaviso y la posible log\u00edstica de reubicaci\u00f3n, ayudando a que la fase de oferta final sea fluida y satisfactoria.<\/p>\n<p>Lo que diferencia nuestro trabajo es la combinaci\u00f3n de an\u00e1lisis basados en datos con d\u00e9cadas de experiencia pr\u00e1ctica. Trabajamos con un profundo respeto por las pr\u00e1cticas \u00e9ticas y nos centramos en crear equipos de liderazgo diversos. Este compromiso significa que las empresas pueden recurrir a nosotros no s\u00f3lo para una necesidad inmediata de contrataci\u00f3n, sino tambi\u00e9n para que les apoyemos en su planificaci\u00f3n organizativa a largo plazo. Al concentrarnos en resultados tangibles y en la toma de decisiones claras, gestionamos cada b\u00fasqueda con diligencia y previsi\u00f3n.<\/p>\n<h2>Nuestra experiencia como l\u00edderes en selecci\u00f3n de directivos en Barcelona<\/h2>\n<p>Nuestro equipo est\u00e1 compuesto por profesionales experimentados que combinan un conocimiento matizado del mercado de Barcelona con una amplia perspectiva internacional. Muchos de nosotros hemos ocupado anteriormente puestos como directivos, reclutadores especializados o l\u00edderes operativos dentro de las mismas industrias que apoyamos hoy en d\u00eda. Esta experiencia de primera mano nos permite comprender los retos de una organizaci\u00f3n desde dentro. Aprendemos constantemente de cada compromiso, perfeccionamos nuestros m\u00e9todos y compartimos lo que descubrimos para lograr mejores resultados.<\/p>\n<h4>Algunas \u00e1reas en las que nos especializamos<\/h4>\n<p>Prestamos apoyo a una amplia gama de sectores en toda Barcelona, desde la tecnolog\u00eda y el turismo hasta las finanzas, la sanidad, los campos creativos y la industria manufacturera. Cada sector tiene sus propias exigencias en materia de liderazgo, y nosotros aplicamos nuestros conocimientos especializados para sortear esas complejidades. Nuestra misi\u00f3n es sencilla: ayudar a las empresas a encontrar l\u00edderes capaces de inspirar a sus equipos, adaptarse a los cambios del mercado y fomentar el progreso sostenible.<\/p>\n<h4>Ejemplos de puestos para los que reclutamos<\/h4>\n<p>En Barcelona, nuestro trabajo se centra en puestos de alta direcci\u00f3n y gesti\u00f3n ejecutiva, incluyendo funciones como gerente de cuentas, l\u00edder tecnol\u00f3gico, jefe de finanzas, jefe de operaciones y otros nombramientos de C-suite. Manejamos cada b\u00fasqueda con la misma meticulosa atenci\u00f3n al detalle, equilibrando la experiencia t\u00e9cnica con el potencial de liderazgo y la alineaci\u00f3n cultural. Para las organizaciones que buscan cubrir estos puestos cr\u00edticos, damos la bienvenida a una conversaci\u00f3n sobre c\u00f3mo nuestro proceso puede ayudar.<\/p>\n<h2>Por qu\u00e9 Haldren utiliza un enfoque personalizado para el reclutamiento<\/h2>\n<p>Hemos aprendido que una plantilla de reclutamiento estandarizada rara vez produce el mejor resultado. Cada organizaci\u00f3n tiene su propia cultura, conjunto de retos y visi\u00f3n de futuro. Habiendo trabajado con empresas de todos los tama\u00f1os en Barcelona, desde corporaciones globales a startups emergentes, sabemos que un proceso de b\u00fasqueda a medida ofrece siempre resultados m\u00e1s duraderos.<\/p>\n<p>Adaptamos toda nuestra metodolog\u00eda al proyecto espec\u00edfico, ajustando nuestras t\u00e9cnicas de evaluaci\u00f3n y estrategias de b\u00fasqueda a las necesidades. Esta flexibilidad garantiza que las personas que presentamos no s\u00f3lo son capaces, sino que tambi\u00e9n est\u00e1n realmente motivadas para contribuir a la trayectoria de la empresa. Nuestro objetivo es ofrecer una asociaci\u00f3n reflexiva y receptiva que conduzca a nombramientos que creen un valor duradero.<\/p>\n<h2>\u00bfPor qu\u00e9 elegir Haldren para la contrataci\u00f3n de directivos?<\/h2>\n<p>La elecci\u00f3n de un socio de reclutamiento es una decisi\u00f3n importante. Hemos construido nuestra reputaci\u00f3n sobre la base de una discreci\u00f3n absoluta, una conducta \u00e9tica y una mentalidad verdaderamente consultiva. Entendemos que la confianza es primordial a la hora de gestionar b\u00fasquedas de liderazgo sensibles, y nuestros clientes aprecian nuestra fiabilidad, la claridad de nuestra orientaci\u00f3n y la fiabilidad de nuestro trabajo.<\/p>\n<p>Consideramos que nuestro papel es m\u00e1s que el de un proveedor de servicios; somos un socio que invierte en una visi\u00f3n compartida del \u00e9xito. Combinando nuestro alcance global con un profundo conocimiento local, ayudamos a las empresas a encontrar profesionales que puedan actuar como catalizadores del crecimiento. Nuestra dedicaci\u00f3n a la integridad nos ha convertido en una firma respetada en Barcelona y en toda Espa\u00f1a.<\/p>\n<blockquote><p><strong>Cuando una organizaci\u00f3n est\u00e1 preparada para reforzar su liderazgo, nuestro equipo est\u00e1 listo para ofrecer orientaci\u00f3n en cada paso del proceso con empat\u00eda y experiencia.<\/strong><\/p><\/blockquote>\n                            <\/div>\n        <\/div>\n    <\/div>\n<\/div>\n\n<div class=\"block-section accordion-main-section \">\n    <div class=\"container\">    \n                <div class=\"accordion-faqs\">\n            <h2 class=\"m-title\">Frequently Asked Questions (FAQs)<\/h2>\n                        <div class=\"item\">\n                <h3>\u00bfC\u00f3mo adaptar el proceso de contrataci\u00f3n a cada empresa?<\/h3>\n                <div class=\"faq-content\"><p>Empezamos escuchando para comprender las necesidades espec\u00edficas, la cultura y los objetivos a largo plazo de una organizaci\u00f3n. A partir de ah\u00ed, dise\u00f1amos un proceso de selecci\u00f3n que garantice la alineaci\u00f3n y la eficacia.<\/p>\n<\/div>\n            <\/div>\n                        <div class=\"item\">\n                <h3>\u00bfQu\u00e9 nivel de confidencialidad podemos esperar?<\/h3>\n                <div class=\"faq-content\"><p>La confidencialidad es la piedra angular de nuestro trabajo. Gestionamos cada proyecto con total discreci\u00f3n, protegiendo los intereses tanto de los empleadores como de los candidatos a lo largo de todo el proceso.<\/p>\n<\/div>\n            <\/div>\n                        <div class=\"item\">\n                <h3>\u00bfC\u00f3mo evaluar a los candidatos m\u00e1s all\u00e1 de su experiencia?<\/h3>\n                <div class=\"faq-content\"><p>Nuestra evaluaci\u00f3n incluye entrevistas estructuradas, herramientas psicom\u00e9tricas validadas y un an\u00e1lisis detallado de la motivaci\u00f3n y el estilo de liderazgo. Esto nos ayuda a verificar el ajuste cultural y el potencial de \u00e9xito futuro del candidato.<\/p>\n<\/div>\n            <\/div>\n                        <div class=\"item\">\n                <h3>\u00bfApoya a sus clientes tras la contrataci\u00f3n de un candidato?<\/h3>\n                <div class=\"faq-content\"><p>S\u00ed. Ofrecemos apoyo continuo durante el periodo de incorporaci\u00f3n y seguimos estando disponibles para orientar al nuevo l\u00edder en su adaptaci\u00f3n al puesto y a sus responsabilidades.<\/p>\n<\/div>\n            <\/div>\n                    <\/div>\n            <\/div>\n<\/div><\/div><div class=\"sidebar-wrapper\">\n<div class=\"wpcf7 no-js\" id=\"wpcf7-f50-o1\" lang=\"\" dir=\"ltr\" data-wpcf7-id=\"50\">\n<div class=\"screen-reader-response\"><p role=\"status\" aria-live=\"polite\" aria-atomic=\"true\"><\/p> <ul><\/ul><\/div>\n<form action=\"\/barcelona\/wp-json\/wp\/v2\/pages\/167#wpcf7-f50-o1\" method=\"post\" class=\"wpcf7-form init\" aria-label=\"Contact form\" enctype=\"multipart\/form-data\" novalidate=\"novalidate\" data-status=\"init\">\n<fieldset class=\"hidden-fields-container\"><input type=\"hidden\" name=\"_wpcf7\" value=\"50\" \/><input type=\"hidden\" name=\"_wpcf7_version\" value=\"6.1.5\" \/><input type=\"hidden\" name=\"_wpcf7_locale\" value=\"\" \/><input type=\"hidden\" name=\"_wpcf7_unit_tag\" value=\"wpcf7-f50-o1\" \/><input type=\"hidden\" name=\"_wpcf7_container_post\" value=\"0\" \/><input type=\"hidden\" name=\"_wpcf7_posted_data_hash\" value=\"\" \/>\n<\/fieldset>\n<input class=\"wpcf7-form-control wpcf7-hidden\" id=\"utm_source\" value=\"\" type=\"hidden\" name=\"utm_source\" \/>\n<input class=\"wpcf7-form-control wpcf7-hidden\" id=\"utm_medium\" value=\"\" type=\"hidden\" name=\"utm_medium\" \/>\n<input class=\"wpcf7-form-control wpcf7-hidden\" id=\"sideform_user_country\" value=\"\" type=\"hidden\" name=\"userCountry\" \/>\n<div class=\"form-grid-layout\">\n\t<div class=\"form-title\">\n\t\t<h2 class=\"title\">Thrive with Top Talent<br \/>\n- No Upfronts Fees\n\t\t<\/h2>\n\t\t<p>Have it easier with video interview clips and a candidate shortlist within 2-3 weeks\n\t\t<\/p>\n\t<\/div>\n\t<div class=\"input-field\">\n\t\t<p><label for=\"\">Name<\/label><br \/>\n<span class=\"wpcf7-form-control-wrap\" data-name=\"full-Name\"><input size=\"40\" maxlength=\"400\" class=\"wpcf7-form-control wpcf7-text wpcf7-validates-as-required\" aria-required=\"true\" aria-invalid=\"false\" value=\"\" type=\"text\" name=\"full-Name\" \/><\/span>\n\t\t<\/p>\n\t<\/div>\n\t<div class=\"input-field\">\n\t\t<p><label for=\"\">Email Address<\/label><br \/>\n<span class=\"wpcf7-form-control-wrap\" data-name=\"email-address\"><input size=\"40\" maxlength=\"400\" class=\"wpcf7-form-control wpcf7-email wpcf7-validates-as-required wpcf7-text wpcf7-validates-as-email\" aria-required=\"true\" aria-invalid=\"false\" value=\"\" type=\"email\" name=\"email-address\" \/><\/span>\n\t\t<\/p>\n\t<\/div>\n\t<div class=\"input-field\">\n\t\t<p><label for=\"\">Company<\/label><br \/>\n<span class=\"wpcf7-form-control-wrap\" data-name=\"company\"><input size=\"40\" maxlength=\"400\" class=\"wpcf7-form-control wpcf7-text\" aria-invalid=\"false\" value=\"\" type=\"text\" name=\"company\" \/><\/span>\n\t\t<\/p>\n\t<\/div>\n\t<div class=\"radiobox-field\">\n\t\t<p><span class=\"wpcf7-form-control-wrap\" data-name=\"radio-721company-status\"><span class=\"wpcf7-form-control wpcf7-radio\"><span class=\"wpcf7-list-item first\"><label><input type=\"radio\" name=\"radio-721company-status\" value=\"{Employer}\" \/><span class=\"wpcf7-list-item-label\">Employer<\/span><\/label><\/span><span class=\"wpcf7-list-item last\"><label><input type=\"radio\" name=\"radio-721company-status\" value=\"{Candidate}\" \/><span class=\"wpcf7-list-item-label\">Candidate<\/span><\/label><\/span><\/span><\/span>\n\t\t<\/p>\n\t<\/div>\n\t<div class=\"input-field\">\n\t\t<p><span class=\"wpcf7-form-control-wrap\" data-name=\"file-upload\"><input size=\"40\" class=\"wpcf7-form-control wpcf7-file\" accept=\".pdf\" aria-invalid=\"false\" type=\"file\" name=\"file-upload\" \/><\/span>\n\t\t<\/p>\n\t<\/div>\n\t<div class=\"textarea-field\">\n\t\t<p><label for=\"\">How can we help you?<\/label><br \/>\n<span class=\"wpcf7-form-control-wrap\" data-name=\"message\"><textarea cols=\"40\" rows=\"10\" maxlength=\"2000\" class=\"wpcf7-form-control wpcf7-textarea\" aria-invalid=\"false\" name=\"message\"><\/textarea><\/span>\n\t\t<\/p>\n\t<\/div>\n\t<p><span id=\"wpcf7-69f5faf512fed-wrapper\" class=\"wpcf7-form-control-wrap nickname-wrap\" ><input id=\"wpcf7-69f5faf512fed-field\"  class=\"wpcf7-form-control wpcf7-text\" type=\"text\" name=\"nickname\" value=\"\" size=\"40\" tabindex=\"-1\" autocomplete=\"off\" \/><\/span>\n\t<\/p>\n\t<div class=\"form-term\">\n\t\t<p>Submission of this form means you have agreed to our <a href=\"\/privacy-policy\/\" title=\"\">Privacy Policy<\/a> and <a href=\"\/terms-of-service\/\" title=\"\">Terms Conditions<\/a>\n\t\t<\/p>\n\t<\/div>\n\t<div class=\"submit-btn\">\n\t\t<p><input class=\"wpcf7-form-control wpcf7-submit has-spinner btn-box\" type=\"submit\" value=\"Get in Touch\" \/>\n\t\t<\/p>\n\t<\/div>\n<\/div><div class=\"wpcf7-response-output\" aria-hidden=\"true\"><\/div>\n<\/form>\n<\/div>\n<\/div><\/div>\n\n\n<div class=\"block-section client-reviews-slider \" style=\"background-color: #119084\">  \n    <div class=\"container\">\n                <div class=\"splide client-slider\">\n            <div class=\"splide__track\">\n                <div class=\"splide__list\">\n                                        <div class=\"splide__slide\">\n                        <div class=\"content-box\">\n                            <div class=\"content\">\n                                <p>&#8220;Trabajar con Haldren fue una experiencia \u00fanica. Sus asesores fueron muy atentos y nos guiaron a trav\u00e9s de cada etapa con total discreci\u00f3n. Encontramos un gestor de cuentas motivado que ha tenido un impacto inmediato.&#8221;<\/p>\n                            <\/div>\n                                                        <div class=\"name\">\n                                <strong>Marta G.<\/strong>, \n                                Director de RRHH                            <\/div>\n                                                    <\/div>\n                    <\/div>\n                                        <div class=\"splide__slide\">\n                        <div class=\"content-box\">\n                            <div class=\"content\">\n                                <p>&#8220;El equipo de Haldren nos present\u00f3 perspectivas que nos ayudaron a perfeccionar nuestra estrategia de contrataci\u00f3n. Su exhaustivo proceso de evaluaci\u00f3n y entrevistas nos dio la seguridad de que est\u00e1bamos seleccionando a la persona adecuada para un puesto de liderazgo crucial.&#8221;<\/p>\n                            <\/div>\n                                                        <div class=\"name\">\n                                <strong>Javier L.<\/strong>, \n                                Jefe de Operaciones                            <\/div>\n                                                    <\/div>\n                    <\/div>\n                                        <div class=\"splide__slide\">\n                        <div class=\"content-box\">\n                            <div class=\"content\">\n                                <p>&#8220;Todos apreciamos el toque humano que Haldren aport\u00f3 al proceso de contrataci\u00f3n. Su enfoque en el ajuste cultural garantiz\u00f3 que el ejecutivo que contratamos en Barcelona no solo estuviera cualificado, sino que tambi\u00e9n estuviera genuinamente alineado con los valores de nuestra empresa.&#8221;<\/p>\n                            <\/div>\n                                                        <div class=\"name\">\n                                <strong>Laura P.<\/strong>, \n                                Socio principal                            <\/div>\n                                                    <\/div>\n                    <\/div>\n                                    <\/div>\n            <\/div>\n        <\/div>\n            <\/div>\n<\/div>","protected":false},"excerpt":{"rendered":"","protected":false},"author":10,"featured_media":0,"parent":166,"menu_order":0,"comment_status":"closed","ping_status":"closed","template":"","meta":{"_acf_changed":false,"footnotes":""},"class_list":["post-167","page","type-page","status-publish","hentry"],"acf":[],"lang":"es","translations":{"es":167},"jetpack_sharing_enabled":true,"pll_sync_post":[],"_links":{"self":[{"href":"https:\/\/www.haldren.com\/barcelona\/wp-json\/wp\/v2\/pages\/167","targetHints":{"allow":["GET"]}}],"collection":[{"href":"https:\/\/www.haldren.com\/barcelona\/wp-json\/wp\/v2\/pages"}],"about":[{"href":"https:\/\/www.haldren.com\/barcelona\/wp-json\/wp\/v2\/types\/page"}],"author":[{"embeddable":true,"href":"https:\/\/www.haldren.com\/barcelona\/wp-json\/wp\/v2\/users\/10"}],"replies":[{"embeddable":true,"href":"https:\/\/www.haldren.com\/barcelona\/wp-json\/wp\/v2\/comments?post=167"}],"version-history":[{"count":1,"href":"https:\/\/www.haldren.com\/barcelona\/wp-json\/wp\/v2\/pages\/167\/revisions"}],"predecessor-version":[{"id":190,"href":"https:\/\/www.haldren.com\/barcelona\/wp-json\/wp\/v2\/pages\/167\/revisions\/190"}],"up":[{"embeddable":true,"href":"https:\/\/www.haldren.com\/barcelona\/wp-json\/wp\/v2\/pages\/166"}],"wp:attachment":[{"href":"https:\/\/www.haldren.com\/barcelona\/wp-json\/wp\/v2\/media?parent=167"}],"curies":[{"name":"wp","href":"https:\/\/api.w.org\/{rel}","templated":true}]}}