{"id":171,"date":"2025-09-16T09:04:28","date_gmt":"2025-09-16T09:04:28","guid":{"rendered":"https:\/\/www.haldren.com\/barcelona\/?page_id=72"},"modified":"2025-10-14T06:14:47","modified_gmt":"2025-10-14T06:14:47","slug":"cazatalentos","status":"publish","type":"page","link":"https:\/\/www.haldren.com\/barcelona\/es\/adquisicion-de-talentos\/cazatalentos\/","title":{"rendered":"Cazatalentos"},"content":{"rendered":"\n  <link rel=\"preload\" as=\"image\" href=\"https:\/\/www.haldren.com\/barcelona\/wp-content\/uploads\/sites\/33\/2025\/09\/barcelona-city-e1764150659784.webp\" fetchpriority=\"high\">\n  <style>\n    .inner-banner-section {\n      background-image: url('https:\/\/www.haldren.com\/barcelona\/wp-content\/uploads\/sites\/33\/2025\/09\/barcelona-city-e1764150659784.webp');\n      background-size: cover;\n      background-position: center;\n      background-repeat: no-repeat;\n    }\n\n    @media (max-width: 768px) {\n      .inner-banner-section {\n        background-image: url('https:\/\/www.haldren.com\/barcelona\/wp-content\/uploads\/sites\/33\/2025\/09\/barcelona-city-e1764150659784.webp');\n      }\n    }\n  <\/style>\n\n<div class=\"block-section inner-banner-section lazyload bg-sty section-gaps top-border-line\">\n  <div class=\"container-fluid\">\n    <div class=\"content-wrap\">\n      <h1 class=\"title\">\n        Servicios de b\u00fasqueda de talentos en Barcelona      <\/h1>\n      <span style=\"font-size: 18px;\">Reclutadores especializados que ayudan a las empresas de Barcelona a conseguir l\u00edderes con experiencia y visi\u00f3n de futuro<\/span>\n    <\/div>\n  <\/div>\n<\/div>\n\n\n\n\n<div class=\"wp-block-custom-div-wrapper-block col-wrapper has-sidebar\"><div class=\"content-wrapper\" style=\"background-color:#002a26\">\n<div class=\"block-section section-gaps default-content-section \" \n     style=\"--text-color: #ffffff; --bg-color: #119084;\">\n    <div class=\"container\">\n        <div class=\"default-single-content-wrap\">\n            <div class=\"content-wrap\">\n                                    <h2>Empresa l\u00edder en Headhunting en Barcelona<\/h2>\n<p>En Haldren ofrecemos servicios de headhunting en Barcelona basados en la discreci\u00f3n, la precisi\u00f3n y un estilo consultivo en el que conf\u00edan empresas de toda Espa\u00f1a. Nuestro equipo ofrece una amplia experiencia en la b\u00fasqueda de directivos, al tiempo que se adhiere a los m\u00e1s altos principios \u00e9ticos. Cada asignaci\u00f3n permanece completamente privada, gestionada a trav\u00e9s de un m\u00e9todo transparente que salvaguarda las decisiones sensibles y ayuda a construir equipos de liderazgo duraderos.<\/p>\n<p>En lugar de operar como una agencia transaccional, forjamos aut\u00e9nticas alianzas, supervisando todo el trayecto desde la definici\u00f3n del rol hasta la integraci\u00f3n del nuevo ejecutivo. Nuestras amplias redes de contactos en Barcelona, Madrid y el extranjero nos permiten identificar a los l\u00edderes cuya formaci\u00f3n, enfoque de gesti\u00f3n y perspectiva encajan con la direcci\u00f3n estrat\u00e9gica de la empresa. Lo que distingue a nuestra firma son las metodolog\u00edas fiables, el alcance global y los consultores experimentados que consiguen resultados de calidad en el din\u00e1mico mercado de Barcelona.<\/p>\n<h2>B\u00fasqueda de Directivos en Barcelona<\/h2>\n<p>Consideramos que la b\u00fasqueda de directivos es esencial para construir una organizaci\u00f3n pr\u00f3spera. A trav\u00e9s de nuestro trabajo de headhunting, conectamos a las empresas con l\u00edderes capaces de elaborar estrategias, acelerar el crecimiento y fomentar la innovaci\u00f3n. Nuestro equipo emplea pr\u00e1cticas met\u00f3dicas de reclutamiento y ofrece orientaci\u00f3n personalizada para crear un impacto que perdura mucho despu\u00e9s de que se haya completado la colocaci\u00f3n.<\/p>\n<h4>Evaluaci\u00f3n<\/h4>\n<p>Nuestro trabajo en cualquier asignaci\u00f3n comienza con un examen exhaustivo de los objetivos empresariales y las expectativas para el puesto. Desarrollamos un cuadro de mando detallado que especifica las habilidades t\u00e9cnicas necesarias, la \u00e9tica de trabajo deseada y los factores de motivaci\u00f3n clave. Este marco permite que nuestro proceso de selecci\u00f3n encuentre candidatos que se alinean con la organizaci\u00f3n a un nivel m\u00e1s profundo que su curr\u00edculum.<\/p>\n<h4>Adquisici\u00f3n de talento<\/h4>\n<p>Nuestro equipo se apoya en amplias redes que abarcan varios sectores y mercados internacionales, lo que nos permite conectar tanto con personas en b\u00fasqueda activa de empleo como con profesionales pasivos. Combinamos la tecnolog\u00eda de b\u00fasqueda m\u00e1s moderna con t\u00e9cnicas de contrataci\u00f3n consolidadas para introducir l\u00edderes dotados de la previsi\u00f3n y la experiencia necesarias para prosperar.<\/p>\n<h4>Transformaci\u00f3n organizativa<\/h4>\n<p>Contribuimos a la estabilidad duradera de una organizaci\u00f3n ofreciendo servicios como la evaluaci\u00f3n del liderazgo, la planificaci\u00f3n de la sucesi\u00f3n y el desarrollo estructural. Trabajando como asesores especializados, ayudamos a las empresas a prepararse para los retos venideros y a reforzar sus capacidades actuales.<\/p>\n<h2>Nuestro enfoque de la b\u00fasqueda de directivos<\/h2>\n<p>Seguimos un proceso met\u00f3dico, confidencial y orientado a objetivos para la b\u00fasqueda de directivos. Cada proyecto comienza con reuniones de descubrimiento en profundidad en las que aprendemos sobre la cultura de la empresa, las prioridades de las partes interesadas y los obst\u00e1culos operativos espec\u00edficos. A continuaci\u00f3n, realizamos un mapeo del mercado para localizar a los candidatos ideales, ya sea en Barcelona, en Espa\u00f1a o en el resto del mundo.<\/p>\n<p>Nuestra fase de b\u00fasqueda integra el contacto directo con el uso de plataformas digitales, c\u00edrculos profesionales y portales de empleo especializados. Esto nos lleva a una preselecci\u00f3n de personas, cada una de ellas examinada mediante entrevistas estructuradas y evaluaciones psicom\u00e9tricas. Estas herramientas nos ayudan a calibrar no solo las aptitudes t\u00e9cnicas, sino tambi\u00e9n el enfoque de liderazgo, la compatibilidad cultural y el potencial de futuro.<\/p>\n<p>Nuestro compromiso va m\u00e1s all\u00e1 de la decisi\u00f3n de contrataci\u00f3n. Tambi\u00e9n guiamos el proceso de incorporaci\u00f3n para garantizar una transici\u00f3n fluida, asegur\u00e1ndonos de que la colocaci\u00f3n beneficia tanto a la organizaci\u00f3n como al nuevo ejecutivo. A lo largo de cada misi\u00f3n, mantenemos la diversidad, la conducta \u00e9tica y la privacidad como principios fundamentales. Mientras que el reclutamiento t\u00edpico puede detenerse una vez que se ha cubierto un puesto, nosotros nos centramos en crear valor duradero encontrando l\u00edderes que puedan fortalecer una empresa durante periodos cr\u00edticos de su desarrollo.<\/p>\n<h2>Nuestra experiencia como l\u00edderes en selecci\u00f3n de ejecutivos en Barcelona<\/h2>\n<p>Nuestro equipo posee una amplia experiencia en reclutamiento ejecutivo en sectores como finanzas, ingenier\u00eda, tecnolog\u00eda y servicios profesionales. Supervisamos continuamente la evoluci\u00f3n de los m\u00e9todos de selecci\u00f3n y la din\u00e1mica del sector, lo que da a nuestros clientes la seguridad de que cada b\u00fasqueda es informada y exacta. Respondemos con rapidez a las necesidades de las empresas combinando un profundo conocimiento local de los mercados de Barcelona y Madrid con un amplio alcance internacional. Esta combinaci\u00f3n nos permite ofrecer un asesoramiento personalizado, un ciclo de contrataci\u00f3n eficiente y l\u00edderes preparados para gestionar operaciones en toda Espa\u00f1a y fuera de ella.<\/p>\n<h4>Algunas \u00e1reas en las que nos especializamos<\/h4>\n<p>Trabajamos con empresas de diversos campos, como finanzas, ingenier\u00eda, tecnolog\u00eda, derecho y servicios profesionales. Nuestros consultores se dedican a presentar ejecutivos que se alineen con los objetivos estrat\u00e9gicos e impulsen el progreso de la empresa.<\/p>\n<h4>Ejemplos de puestos para los que reclutamos<\/h4>\n<p>Concentramos nuestros esfuerzos en puestos de nivel senior y ejecutivo. Esto incluye b\u00fasquedas para directores de C-suite, gestores de cuentas clave y l\u00edderes de proyectos cr\u00edticos, con cada asignaci\u00f3n adaptada para encontrar talentos excepcionales para los roles m\u00e1s importantes de una organizaci\u00f3n.<\/p>\n<blockquote><p><strong>P\u00f3ngase en contacto con Haldren para saber c\u00f3mo nuestros consultores pueden conectar una organizaci\u00f3n con l\u00edderes que marcar\u00e1n una diferencia vital.<\/strong><\/p><\/blockquote>\n<h2>Por qu\u00e9 Haldren utiliza un enfoque personalizado para el reclutamiento<\/h2>\n<p>Nuestra experiencia confirma que el reclutamiento estandarizado rara vez produce el resultado deseado. Cada empresa se enfrenta a distintos obst\u00e1culos influidos por su liderazgo, cultura y visi\u00f3n estrat\u00e9gica. Aplicamos los conocimientos adquiridos en muchos proyectos complejos para mostrar c\u00f3mo un m\u00e9todo a medida puede descubrir candidatos que otras empresas podr\u00edan pasar por alto.<\/p>\n<p>Un proceso de contrataci\u00f3n gen\u00e9rico puede cubrir un puesto r\u00e1pidamente, pero a menudo conduce a un mal ajuste en el futuro. Mantenemos la flexibilidad en cada paso, elaborando cuadros de mando espec\u00edficos, marcos de selecci\u00f3n met\u00f3dicos y evaluaciones a medida. Esta diligencia confirma que los candidatos no s\u00f3lo est\u00e1n cualificados, sino que tambi\u00e9n est\u00e1n realmente dispuestos a ayudar a la empresa a expandirse.<\/p>\n<p>Dedicando una cuidadosa atenci\u00f3n a cada detalle, desde el descubrimiento inicial hasta la incorporaci\u00f3n final, conseguimos resultados duraderos. Las empresas con las que colaboramos en Barcelona y en toda Espa\u00f1a obtienen ventajas constantes de nuestra precisi\u00f3n, flexibilidad y dedicaci\u00f3n a la excelencia.<\/p>\n<h2>Por qu\u00e9 elegir Haldren para Headhunting<\/h2>\n<p>La elecci\u00f3n de un socio para la b\u00fasqueda de directivos es una decisi\u00f3n importante. Las empresas conf\u00edan en nosotros porque operamos con total confidencialidad, un alto grado de profesionalidad y una \u00e9tica inquebrantable. Nuestros consultores gu\u00edan a las organizaciones a trav\u00e9s del proceso con claridad, aportando perspectivas que respetan tanto los objetivos de la empresa como las aspiraciones de los candidatos.<\/p>\n<p>Los clientes aprecian nuestra reputaci\u00f3n de excelencia, nuestra capacidad para gestionar todo el compromiso de forma privada y nuestro historial de colocaci\u00f3n de ejecutivos preparados para el panorama competitivo de Barcelona. Nos centramos en construir relaciones duraderas, ayudando a las empresas con el desarrollo del liderazgo y las estrategias de sucesi\u00f3n mucho tiempo despu\u00e9s de que concluya la b\u00fasqueda.<\/p>\n<p>Nuestro alcance internacional y nuestras amplias redes nos permiten presentar sistem\u00e1ticamente a profesionales capaces de ofrecer resultados tangibles. Cada proyecto que emprendemos es un reflejo de nuestra convicci\u00f3n de que la b\u00fasqueda de directivos es esencial para el crecimiento sostenido de las empresas. Para las empresas que buscan servicios fiables de headhunting en Barcelona, conectar con nuestro equipo es el primer paso para encontrar a los candidatos ideales.<\/p>\n                            <\/div>\n        <\/div>\n    <\/div>\n<\/div>\n\n<div class=\"block-section accordion-main-section \">\n    <div class=\"container\">    \n                <div class=\"accordion-faqs\">\n            <h2 class=\"m-title\">Frequently Asked Questions (FAQs)<\/h2>\n                        <div class=\"item\">\n                <h3>\u00bfC\u00f3mo protege Haldren la confidencialidad durante un registro?<\/h3>\n                <div class=\"faq-content\"><p>Gestionamos cada misi\u00f3n con la m\u00e1xima discreci\u00f3n. Nuestro contacto con los candidatos es privado y protegemos la informaci\u00f3n confidencial de la empresa durante todo el proceso.<\/p>\n<\/div>\n            <\/div>\n                        <div class=\"item\">\n                <h3>\u00bfQu\u00e9 diferencia a su proceso de selecci\u00f3n?<\/h3>\n                <div class=\"faq-content\"><p>Nuestro proceso de selecci\u00f3n integra cuadros de mando detallados, entrevistas estructuradas y evaluaciones psicom\u00e9tricas. Este m\u00e9todo exhaustivo nos permite evaluar a los candidatos en funci\u00f3n de su enfoque del liderazgo, sus motivaciones y su compatibilidad cultural, adem\u00e1s de sus cualificaciones t\u00e9cnicas.<\/p>\n<\/div>\n            <\/div>\n                        <div class=\"item\">\n                <h3>\u00bfQu\u00e9 grado de implicaci\u00f3n tiene nuestro equipo durante el proceso de contrataci\u00f3n?<\/h3>\n                <div class=\"faq-content\"><p>Creemos en la estrecha colaboraci\u00f3n. Buscamos activamente opiniones sobre los requisitos del puesto, las listas de candidatos preseleccionados y la secuencia de las entrevistas para garantizar que la decisi\u00f3n final se ajuste perfectamente a la estrategia y la cultura de la organizaci\u00f3n.<\/p>\n<\/div>\n            <\/div>\n                        <div class=\"item\">\n                <h3>\u00bfOfrece apoyo tras la contrataci\u00f3n de un candidato?<\/h3>\n                <div class=\"faq-content\"><p>Absolutamente. Nuestra colaboraci\u00f3n va m\u00e1s all\u00e1 de la colocaci\u00f3n. Ofrecemos orientaci\u00f3n durante la fase de incorporaci\u00f3n y permanecemos disponibles para consultas mientras los nuevos l\u00edderes se aclimatan, lo que ayuda a garantizar un \u00e9xito duradero tanto para la empresa como para el ejecutivo.<\/p>\n<p>&amp;nbsp;<\/p>\n<\/div>\n            <\/div>\n                    <\/div>\n            <\/div>\n<\/div><\/div><div class=\"sidebar-wrapper\">\n<div class=\"wpcf7 no-js\" id=\"wpcf7-f50-o1\" lang=\"\" dir=\"ltr\" data-wpcf7-id=\"50\">\n<div class=\"screen-reader-response\"><p role=\"status\" aria-live=\"polite\" aria-atomic=\"true\"><\/p> <ul><\/ul><\/div>\n<form action=\"\/barcelona\/wp-json\/wp\/v2\/pages\/171#wpcf7-f50-o1\" method=\"post\" class=\"wpcf7-form init\" aria-label=\"Contact form\" enctype=\"multipart\/form-data\" novalidate=\"novalidate\" data-status=\"init\">\n<fieldset class=\"hidden-fields-container\"><input type=\"hidden\" name=\"_wpcf7\" value=\"50\" \/><input type=\"hidden\" name=\"_wpcf7_version\" value=\"6.1.5\" \/><input type=\"hidden\" name=\"_wpcf7_locale\" value=\"\" \/><input type=\"hidden\" name=\"_wpcf7_unit_tag\" value=\"wpcf7-f50-o1\" \/><input type=\"hidden\" name=\"_wpcf7_container_post\" value=\"0\" \/><input type=\"hidden\" name=\"_wpcf7_posted_data_hash\" value=\"\" \/>\n<\/fieldset>\n<input class=\"wpcf7-form-control wpcf7-hidden\" id=\"utm_source\" value=\"\" type=\"hidden\" name=\"utm_source\" \/>\n<input class=\"wpcf7-form-control wpcf7-hidden\" id=\"utm_medium\" value=\"\" type=\"hidden\" name=\"utm_medium\" \/>\n<input class=\"wpcf7-form-control wpcf7-hidden\" id=\"sideform_user_country\" value=\"\" type=\"hidden\" name=\"userCountry\" \/>\n<div class=\"form-grid-layout\">\n\t<div class=\"form-title\">\n\t\t<h2 class=\"title\">Thrive with Top Talent<br \/>\n- No Upfronts Fees\n\t\t<\/h2>\n\t\t<p>Have it easier with video interview clips and a candidate shortlist within 2-3 weeks\n\t\t<\/p>\n\t<\/div>\n\t<div class=\"input-field\">\n\t\t<p><label for=\"\">Name<\/label><br \/>\n<span class=\"wpcf7-form-control-wrap\" data-name=\"full-Name\"><input size=\"40\" maxlength=\"400\" class=\"wpcf7-form-control wpcf7-text wpcf7-validates-as-required\" aria-required=\"true\" aria-invalid=\"false\" value=\"\" type=\"text\" name=\"full-Name\" \/><\/span>\n\t\t<\/p>\n\t<\/div>\n\t<div class=\"input-field\">\n\t\t<p><label for=\"\">Email Address<\/label><br \/>\n<span class=\"wpcf7-form-control-wrap\" data-name=\"email-address\"><input size=\"40\" maxlength=\"400\" class=\"wpcf7-form-control wpcf7-email wpcf7-validates-as-required wpcf7-text wpcf7-validates-as-email\" aria-required=\"true\" aria-invalid=\"false\" value=\"\" type=\"email\" name=\"email-address\" \/><\/span>\n\t\t<\/p>\n\t<\/div>\n\t<div class=\"input-field\">\n\t\t<p><label for=\"\">Company<\/label><br \/>\n<span class=\"wpcf7-form-control-wrap\" data-name=\"company\"><input size=\"40\" maxlength=\"400\" class=\"wpcf7-form-control wpcf7-text\" aria-invalid=\"false\" value=\"\" type=\"text\" name=\"company\" \/><\/span>\n\t\t<\/p>\n\t<\/div>\n\t<div class=\"radiobox-field\">\n\t\t<p><span class=\"wpcf7-form-control-wrap\" data-name=\"radio-721company-status\"><span class=\"wpcf7-form-control wpcf7-radio\"><span class=\"wpcf7-list-item first\"><label><input type=\"radio\" name=\"radio-721company-status\" value=\"{Employer}\" \/><span class=\"wpcf7-list-item-label\">Employer<\/span><\/label><\/span><span class=\"wpcf7-list-item last\"><label><input type=\"radio\" name=\"radio-721company-status\" value=\"{Candidate}\" \/><span class=\"wpcf7-list-item-label\">Candidate<\/span><\/label><\/span><\/span><\/span>\n\t\t<\/p>\n\t<\/div>\n\t<div class=\"input-field\">\n\t\t<p><span class=\"wpcf7-form-control-wrap\" data-name=\"file-upload\"><input size=\"40\" class=\"wpcf7-form-control wpcf7-file\" accept=\".pdf\" aria-invalid=\"false\" type=\"file\" name=\"file-upload\" \/><\/span>\n\t\t<\/p>\n\t<\/div>\n\t<div class=\"textarea-field\">\n\t\t<p><label for=\"\">How can we help you?<\/label><br \/>\n<span class=\"wpcf7-form-control-wrap\" data-name=\"message\"><textarea cols=\"40\" rows=\"10\" maxlength=\"2000\" class=\"wpcf7-form-control wpcf7-textarea\" aria-invalid=\"false\" name=\"message\"><\/textarea><\/span>\n\t\t<\/p>\n\t<\/div>\n\t<p><span id=\"wpcf7-69f5faadaa5a0-wrapper\" class=\"wpcf7-form-control-wrap nickname-wrap\" ><input id=\"wpcf7-69f5faadaa5a0-field\"  class=\"wpcf7-form-control wpcf7-text\" type=\"text\" name=\"nickname\" value=\"\" size=\"40\" tabindex=\"-1\" autocomplete=\"off\" \/><\/span>\n\t<\/p>\n\t<div class=\"form-term\">\n\t\t<p>Submission of this form means you have agreed to our <a href=\"\/privacy-policy\/\" title=\"\">Privacy Policy<\/a> and <a href=\"\/terms-of-service\/\" title=\"\">Terms Conditions<\/a>\n\t\t<\/p>\n\t<\/div>\n\t<div class=\"submit-btn\">\n\t\t<p><input class=\"wpcf7-form-control wpcf7-submit has-spinner btn-box\" type=\"submit\" value=\"Get in Touch\" \/>\n\t\t<\/p>\n\t<\/div>\n<\/div><div class=\"wpcf7-response-output\" aria-hidden=\"true\"><\/div>\n<\/form>\n<\/div>\n<\/div><\/div>\n\n\n<div class=\"block-section client-reviews-slider \" style=\"background-color: #119084\">  \n    <div class=\"container\">\n                <div class=\"splide client-slider\">\n            <div class=\"splide__track\">\n                <div class=\"splide__list\">\n                                        <div class=\"splide__slide\">\n                        <div class=\"content-box\">\n                            <div class=\"content\">\n                                <p>&#8220;Trabajar con Haldren nos dio confianza en todo momento. Su enfoque estructurado y su discreci\u00f3n nos ayudaron a conseguir el director adecuado para un papel fundamental.&#8221;<\/p>\n                            <\/div>\n                                                        <div class=\"name\">\n                                <strong>Marta S.<\/strong>, \n                                Director de RRHH                            <\/div>\n                                                    <\/div>\n                    <\/div>\n                                        <div class=\"splide__slide\">\n                        <div class=\"content-box\">\n                            <div class=\"content\">\n                                <p>&#8220;Los consultores de Haldren presentaron candidatos sobresalientes con conocimientos t\u00e9cnicos y estilo de liderazgo adecuados para nuestra empresa. Su orientaci\u00f3n fue clara, pr\u00e1ctica y profesional&#8221;.<\/p>\n                            <\/div>\n                                                        <div class=\"name\">\n                                <strong>Javier R., <\/strong>, \n                                Gestor de cuentas                            <\/div>\n                                                    <\/div>\n                    <\/div>\n                                        <div class=\"splide__slide\">\n                        <div class=\"content-box\">\n                            <div class=\"content\">\n                                <p>&#8220;Los headhunters de Haldren son profesionales comprometidos que nos ayudaron a superar retos en un mercado ferozmente competitivo. Su perspicacia y apoyo hicieron que nuestro proyecto de contrataci\u00f3n fuera todo un \u00e9xito.&#8221;<\/p>\n                            <\/div>\n                                                        <div class=\"name\">\n                                <strong>Clara L.<\/strong>, \n                                Director Financiero                            <\/div>\n                                                    <\/div>\n                    <\/div>\n                                    <\/div>\n            <\/div>\n        <\/div>\n            <\/div>\n<\/div>","protected":false},"excerpt":{"rendered":"","protected":false},"author":10,"featured_media":0,"parent":166,"menu_order":0,"comment_status":"closed","ping_status":"closed","template":"","meta":{"_acf_changed":false,"footnotes":""},"class_list":["post-171","page","type-page","status-publish","hentry"],"acf":[],"lang":"es","translations":{"es":171},"jetpack_sharing_enabled":true,"pll_sync_post":[],"_links":{"self":[{"href":"https:\/\/www.haldren.com\/barcelona\/wp-json\/wp\/v2\/pages\/171","targetHints":{"allow":["GET"]}}],"collection":[{"href":"https:\/\/www.haldren.com\/barcelona\/wp-json\/wp\/v2\/pages"}],"about":[{"href":"https:\/\/www.haldren.com\/barcelona\/wp-json\/wp\/v2\/types\/page"}],"author":[{"embeddable":true,"href":"https:\/\/www.haldren.com\/barcelona\/wp-json\/wp\/v2\/users\/10"}],"replies":[{"embeddable":true,"href":"https:\/\/www.haldren.com\/barcelona\/wp-json\/wp\/v2\/comments?post=171"}],"version-history":[{"count":1,"href":"https:\/\/www.haldren.com\/barcelona\/wp-json\/wp\/v2\/pages\/171\/revisions"}],"predecessor-version":[{"id":187,"href":"https:\/\/www.haldren.com\/barcelona\/wp-json\/wp\/v2\/pages\/171\/revisions\/187"}],"up":[{"embeddable":true,"href":"https:\/\/www.haldren.com\/barcelona\/wp-json\/wp\/v2\/pages\/166"}],"wp:attachment":[{"href":"https:\/\/www.haldren.com\/barcelona\/wp-json\/wp\/v2\/media?parent=171"}],"curies":[{"name":"wp","href":"https:\/\/api.w.org\/{rel}","templated":true}]}}