{"id":184,"date":"2025-11-10T09:24:07","date_gmt":"2025-11-10T09:24:07","guid":{"rendered":"https:\/\/www.haldren.com\/cologne\/?page_id=184"},"modified":"2026-01-07T04:01:20","modified_gmt":"2026-01-07T04:01:20","slug":"interim-management","status":"publish","type":"page","link":"https:\/\/www.haldren.com\/cologne\/de\/talentwerving\/interim-management\/","title":{"rendered":"Interim Management"},"content":{"rendered":"\n  <link rel=\"preload\" as=\"image\" href=\"https:\/\/www.haldren.com\/cologne\/wp-content\/uploads\/sites\/45\/2025\/10\/cologne-city-e1764148080933.webp\" fetchpriority=\"high\">\n  <style>\n    .inner-banner-section {\n      background-image: url('https:\/\/www.haldren.com\/cologne\/wp-content\/uploads\/sites\/45\/2025\/10\/cologne-city-e1764148080933.webp');\n      background-size: cover;\n      background-position: center;\n      background-repeat: no-repeat;\n    }\n\n    @media (max-width: 768px) {\n      .inner-banner-section {\n        background-image: url('https:\/\/www.haldren.com\/cologne\/wp-content\/uploads\/sites\/45\/2025\/10\/cologne-city-e1764148080933.webp');\n      }\n    }\n  <\/style>\n\n<div class=\"block-section inner-banner-section lazyload bg-sty section-gaps top-border-line\">\n  <div class=\"container-fluid\">\n    <div class=\"content-wrap\">\n      <h1 class=\"title\">\n        Interim Management Dienstleistungen in K\u00f6ln      <\/h1>\n      <span style=\"font-size: 18px;\">Unterst\u00fctzung von Organisationen in ganz K\u00f6ln durch erfahrene Interim Leaders<\/span>\n    <\/div>\n  <\/div>\n<\/div>\n\n\n\n\n<div class=\"wp-block-custom-div-wrapper-block col-wrapper has-sidebar\"><div class=\"content-wrapper\" style=\"background-color:#002a26\">\n<div class=\"block-section section-gaps default-content-section \" \n     style=\"--text-color: #ffffff; --bg-color: #119084;\">\n    <div class=\"container\">\n        <div class=\"default-single-content-wrap\">\n            <div class=\"content-wrap\">\n                                    <h2>F\u00fchrende Headhunting-Firma in K\u00f6ln<\/h2>\n<p>Wir bieten Interim-Management-Dienstleistungen in K\u00f6ln f\u00fcr Unternehmen an, die erfahrene F\u00fchrungskr\u00e4fte ben\u00f6tigen, die in Zeiten des \u00dcbergangs oder des Wachstums schnell einspringen und f\u00fcr Kontinuit\u00e4t sorgen. Unsere Berater vereinen fundierte Erfahrung im Executive Search mit branchen\u00fcbergreifendem Fachwissen und stellen sicher, dass jeder Auftrag mit Pr\u00e4zision, Diskretion und Sorgfalt ausgef\u00fchrt wird. Wir konzentrieren uns darauf, Kunden mit Interim-Managern zusammenzubringen, die vom ersten Tag an Klarheit, Struktur und messbare Ergebnisse liefern.<\/p>\n<p>Jedes Engagement bietet gezielte Unterst\u00fctzung und sichert gleichzeitig den langfristigen Wert. Wir verstehen die Herausforderungen, mit denen Unternehmen w\u00e4hrend F\u00fchrungsl\u00fccken oder Projektverschiebungen konfrontiert sind, und arbeiten daran, Stabilit\u00e4t zu gew\u00e4hrleisten, ohne die Leistung zu beeintr\u00e4chtigen. Unser Ansatz ist beratend, transparent und basiert auf Integrit\u00e4t.<\/p>\n<blockquote><p><strong>Wir liefern Interim-Management-L\u00f6sungen, die Unternehmen in K\u00f6ln helfen, mit Vertrauen, Stabilit\u00e4t und Weitsicht zu arbeiten.<\/strong><\/p><\/blockquote>\n<h2>Top-Tier Executive Search Firma in K\u00f6ln<\/h2>\n<p>Unsere Arbeit im Interim Management konzentriert sich darauf, Unternehmen durch kompetente, ergebnisorientierte F\u00fchrung zu helfen, den Fortschritt zu erhalten. Wir arbeiten mit Unternehmen in K\u00f6ln und ganz Deutschland zusammen, um Interim-Manager zu finden, die in der Lage sind, Komplexit\u00e4t zu managen, Strategien voranzutreiben und den Gesch\u00e4ftsbetrieb w\u00e4hrend \u00dcberg\u00e4ngen aufrechtzuerhalten.<\/p>\n<p>Unsere Berater kombinieren strukturierte Rekrutierungsmethoden mit praktischer Erfahrung aus jahrelanger Personalberatung und Executive Search. Bei jeder Zusammenarbeit legen wir Wert auf Schnelligkeit, Pr\u00e4zision und die Ausrichtung an den Unternehmenszielen.<\/p>\n<h4>Bewertung<\/h4>\n<p>Jeder Auftrag beginnt mit einer gr\u00fcndlichen Bewertung der Struktur, der Ziele und der aktuellen Priorit\u00e4ten des Unternehmens. Gemeinsam legen wir das richtige Profil fest, indem wir die technische Kompetenz, die F\u00fchrungsqualit\u00e4ten und die kulturelle Kompatibilit\u00e4t bewerten, um sicherzustellen, dass jeder Interim Manager einen bedeutenden Beitrag leistet.<\/p>\n<h4>Talentakquise<\/h4>\n<p>Dank unserer umfangreichen Netzwerke und Branchenbeziehungen k\u00f6nnen wir sowohl aktive als auch passive Kandidaten erreichen. Mit einer Mischung aus traditionellen und digitalen Rekrutierungsmethoden identifizieren wir F\u00fchrungskr\u00e4fte mit den F\u00e4higkeiten, der Erfahrung und der Anpassungsf\u00e4higkeit, die f\u00fcr eine erfolgreiche Interim-Management-Position in den Bereichen Finanzen, Logistik und anderen Sektoren erforderlich sind.<\/p>\n<h4>Organisatorische Umwandlung<\/h4>\n<p>\u00dcber die Vermittlung hinaus unterst\u00fctzen wir unsere Kunden bei der Bewertung von F\u00fchrungskr\u00e4ften, der Nachfolgeplanung und bei Initiativen zum Ver\u00e4nderungsmanagement. Unsere Berater helfen Unternehmen bei der Stabilisierung des Betriebs und der Vorbereitung auf einen nachhaltigen Erfolg.<\/p>\n<h2>Unser Ansatz f\u00fcr Interim-Management-Dienstleistungen<\/h2>\n<p>Unser Prozess beginnt damit, die Situation des Kunden in allen Einzelheiten zu verstehen. Wir bewerten die Dringlichkeit, den Umfang und die Anforderungen an die F\u00fchrung, bevor wir einen zielgerichteten Plan entwerfen. Unsere Berater kombinieren analytisches Denken mit menschlichem Einf\u00fchlungsverm\u00f6gen, um flexible, ergebnisorientierte L\u00f6sungen zu bieten.<\/p>\n<p>Wir folgen einer klaren Struktur: Erkundungsgespr\u00e4che zur Kl\u00e4rung der Ziele, Marktanalyse zur Ermittlung des verf\u00fcgbaren Fachwissens und gezieltes Sourcing, unterst\u00fctzt durch digitale Plattformen und professionelle Netzwerke. Sobald potenzielle Kandidaten identifiziert sind, f\u00fchren wir strukturierte Interviews, psychometrische Beurteilungen und Referenzpr\u00fcfungen durch, um F\u00e4higkeiten, Integrit\u00e4t und Eignung sicherzustellen.<\/p>\n<p>Jeder Interim Manager wird nicht nur aufgrund seiner Erfahrung, sondern auch aufgrund seiner Anpassungsf\u00e4higkeit und Kommunikationsf\u00e4higkeit ausgew\u00e4hlt. Wir stellen sicher, dass sie sich nahtlos in bestehende Teams und die Unternehmenskultur integrieren. Dieser strukturierte und dennoch einf\u00fchlsame Ansatz erm\u00f6glicht es uns, bei jedem Auftrag sowohl Qualit\u00e4t als auch Tempo zu wahren.<\/p>\n<p>Im Gegensatz zu allgemeinen Rekrutierungsmodellen werden unsere Interim-Management-Dienstleistungen von einem kooperativen Prozess geleitet, der auf Partnerschaft und Verantwortlichkeit beruht. Wir bleiben w\u00e4hrend der gesamten Dauer eines Auftrags involviert und bieten kontinuierliche Unterst\u00fctzung, um sicherzustellen, dass die Ziele erreicht werden und die \u00dcberg\u00e4nge reibungslos verlaufen. Dieser disziplinierte Ansatz liefert messbare, dauerhafte Ergebnisse.<\/p>\n<h2>Unsere Expertise als f\u00fchrende K\u00f6lner Executive Recruiter<\/h2>\n<p>Unsere Berater verf\u00fcgen \u00fcber umfangreiche Erfahrungen in der Personalberatung und im Executive Search in verschiedenen Branchen. Sie kombinieren Branchenkenntnisse in den Bereichen Finanzen, Logistik und Operations mit einem praktischen Verst\u00e4ndnis f\u00fcr die Herausforderungen wachsender Unternehmen in K\u00f6ln.<\/p>\n<p>Jedes Projekt profitiert von den Erkenntnissen aus fr\u00fcheren Auftr\u00e4gen. Wir bieten unseren Kunden Zugang zu ausgewiesenen Spezialisten, die kurzfristig einspringen und schnell Ergebnisse liefern k\u00f6nnen. Die st\u00e4ndige Weiterbildung und Anpassungsf\u00e4higkeit unseres Teams gew\u00e4hrleisten, dass unsere Arbeit stets an den Marktgegebenheiten und den sich entwickelnden Gesch\u00e4ftsanforderungen ausgerichtet ist.<\/p>\n<h4>Einige Bereiche, auf die wir uns spezialisiert haben<\/h4>\n<p>Wir unterst\u00fctzen Unternehmen in einer Vielzahl von Branchen, darunter Fertigung, Finanzen, Logistik, Gesundheitswesen und Technologie. Unsere Berater kennen die Anforderungen jedes Sektors und stellen Interim-Manager zur Verf\u00fcgung, die in der Lage sind, operative, finanzielle und strategische Ziele zu erreichen.<\/p>\n<h4>Beispiele f\u00fcr Rollen, f\u00fcr die wir rekrutieren<\/h4>\n<p>Wir rekrutieren regelm\u00e4\u00dfig f\u00fcr Positionen wie Interim-CFO, Interim-COO, Projektleiter, Personalleiter, Betriebsleiter und Finanzcontroller. Ziel jeder Suche ist es, erfahrene F\u00fchrungskr\u00e4fte zu finden, die in der Lage sind, komplexe Herausforderungen zu bew\u00e4ltigen und effizient Ergebnisse zu erzielen.<\/p>\n<blockquote><p><strong>Kontaktieren Sie Haldren, um mehr dar\u00fcber zu erfahren, wie wir Ihnen helfen k\u00f6nnen, den richtigen Interim Manager f\u00fcr Ihr Unternehmen in K\u00f6ln zu finden.<\/strong><\/p><\/blockquote>\n<h2>Warum Haldren bei der Rekrutierung einen ma\u00dfgeschneiderten Ansatz verfolgt<\/h2>\n<p>Keine zwei Interim-Auftr\u00e4ge sind gleich. Ein einziger Ansatz kann nicht den spezifischen Bed\u00fcrfnissen jeder Organisation gerecht werden. Deshalb nehmen wir uns die Zeit, die Kultur, die Herausforderungen und die gesch\u00e4ftlichen Priorit\u00e4ten jedes Kunden zu verstehen, bevor wir L\u00f6sungen f\u00fcr das Interim Management empfehlen.<\/p>\n<p>Unsere Berater k\u00f6nnen auf Erfahrungen aus erster Hand zur\u00fcckgreifen, die sie in der Zusammenarbeit mit Unternehmen in ganz Deutschland gesammelt haben. Wir haben gesehen, wie durchdachte Vorbereitung und transparente Kommunikation Vertrauen auf beiden Seiten schaffen. Dieses Verst\u00e4ndnis erm\u00f6glicht es uns, mehr als nur kurzfristige Unterst\u00fctzung zu bieten &#8211; es stellt sicher, dass jeder Interim Manager zu einer dauerhaften Leistungsverbesserung beitr\u00e4gt.<\/p>\n<p>Unsere Erfahrung hat uns gelehrt, dass der wahre Wert in Pr\u00e4zision, Anpassungsf\u00e4higkeit und Vertrauen liegt. Jedes Projekt spiegelt dieses Prinzip wider und gew\u00e4hrleistet, dass jedes Ergebnis sowohl den Fortschritt des Unternehmens als auch die Menschen, die es vorantreiben, unterst\u00fctzt.<\/p>\n<h2>Warum Haldren f\u00fcr Interim Management Dienstleistungen w\u00e4hlen?<\/h2>\n<p>Unternehmen in ganz K\u00f6ln vertrauen auf Haldren f\u00fcr Interim Management, weil wir uns zu Vertrauen, Vertraulichkeit und konsistenten Ergebnissen verpflichtet haben. Jeder Auftrag spiegelt unsere Werte der Professionalit\u00e4t, Transparenz und des Respekts f\u00fcr alle Beteiligten wider.<\/p>\n<p>Wir sind f\u00fcr unsere Zuverl\u00e4ssigkeit bei der Suche nach F\u00fchrungskr\u00e4ften und der Personalberatung bekannt. Unsere Berater nehmen sich Zeit, um die Ziele jedes Kunden zu verstehen, bevor sie L\u00f6sungen pr\u00e4sentieren, die sowohl den unmittelbaren als auch den zuk\u00fcnftigen Bed\u00fcrfnissen entsprechen. Diese sorgf\u00e4ltige Herangehensweise hat uns das Vertrauen von Unternehmen eingebracht, die Wert auf Substanz und Klarheit legen.<\/p>\n<p>Haldren verbindet internationale Reichweite mit lokalem Verst\u00e4ndnis und bietet Unterst\u00fctzung f\u00fcr F\u00fchrungskr\u00e4fte, die die Entscheidungsfindung und Kontinuit\u00e4t st\u00e4rken. Unsere Kunden sch\u00e4tzen unseren strukturierten Prozess, die offene Kommunikation und die Verantwortlichkeit, die wir in jeden Auftrag einbringen.<\/p>\n<blockquote><p><strong>Nehmen Sie noch heute Kontakt mit Haldren auf, um Ihren Bedarf an Interim Management in K\u00f6ln zu besprechen und zu erfahren, wie unsere Berater die F\u00fchrungsunterst\u00fctzung bieten k\u00f6nnen, die Ihr Unternehmen ben\u00f6tigt.<\/strong><\/p><\/blockquote>\n                            <\/div>\n        <\/div>\n    <\/div>\n<\/div>\n\n<div class=\"block-section accordion-main-section \">\n    <div class=\"container\">    \n                <div class=\"accordion-faqs\">\n            <h2 class=\"m-title\">Frequently Asked Questions (FAQs)<\/h2>\n                        <div class=\"item\">\n                <h3>Wie schnell kann ein Interim Manager eingesetzt werden?<\/h3>\n                <div class=\"faq-content\"><p>In der Regel stellen wir geeignete Interim-Manager innerhalb von wenigen Tagen bis zu zwei Wochen vor, je nach Komplexit\u00e4t der Aufgabe und dem erforderlichen Fachwissen.<\/p>\n<\/div>\n            <\/div>\n                        <div class=\"item\">\n                <h3>Welche Arten von Unternehmen nutzen Interim Management Dienstleistungen?<\/h3>\n                <div class=\"faq-content\"><p>Unternehmen in ganz K\u00f6ln und Deutschland &#8211; von der Finanz- und Logistikbranche bis hin zum verarbeitenden Gewerbe und dem Gesundheitswesen &#8211; wenden sich bei F\u00fchrungswechseln, strategischen Projekten oder in Zeiten schnellen Wandels an Interim Management.<\/p>\n<\/div>\n            <\/div>\n                        <div class=\"item\">\n                <h3>Wie stellt Haldren die Qualit\u00e4t von Interim Managern sicher?<\/h3>\n                <div class=\"faq-content\"><p>Jeder Interim Manager durchl\u00e4uft strukturierte Interviews, Referenzpr\u00fcfungen und detaillierte Bewertungen. Wir bewerten sowohl die fachlichen F\u00e4higkeiten als auch die kulturelle Eignung, um erfolgreiche Ergebnisse zu gew\u00e4hrleisten.<\/p>\n<\/div>\n            <\/div>\n                        <div class=\"item\">\n                <h3>Bieten Interim Manager einen dauerhaften Wert \u00fcber ihren Einsatz hinaus?<\/h3>\n                <div class=\"faq-content\"><p>Ja. Viele Interimsprofis st\u00e4rken interne Systeme, coachen Teams und f\u00fchren effiziente Praktiken ein, die noch lange nach dem Ende ihres Engagements einen Mehrwert bieten.<\/p>\n<\/div>\n            <\/div>\n                    <\/div>\n            <\/div>\n<\/div><\/div><div class=\"sidebar-wrapper\">\n<div class=\"wpcf7 no-js\" id=\"wpcf7-f50-o1\" lang=\"\" dir=\"ltr\" data-wpcf7-id=\"50\">\n<div class=\"screen-reader-response\"><p role=\"status\" aria-live=\"polite\" aria-atomic=\"true\"><\/p> <ul><\/ul><\/div>\n<form action=\"\/cologne\/wp-json\/wp\/v2\/pages\/184#wpcf7-f50-o1\" method=\"post\" class=\"wpcf7-form init\" aria-label=\"Contact form\" enctype=\"multipart\/form-data\" novalidate=\"novalidate\" data-status=\"init\">\n<fieldset class=\"hidden-fields-container\"><input type=\"hidden\" name=\"_wpcf7\" value=\"50\" \/><input type=\"hidden\" name=\"_wpcf7_version\" value=\"6.1.5\" \/><input type=\"hidden\" name=\"_wpcf7_locale\" value=\"\" \/><input type=\"hidden\" name=\"_wpcf7_unit_tag\" value=\"wpcf7-f50-o1\" \/><input type=\"hidden\" name=\"_wpcf7_container_post\" value=\"0\" \/><input type=\"hidden\" name=\"_wpcf7_posted_data_hash\" value=\"\" \/>\n<\/fieldset>\n<input class=\"wpcf7-form-control wpcf7-hidden\" id=\"utm_source\" value=\"\" type=\"hidden\" name=\"utm_source\" \/>\n<input class=\"wpcf7-form-control wpcf7-hidden\" id=\"utm_medium\" value=\"\" type=\"hidden\" name=\"utm_medium\" \/>\n<input class=\"wpcf7-form-control wpcf7-hidden\" id=\"sideform_user_country\" value=\"\" type=\"hidden\" name=\"userCountry\" \/>\n<div class=\"form-grid-layout\">\n\t<div class=\"form-title\">\n\t\t<h2 class=\"title\">Thrive with Top Talent<br \/>\n- No Upfronts Fees\n\t\t<\/h2>\n\t\t<p>Have it easier with video interview clips and a candidate shortlist within 2-3 weeks\n\t\t<\/p>\n\t<\/div>\n\t<div class=\"input-field\">\n\t\t<p><label for=\"\">Name<\/label><br \/>\n<span class=\"wpcf7-form-control-wrap\" data-name=\"full-Name\"><input size=\"40\" maxlength=\"400\" class=\"wpcf7-form-control wpcf7-text wpcf7-validates-as-required\" aria-required=\"true\" aria-invalid=\"false\" value=\"\" type=\"text\" name=\"full-Name\" \/><\/span>\n\t\t<\/p>\n\t<\/div>\n\t<div class=\"input-field\">\n\t\t<p><label for=\"\">Email Address<\/label><br \/>\n<span class=\"wpcf7-form-control-wrap\" data-name=\"email-address\"><input size=\"40\" maxlength=\"400\" class=\"wpcf7-form-control wpcf7-email wpcf7-validates-as-required wpcf7-text wpcf7-validates-as-email\" aria-required=\"true\" aria-invalid=\"false\" value=\"\" type=\"email\" name=\"email-address\" \/><\/span>\n\t\t<\/p>\n\t<\/div>\n\t<div class=\"input-field\">\n\t\t<p><label for=\"\">Company<\/label><br \/>\n<span class=\"wpcf7-form-control-wrap\" data-name=\"company\"><input size=\"40\" maxlength=\"400\" class=\"wpcf7-form-control wpcf7-text\" aria-invalid=\"false\" value=\"\" type=\"text\" name=\"company\" \/><\/span>\n\t\t<\/p>\n\t<\/div>\n\t<div class=\"radiobox-field\">\n\t\t<p><span class=\"wpcf7-form-control-wrap\" data-name=\"radio-721company-status\"><span class=\"wpcf7-form-control wpcf7-radio\"><span class=\"wpcf7-list-item first\"><label><input type=\"radio\" name=\"radio-721company-status\" value=\"{Employer}\" \/><span class=\"wpcf7-list-item-label\">Employer<\/span><\/label><\/span><span class=\"wpcf7-list-item last\"><label><input type=\"radio\" name=\"radio-721company-status\" value=\"{Candidate}\" \/><span class=\"wpcf7-list-item-label\">Candidate<\/span><\/label><\/span><\/span><\/span>\n\t\t<\/p>\n\t<\/div>\n\t<div class=\"input-field\">\n\t\t<p><span class=\"wpcf7-form-control-wrap\" data-name=\"file-upload\"><input size=\"40\" class=\"wpcf7-form-control wpcf7-file\" accept=\".pdf\" aria-invalid=\"false\" type=\"file\" name=\"file-upload\" \/><\/span>\n\t\t<\/p>\n\t<\/div>\n\t<div class=\"textarea-field\">\n\t\t<p><label for=\"\">How can we help you?<\/label><br \/>\n<span class=\"wpcf7-form-control-wrap\" data-name=\"message\"><textarea cols=\"40\" rows=\"10\" maxlength=\"2000\" class=\"wpcf7-form-control wpcf7-textarea\" aria-invalid=\"false\" name=\"message\"><\/textarea><\/span>\n\t\t<\/p>\n\t<\/div>\n\t<p><span id=\"wpcf7-6a01ca9c1ffd7-wrapper\" class=\"wpcf7-form-control-wrap nickname-wrap\" ><input id=\"wpcf7-6a01ca9c1ffd7-field\"  class=\"wpcf7-form-control wpcf7-text\" type=\"text\" name=\"nickname\" value=\"\" size=\"40\" tabindex=\"-1\" autocomplete=\"off\" \/><\/span>\n\t<\/p>\n\t<div class=\"form-term\">\n\t\t<p>Submission of this form means you have agreed to our <a href=\"\/privacy-policy\/\" title=\"\">Privacy Policy<\/a> and <a href=\"\/terms-of-service\/\" title=\"\">Terms Conditions<\/a>\n\t\t<\/p>\n\t<\/div>\n\t<div class=\"submit-btn\">\n\t\t<p><input class=\"wpcf7-form-control wpcf7-submit has-spinner btn-box\" type=\"submit\" value=\"Get in Touch\" \/>\n\t\t<\/p>\n\t<\/div>\n<\/div><div class=\"wpcf7-response-output\" aria-hidden=\"true\"><\/div>\n<\/form>\n<\/div>\n<\/div><\/div>\n\n\n<div class=\"block-section client-reviews-slider \" style=\"background-color: #119084\">  \n    <div class=\"container\">\n                <div class=\"splide client-slider\">\n            <div class=\"splide__track\">\n                <div class=\"splide__list\">\n                                        <div class=\"splide__slide\">\n                        <div class=\"content-box\">\n                            <div class=\"content\">\n                                <p>&#8220;Haldren hat die Bed\u00fcrfnisse unseres Unternehmens auf Anhieb verstanden. Der von ihnen eingesetzte Interimsmanager brachte Stabilit\u00e4t und Vertrauen in einer kritischen \u00dcbergangsphase. Die Berater blieben in engem Kontakt und stellten sicher, dass jedes Ziel rechtzeitig erreicht wurde.&#8221;<\/p>\n                            <\/div>\n                                                        <div class=\"name\">\n                                <strong>Martin K.<\/strong>, \n                                Direktor Finanzen                            <\/div>\n                                                    <\/div>\n                    <\/div>\n                                        <div class=\"splide__slide\">\n                        <div class=\"content-box\">\n                            <div class=\"content\">\n                                <p>&#8220;Der Prozess war von Anfang bis Ende klar und kooperativ. Die Berater von Haldren waren professionell, reaktionsschnell und respektvoll. Wir sch\u00e4tzten ihre F\u00e4higkeit, einen Kandidaten zu finden, der sowohl \u00fcber technische F\u00e4higkeiten als auch \u00fcber die richtige Einstellung f\u00fcr unser Team verf\u00fcgt.<\/p>\n                            <\/div>\n                                                        <div class=\"name\">\n                                <strong>Sabine L.<\/strong>, \n                                Betriebsleiter                            <\/div>\n                                                    <\/div>\n                    <\/div>\n                                        <div class=\"splide__slide\">\n                        <div class=\"content-box\">\n                            <div class=\"content\">\n                                <p>&#8220;Unsere Erfahrung mit Haldren hat uns gezeigt, wie wertvoll fachkundiges Interim Management sein kann. Der von ihnen empfohlene Interim-Manager erzielte beeindruckende Ergebnisse, und der gesamte Prozess wurde mit Sorgfalt und Diskretion abgewickelt.&#8221;<\/p>\n                            <\/div>\n                                                        <div class=\"name\">\n                                <strong>Thomas R.<\/strong>, \n                                Gesch\u00e4ftsf\u00fchrender Direktor                            <\/div>\n                                                    <\/div>\n                    <\/div>\n                                    <\/div>\n            <\/div>\n        <\/div>\n            <\/div>\n<\/div>","protected":false},"excerpt":{"rendered":"","protected":false},"author":10,"featured_media":0,"parent":169,"menu_order":0,"comment_status":"closed","ping_status":"closed","template":"","meta":{"_acf_changed":false,"footnotes":""},"class_list":["post-184","page","type-page","status-publish","hentry"],"acf":[],"lang":"de","translations":{"de":184,"en":72},"jetpack_sharing_enabled":true,"pll_sync_post":[],"_links":{"self":[{"href":"https:\/\/www.haldren.com\/cologne\/wp-json\/wp\/v2\/pages\/184","targetHints":{"allow":["GET"]}}],"collection":[{"href":"https:\/\/www.haldren.com\/cologne\/wp-json\/wp\/v2\/pages"}],"about":[{"href":"https:\/\/www.haldren.com\/cologne\/wp-json\/wp\/v2\/types\/page"}],"author":[{"embeddable":true,"href":"https:\/\/www.haldren.com\/cologne\/wp-json\/wp\/v2\/users\/10"}],"replies":[{"embeddable":true,"href":"https:\/\/www.haldren.com\/cologne\/wp-json\/wp\/v2\/comments?post=184"}],"version-history":[{"count":1,"href":"https:\/\/www.haldren.com\/cologne\/wp-json\/wp\/v2\/pages\/184\/revisions"}],"predecessor-version":[{"id":189,"href":"https:\/\/www.haldren.com\/cologne\/wp-json\/wp\/v2\/pages\/184\/revisions\/189"}],"up":[{"embeddable":true,"href":"https:\/\/www.haldren.com\/cologne\/wp-json\/wp\/v2\/pages\/169"}],"wp:attachment":[{"href":"https:\/\/www.haldren.com\/cologne\/wp-json\/wp\/v2\/media?parent=184"}],"curies":[{"name":"wp","href":"https:\/\/api.w.org\/{rel}","templated":true}]}}