{"id":188,"date":"2025-11-10T09:27:17","date_gmt":"2025-11-10T09:27:17","guid":{"rendered":"https:\/\/www.haldren.com\/cologne\/?page_id=188"},"modified":"2026-01-07T03:59:42","modified_gmt":"2026-01-07T03:59:42","slug":"dienstleistungen-zur-talentakquise","status":"publish","type":"page","link":"https:\/\/www.haldren.com\/cologne\/de\/talentwerving\/dienstleistungen-zur-talentakquise\/","title":{"rendered":"Dienstleistungen zur Talentakquise"},"content":{"rendered":"\n  <link rel=\"preload\" as=\"image\" href=\"https:\/\/www.haldren.com\/cologne\/wp-content\/uploads\/sites\/45\/2025\/10\/cologne-city-e1764148080933.webp\" fetchpriority=\"high\">\n  <style>\n    .inner-banner-section {\n      background-image: url('https:\/\/www.haldren.com\/cologne\/wp-content\/uploads\/sites\/45\/2025\/10\/cologne-city-e1764148080933.webp');\n      background-size: cover;\n      background-position: center;\n      background-repeat: no-repeat;\n    }\n\n    @media (max-width: 768px) {\n      .inner-banner-section {\n        background-image: url('https:\/\/www.haldren.com\/cologne\/wp-content\/uploads\/sites\/45\/2025\/10\/cologne-city-e1764148080933.webp');\n      }\n    }\n  <\/style>\n\n<div class=\"block-section inner-banner-section lazyload bg-sty section-gaps top-border-line\">\n  <div class=\"container-fluid\">\n    <div class=\"content-wrap\">\n      <h1 class=\"title\">\n        Talent Acquisition Dienstleistungen in K\u00f6ln      <\/h1>\n      <span style=\"font-size: 18px;\">Wir helfen K\u00f6lner Unternehmen, qualifizierte Fachkr\u00e4fte zu finden, die ihre Teams st\u00e4rken und nachhaltiges Wachstum f\u00f6rdern<\/span>\n    <\/div>\n  <\/div>\n<\/div>\n\n\n\n\n<div class=\"wp-block-custom-div-wrapper-block col-wrapper has-sidebar\"><div class=\"content-wrapper\" style=\"background-color:#002a26\">\n<div class=\"block-section section-gaps default-content-section \" \n     style=\"--text-color: #ffffff; --bg-color: #119084;\">\n    <div class=\"container\">\n        <div class=\"default-single-content-wrap\">\n            <div class=\"content-wrap\">\n                                    <h2>F\u00fchrende Firma f\u00fcr Talentakquise in K\u00f6ln<\/h2>\n<p>Wir bieten Talent Acquisition Services in K\u00f6ln durch Professionalit\u00e4t, Diskretion und quantifizierbare Ergebnisse. Unsere Personalberater verbinden fundierte Branchenkenntnisse mit einem tiefen Verst\u00e4ndnis f\u00fcr den pulsierenden Wirtschaftsstandort in Nordrhein-Westfalen. Wir unterst\u00fctzen Unternehmen verschiedener Branchen dabei, qualifizierte Bewerber zu finden, die zu nachhaltigem Erfolg beitragen.<\/p>\n<p>Wir arbeiten f\u00fcr Unternehmen, die auf effektive Rekrutierungsprozesse angewiesen sind, um die richtige Person f\u00fcr kritische Positionen zu finden. Unser Team verf\u00fcgt sowohl \u00fcber Fachwissen im Executive Search als auch \u00fcber Erfahrung im Outsourcing von Rekrutierungsprozessen, um praxisnahe und organisierte L\u00f6sungen zu liefern. Jeder Auftrag wird mit echter F\u00fcrsorge und Respekt f\u00fcr Kunden und Kandidaten behandelt, um sicherzustellen, dass jeder Schritt des Rekrutierungsprozesses Integrit\u00e4t und klare Kommunikation widerspiegelt.<\/p>\n<blockquote><p><strong>Kunden in der gesamten Region K\u00f6ln erkennen uns als eine Personalagentur an, die auf soliden ethischen Grunds\u00e4tzen, umfassender Erfahrung und Best\u00e4ndigkeit beruht. Haldren steht in K\u00f6ln als vertrauensw\u00fcrdiger Dienstleister, bekannt f\u00fcr spezifisches Wissen, professionelle Ausf\u00fchrung und nachhaltige Ergebnisse.<\/strong><\/p><\/blockquote>\n<h2>Top-Tier Executive Search Firma in K\u00f6ln<\/h2>\n<p>Wir bei Haldren haben uns der Talentakquise verschrieben, weil wir \u00fcberzeugt sind, dass die richtigen Mitarbeiter Unternehmen st\u00e4rken und Innovationen f\u00f6rdern. Unsere Personalberater unterst\u00fctzen Unternehmen in K\u00f6ln, indem sie sie mit Fach- und F\u00fchrungskr\u00e4ften zusammenbringen, die sowohl fachliche als auch kulturelle Anforderungen erf\u00fcllen. Dabei geht es nicht nur um die Besetzung offener Stellen, sondern um die Schaffung dauerhafter Werte durch Menschen.<\/p>\n<h4>Bewertung<\/h4>\n<p>Am Anfang eines jeden Engagements steht die gr\u00fcndliche Analyse der Unternehmensziele, der Teamstruktur und des F\u00fchrungsbedarfs. Unsere Berater erstellen ein ideales Kandidatenprofil, das sowohl die Unternehmenskultur als auch die spezifischen Anforderungen der Stelle widerspiegelt. Jede Bewertung geht \u00fcber die blo\u00dfen Zeugnisse hinaus und ber\u00fccksichtigt auch die Motivation, den Kommunikationsstil und das Potenzial f\u00fcr langfristigen Erfolg einer Person.<\/p>\n<h4>Talent-Akquisition<\/h4>\n<p>Durch unsere etablierten Netzwerke in Deutschland und Europa finden wir geeignete Kandidaten mit nachweisbaren Kompetenzen und klaren Ambitionen. Durch den Einsatz moderner Rekrutierungstools und traditioneller Methoden erreichen wir sowohl Fachleute, die offen f\u00fcr neue M\u00f6glichkeiten sind, als auch solche, die in ihren Positionen bereits hervorragende Leistungen erbringen. Dieser Ansatz gew\u00e4hrleistet den Zugang zu Talenten, die in der Lage sind, ein deutliches Gesch\u00e4ftswachstum und eine verbesserte Leistung zu erzielen.<\/p>\n<h4>Organisatorische Umwandlung<\/h4>\n<p>\u00dcber den unmittelbaren Rekrutierungsbedarf hinaus unterst\u00fctzen wir Unternehmen bei der Nachfolgeplanung, der Beurteilung von F\u00fchrungskr\u00e4ften und der Unterst\u00fctzung des Personalwesens. Diese Dienstleistungen tragen dazu bei, eine nachhaltige Entwicklung und langfristige Wettbewerbsf\u00e4higkeit zu gew\u00e4hrleisten. Unsere Rolle besteht darin, als strategischer Anbieter und vertrauensw\u00fcrdiger Ansprechpartner f\u00fcr Unternehmen in der gesamten Region K\u00f6ln zu fungieren.<\/p>\n<h2>Unser Ansatz f\u00fcr Talent Acquisition Services<\/h2>\n<p>Unser Ansatz f\u00fcr die Talentakquise in K\u00f6ln beruht auf Pr\u00e4zision, hoher Ethik und enger Zusammenarbeit. Wir beginnen damit, ein umfassendes Verst\u00e4ndnis der Struktur, der Marktposition und der spezifischen Ziele eines jeden Kunden zu gewinnen. Unser Personalberatungsprozess umfasst die Kartierung des Talentmarktes, die genaue Definition der Erfolgskriterien und die Identifizierung von Spezialisten, die einen messbaren Beitrag leisten k\u00f6nnen.<\/p>\n<p>Jede Suche folgt einer klaren Abfolge: anf\u00e4ngliche Entdeckung, detaillierte Rollenanalyse, fokussiertes Sourcing, sorgf\u00e4ltige Beurteilung, Vorauswahl, Interviews und abschlie\u00dfendes Onboarding. Wir gestalten jede Phase so, dass sie direkt mit den Priorit\u00e4ten des Unternehmens \u00fcbereinstimmt und eine reibungslose Kommunikation zwischen allen Beteiligten gew\u00e4hrleistet ist.<\/p>\n<p>Unsere Personalberater nutzen Methoden der F\u00fchrungskr\u00e4ftesuche in Kombination mit digitalen Rekrutierungstools, Social-Media-Kampagnen und gezielter Werbung. Wir evaluieren Kandidaten durch strukturierte Interviews und psychometrische Analysen und ber\u00fccksichtigen dabei sowohl die fachlichen F\u00e4higkeiten als auch die pers\u00f6nliche Passung im Team.<\/p>\n<p>Wir sind besonders in den Branchen aktiv, die den Wirtschaftsstandort K\u00f6ln pr\u00e4gen &#8211; von der Medienbranche \u00fcber den globalen Kunsthandel bis hin zur Pharma- und Chemieindustrie. Als bedeutender Messestandort und innovative Medienstadt ist K\u00f6ln Anziehungspunkt f\u00fcr viele weltweit erfolgreiche Unternehmen und damit ein idealer Ort f\u00fcr eine talentorientierte Expansion.<\/p>\n<p>Unsere Berater legen w\u00e4hrend des gesamten Rekrutierungsprozesses Wert auf strikte Vertraulichkeit, Fairness und Compliance. Wir betrachten jedes Projekt als eine echte Partnerschaft, die auf langfristigen Erfolg ausgerichtet ist und helfen unseren Kunden, neue Mitarbeiter und freiberufliche Spezialisten zu rekrutieren, die zu nachhaltigen Ergebnissen beitragen. Durch die Verbindung von internationaler Reichweite mit fundiertem lokalem Fachwissen stellen wir sicher, dass Unternehmen in ganz Nordrhein- und Westdeutschland von einer strukturierten, menschlichen und klar ergebnisorientierten Rekrutierungserfahrung profitieren.<\/p>\n<h2>Unsere Expertise als f\u00fchrende K\u00f6lner Personalberatung<\/h2>\n<p>Unsere Personalberater bringen langj\u00e4hrige Erfahrung aus der Arbeit in Nordrhein-Westfalen und dem gesamten deutschen Markt mit. Sie kennen die Komplexit\u00e4t der Personalbeschaffung in einer der bev\u00f6lkerungsreichsten Kommunen und f\u00fchrenden Wirtschaftszentren des Landes. Unser spezifisches Wissen deckt die Bereiche Logistik, Energie, Medien und Pharma ab &#8211; allesamt entscheidend f\u00fcr K\u00f6lns Rolle als wichtige Stadt f\u00fcr Innovation und Handel.<\/p>\n<p>Wir kombinieren spezifisches Know-how, strukturierte Prozesse und kontinuierliches Lernen, um Unternehmen in der gesamten Region K\u00f6ln zu unterst\u00fctzen. Unsere Berater stehen in st\u00e4ndigem Austausch mit Hochschulen f\u00fcr angewandte Wissenschaften, wie der Universit\u00e4t zu K\u00f6ln, und bleiben so \u00fcber aufstrebende Talente und die aktuellen Trends, die den lokalen Arbeitsmarkt pr\u00e4gen, informiert. Dieses Engagement f\u00fcr Lernen und ethisches Handeln erm\u00f6glicht es uns, konsistente Ergebnisse zu liefern und sicherzustellen, dass unsere Kunden von klarer Kommunikation, Professionalit\u00e4t und Vertrauen profitieren.<\/p>\n<h4>Einige Bereiche, auf die wir uns spezialisiert haben<\/h4>\n<p>Wir unterst\u00fctzen Unternehmen aus verschiedenen Branchen, die f\u00fcr die K\u00f6lner Wirtschaftslandschaft von zentraler Bedeutung sind. Dazu geh\u00f6ren die pharmazeutische und chemische Industrie, die Medienbranche, Logistik, Energie und Handel. Dar\u00fcber hinaus betreuen wir Unternehmen der angewandten Wissenschaften, des produzierenden Gewerbes und der freien Berufe. Unser Fokus liegt auf der Bereitstellung umfassender Personalvermittlungsl\u00f6sungen, die sich an den strategischen Unternehmensanforderungen orientieren. Jedes Projekt spiegelt unser Engagement f\u00fcr den nachhaltigen Mix aus Innovation, Bildung und Gr\u00fcnfl\u00e4chen in der Region wider, der K\u00f6ln als dynamischen Wirtschaftsstandort ausmacht.<\/p>\n<h4>Beispiele f\u00fcr Rollen, f\u00fcr die wir rekrutieren<\/h4>\n<p>Wir rekrutieren f\u00fcr Senior- und Executive-Level-Positionen in wichtigen Funktionen wie Betrieb, Vertrieb, Finanzen, Personalwesen und Projektmanagement. Unsere Berater betreuen regelm\u00e4\u00dfig Auftr\u00e4ge f\u00fcr Gesch\u00e4ftsf\u00fchrer, C-Suite-F\u00fchrungskr\u00e4fte und Abteilungsleiter in verschiedenen Branchen. Jedes Rekrutierungsprojekt wird von einem einzigen, klaren Ziel geleitet &#8211; die richtige Person mit der perfekten Gelegenheit zu verbinden. Durch unsere weitreichenden Netzwerke und unseren disziplinierten Prozess helfen wir Unternehmen, ihre Teams mit Fachleuten zu verst\u00e4rken, die Stabilit\u00e4t, bew\u00e4hrte F\u00fchrungsqualit\u00e4ten und tiefgreifende Einblicke mitbringen.<\/p>\n<p>Um Ihre aktuellen offenen Positionen oder anstehenden Projekte zu besprechen, wenden Sie sich an Haldren &#8211; unsere Berater sind jederzeit bereit, Sie bei der Suche nach wirklich au\u00dfergew\u00f6hnlichen Talenten zu unterst\u00fctzen.<\/p>\n<h2>Warum Haldren einen ma\u00dfgeschneiderten Ansatz zur Personalbeschaffung verwendet<\/h2>\n<p>Wir haben aus Erfahrung gelernt, dass keine zwei Rekrutierungsherausforderungen exakt gleich sind. Unsere Berater verf\u00fcgen \u00fcber jahrelange Erfahrung in der Betreuung von Kunden in ganz Nordrhein- und Westdeutschland, wo jedes Unternehmen seine eigenen Strukturen und Erwartungen hat. Diese Sichtweise hilft uns, Einheitsmethoden zu vermeiden, bei denen oft wichtige Zusammenh\u00e4nge und Nuancen \u00fcbersehen werden.<\/p>\n<p>Unser Prozess bleibt flexibel, aber in seiner Qualit\u00e4t gleichbleibend. F\u00fcr einige Unternehmen konzentrieren wir uns auf die Suche nach freiberuflichen Spezialisten f\u00fcr kurzfristige Projekte, f\u00fcr andere \u00fcbernehmen wir ganze Rekrutierungszyklen, um ganze Abteilungen effektiv aufzubauen. Wir passen unseren Ansatz an die Komplexit\u00e4t der Aufgaben, die verf\u00fcgbaren internen Ressourcen und die aktuellen Marktbedingungen an. Unsere Berater vermitteln Erkenntnisse aus der Praxis, z. B. wie die fr\u00fchzeitige Festlegung von Erwartungen an die F\u00fchrung sp\u00e4tere kostspielige Fehlentscheidungen verhindern kann. Diese Erkenntnisse sind die Grundlage f\u00fcr die sorgf\u00e4ltige Planung jedes einzelnen Projekts.<\/p>\n<p>Jede Einstellungsentscheidung hat erhebliche langfristige Auswirkungen auf die Unternehmenskultur, die Leistung und das allgemeine Wachstum. Indem wir den Prozess pers\u00f6nlich und in enger Zusammenarbeit gestalten, stellen wir sicher, dass jede Vermittlung das Team des Kunden auf messbare und dauerhafte Weise st\u00e4rkt.<\/p>\n<h2>Warum sollten Sie Haldren f\u00fcr die Talentakquise w\u00e4hlen?<\/h2>\n<p>Haldren wird in ganz Deutschland f\u00fcr seine Professionalit\u00e4t, Diskretion und seinen ethischen Ansatz bei der Personalbeschaffung gesch\u00e4tzt. Unsere Berater verbinden internationale Reichweite mit einem soliden Verst\u00e4ndnis der spezifischen K\u00f6lner Branchen und unterst\u00fctzen sowohl etablierte Konzerne als auch wachsende Unternehmen. Wir legen gro\u00dfen Wert auf eine partnerschaftliche Zusammenarbeit und garantieren unseren Kunden in jeder Phase Transparenz, klare Kommunikation und messbare Ergebnisse.<\/p>\n<p>Unser Personalberatungsteam f\u00fchrt die Rekrutierung mit strikter Vertraulichkeit und Respekt durch, um das Vertrauen sowohl der Unternehmen als auch der Kandidaten zu wahren. Ob F\u00fchrungskr\u00e4fte in der Medienbranche oder Spezialisten in der chemischen Industrie &#8211; wir arbeiten mit strukturierten Prozessen, die Pr\u00e4zision mit echtem Einf\u00fchlungsverm\u00f6gen verbinden. Als strategischer Anbieter bietet Haldren Zugang zu einem breiten Netzwerk hochkar\u00e4tiger Fachleute und betreut die Kandidaten w\u00e4hrend des gesamten Prozesses pers\u00f6nlich. Wir sind stolz darauf, langfristige Partnerschaften aufzubauen, die von Zuverl\u00e4ssigkeit und gemeinsamem Erfolg zeugen.<\/p>\n<blockquote><p><strong>Wenn Sie einen Personalvermittler suchen, der menschliches Verst\u00e4ndnis mit disziplinierter Ausf\u00fchrung verbindet, kontaktieren Sie uns noch heute. Wenden Sie sich an Haldren, um herauszufinden, wie unsere Berater das n\u00e4chste Wachstumskapitel Ihres Unternehmens gezielt unterst\u00fctzen k\u00f6nnen.<\/strong><\/p><\/blockquote>\n                            <\/div>\n        <\/div>\n    <\/div>\n<\/div>\n\n<div class=\"block-section accordion-main-section \">\n    <div class=\"container\">    \n                <div class=\"accordion-faqs\">\n            <h2 class=\"m-title\">Frequently Asked Questions (FAQs)<\/h2>\n                        <div class=\"item\">\n                <h3>Wie stellt Haldren die Qualit\u00e4t der Bewerber w\u00e4hrend des Einstellungsverfahrens sicher?<\/h3>\n                <div class=\"faq-content\"><p>Wir kombinieren strukturierte Vorstellungsgespr\u00e4che, psychometrische Bewertungen und die \u00dcberpr\u00fcfung beruflicher Referenzen, um sicherzustellen, dass die Bewerber sowohl die fachlichen als auch die pers\u00f6nlichen Kriterien erf\u00fcllen, die f\u00fcr den Erfolg erforderlich sind.<\/p>\n<\/div>\n            <\/div>\n                        <div class=\"item\">\n                <h3>Was unterscheidet Haldren von anderen Personalvermittlungen in K\u00f6ln?<\/h3>\n                <div class=\"faq-content\"><p>Unsere Berater bringen Fachwissen im Bereich Executive Search, hohe ethische Standards und eine ausgepr\u00e4gte Kooperationsbereitschaft mit. Wir legen Wert auf Transparenz und pers\u00f6nliche Kommunikation w\u00e4hrend jedes einzelnen Projekts.<\/p>\n<\/div>\n            <\/div>\n                        <div class=\"item\">\n                <h3>Wie lange dauert ein typisches Einstellungsprojekt?<\/h3>\n                <div class=\"faq-content\"><p>Die Zeitvorgaben variieren je nach Komplexit\u00e4t der Aufgabe und der aktuellen Marktnachfrage, aber unser strukturierter Prozess und unsere etablierten Netzwerke erm\u00f6glichen es uns, qualifizierte Auswahllisten effizient zu erstellen, ohne jemals Kompromisse bei der Qualit\u00e4t einzugehen.<\/p>\n<\/div>\n            <\/div>\n                        <div class=\"item\">\n                <h3>Kann Haldren sowohl feste als auch freiberufliche Projekte unterst\u00fctzen?<\/h3>\n                <div class=\"faq-content\"><p>Ja. Wir vermitteln Personal f\u00fcr Festanstellungen und helfen Unternehmen auch bei der Suche nach qualifizierten freiberuflichen Spezialisten f\u00fcr bestimmte Aufgaben, die Flexibilit\u00e4t oder hochspezialisiertes Know-how erfordern.<\/p>\n<\/div>\n            <\/div>\n                    <\/div>\n            <\/div>\n<\/div><\/div><div class=\"sidebar-wrapper\">\n<div class=\"wpcf7 no-js\" id=\"wpcf7-f50-o1\" lang=\"\" dir=\"ltr\" data-wpcf7-id=\"50\">\n<div class=\"screen-reader-response\"><p role=\"status\" aria-live=\"polite\" aria-atomic=\"true\"><\/p> <ul><\/ul><\/div>\n<form action=\"\/cologne\/wp-json\/wp\/v2\/pages\/188#wpcf7-f50-o1\" method=\"post\" class=\"wpcf7-form init\" aria-label=\"Contact form\" enctype=\"multipart\/form-data\" novalidate=\"novalidate\" data-status=\"init\">\n<fieldset class=\"hidden-fields-container\"><input type=\"hidden\" name=\"_wpcf7\" value=\"50\" \/><input type=\"hidden\" name=\"_wpcf7_version\" value=\"6.1.5\" \/><input type=\"hidden\" name=\"_wpcf7_locale\" value=\"\" \/><input type=\"hidden\" name=\"_wpcf7_unit_tag\" value=\"wpcf7-f50-o1\" \/><input type=\"hidden\" name=\"_wpcf7_container_post\" value=\"0\" \/><input type=\"hidden\" name=\"_wpcf7_posted_data_hash\" value=\"\" \/>\n<\/fieldset>\n<input class=\"wpcf7-form-control wpcf7-hidden\" id=\"utm_source\" value=\"\" type=\"hidden\" name=\"utm_source\" \/>\n<input class=\"wpcf7-form-control wpcf7-hidden\" id=\"utm_medium\" value=\"\" type=\"hidden\" name=\"utm_medium\" \/>\n<input class=\"wpcf7-form-control wpcf7-hidden\" id=\"sideform_user_country\" value=\"\" type=\"hidden\" name=\"userCountry\" \/>\n<div class=\"form-grid-layout\">\n\t<div class=\"form-title\">\n\t\t<h2 class=\"title\">Thrive with Top Talent<br \/>\n- No Upfronts Fees\n\t\t<\/h2>\n\t\t<p>Have it easier with video interview clips and a candidate shortlist within 2-3 weeks\n\t\t<\/p>\n\t<\/div>\n\t<div class=\"input-field\">\n\t\t<p><label for=\"\">Name<\/label><br \/>\n<span class=\"wpcf7-form-control-wrap\" data-name=\"full-Name\"><input size=\"40\" maxlength=\"400\" class=\"wpcf7-form-control wpcf7-text wpcf7-validates-as-required\" aria-required=\"true\" aria-invalid=\"false\" value=\"\" type=\"text\" name=\"full-Name\" \/><\/span>\n\t\t<\/p>\n\t<\/div>\n\t<div class=\"input-field\">\n\t\t<p><label for=\"\">Email Address<\/label><br \/>\n<span class=\"wpcf7-form-control-wrap\" data-name=\"email-address\"><input size=\"40\" maxlength=\"400\" class=\"wpcf7-form-control wpcf7-email wpcf7-validates-as-required wpcf7-text wpcf7-validates-as-email\" aria-required=\"true\" aria-invalid=\"false\" value=\"\" type=\"email\" name=\"email-address\" \/><\/span>\n\t\t<\/p>\n\t<\/div>\n\t<div class=\"input-field\">\n\t\t<p><label for=\"\">Company<\/label><br \/>\n<span class=\"wpcf7-form-control-wrap\" data-name=\"company\"><input size=\"40\" maxlength=\"400\" class=\"wpcf7-form-control wpcf7-text\" aria-invalid=\"false\" value=\"\" type=\"text\" name=\"company\" \/><\/span>\n\t\t<\/p>\n\t<\/div>\n\t<div class=\"radiobox-field\">\n\t\t<p><span class=\"wpcf7-form-control-wrap\" data-name=\"radio-721company-status\"><span class=\"wpcf7-form-control wpcf7-radio\"><span class=\"wpcf7-list-item first\"><label><input type=\"radio\" name=\"radio-721company-status\" value=\"{Employer}\" \/><span class=\"wpcf7-list-item-label\">Employer<\/span><\/label><\/span><span class=\"wpcf7-list-item last\"><label><input type=\"radio\" name=\"radio-721company-status\" value=\"{Candidate}\" \/><span class=\"wpcf7-list-item-label\">Candidate<\/span><\/label><\/span><\/span><\/span>\n\t\t<\/p>\n\t<\/div>\n\t<div class=\"input-field\">\n\t\t<p><span class=\"wpcf7-form-control-wrap\" data-name=\"file-upload\"><input size=\"40\" class=\"wpcf7-form-control wpcf7-file\" accept=\".pdf\" aria-invalid=\"false\" type=\"file\" name=\"file-upload\" \/><\/span>\n\t\t<\/p>\n\t<\/div>\n\t<div class=\"textarea-field\">\n\t\t<p><label for=\"\">How can we help you?<\/label><br \/>\n<span class=\"wpcf7-form-control-wrap\" data-name=\"message\"><textarea cols=\"40\" rows=\"10\" maxlength=\"2000\" class=\"wpcf7-form-control wpcf7-textarea\" aria-invalid=\"false\" name=\"message\"><\/textarea><\/span>\n\t\t<\/p>\n\t<\/div>\n\t<p><span id=\"wpcf7-6a01cbb357985-wrapper\" class=\"wpcf7-form-control-wrap nickname-wrap\" ><input id=\"wpcf7-6a01cbb357985-field\"  class=\"wpcf7-form-control wpcf7-text\" type=\"text\" name=\"nickname\" value=\"\" size=\"40\" tabindex=\"-1\" autocomplete=\"off\" \/><\/span>\n\t<\/p>\n\t<div class=\"form-term\">\n\t\t<p>Submission of this form means you have agreed to our <a href=\"\/privacy-policy\/\" title=\"\">Privacy Policy<\/a> and <a href=\"\/terms-of-service\/\" title=\"\">Terms Conditions<\/a>\n\t\t<\/p>\n\t<\/div>\n\t<div class=\"submit-btn\">\n\t\t<p><input class=\"wpcf7-form-control wpcf7-submit has-spinner btn-box\" type=\"submit\" value=\"Get in Touch\" \/>\n\t\t<\/p>\n\t<\/div>\n<\/div><div class=\"wpcf7-response-output\" aria-hidden=\"true\"><\/div>\n<\/form>\n<\/div>\n<\/div><\/div>\n\n\n<div class=\"block-section client-reviews-slider \" style=\"background-color: #119084\">  \n    <div class=\"container\">\n                <div class=\"splide client-slider\">\n            <div class=\"splide__track\">\n                <div class=\"splide__list\">\n                                        <div class=\"splide__slide\">\n                        <div class=\"content-box\">\n                            <div class=\"content\">\n                                <p>&#8220;Die Zusammenarbeit mit Haldren hat unseren Einstellungsprozess reibungslos und strukturiert gestaltet. Die Berater verstanden unsere Kultur sofort und stellten Kandidaten vor, die sowohl unseren Qualifikationsanforderungen als auch unseren Unternehmenswerten entsprachen.&#8221;<\/p>\n                            <\/div>\n                                                        <div class=\"name\">\n                                <strong>Lukas M.<\/strong>, \n                                Personalleiter                            <\/div>\n                                                    <\/div>\n                    <\/div>\n                                        <div class=\"splide__slide\">\n                        <div class=\"content-box\">\n                            <div class=\"content\">\n                                <p>&#8220;Die Professionalit\u00e4t von Haldren zeichnete sich von Anfang an aus. Sie respektierten die Vertraulichkeit und hielten uns in jeder Phase auf dem Laufenden, was unserem F\u00fchrungsteam volles Vertrauen in ihren Prozess gab.&#8221;<\/p>\n                            <\/div>\n                                                        <div class=\"name\">\n                                <strong>Sabine K.<\/strong>, \n                                Gesch\u00e4ftsf\u00fchrender Gesellschafter                            <\/div>\n                                                    <\/div>\n                    <\/div>\n                                        <div class=\"splide__slide\">\n                        <div class=\"content-box\">\n                            <div class=\"content\">\n                                <p>&#8220;Unsere Zusammenarbeit mit Haldren hat uns geholfen, einen Manager zu finden, der seitdem die Leistung unseres Teams verbessert hat. Ihre Einblicke und ihre Unterst\u00fctzung bei der Nachbereitung haben einen echten Unterschied gemacht.<\/p>\n                            <\/div>\n                                                        <div class=\"name\">\n                                <strong>Markus R.<\/strong>, \n                                Betriebsleiter                            <\/div>\n                                                    <\/div>\n                    <\/div>\n                                    <\/div>\n            <\/div>\n        <\/div>\n            <\/div>\n<\/div>","protected":false},"excerpt":{"rendered":"","protected":false},"author":10,"featured_media":0,"parent":169,"menu_order":0,"comment_status":"closed","ping_status":"closed","template":"","meta":{"_acf_changed":false,"footnotes":""},"class_list":["post-188","page","type-page","status-publish","hentry"],"acf":[],"lang":"de","translations":{"de":188,"en":59},"jetpack_sharing_enabled":true,"pll_sync_post":[],"_links":{"self":[{"href":"https:\/\/www.haldren.com\/cologne\/wp-json\/wp\/v2\/pages\/188","targetHints":{"allow":["GET"]}}],"collection":[{"href":"https:\/\/www.haldren.com\/cologne\/wp-json\/wp\/v2\/pages"}],"about":[{"href":"https:\/\/www.haldren.com\/cologne\/wp-json\/wp\/v2\/types\/page"}],"author":[{"embeddable":true,"href":"https:\/\/www.haldren.com\/cologne\/wp-json\/wp\/v2\/users\/10"}],"replies":[{"embeddable":true,"href":"https:\/\/www.haldren.com\/cologne\/wp-json\/wp\/v2\/comments?post=188"}],"version-history":[{"count":1,"href":"https:\/\/www.haldren.com\/cologne\/wp-json\/wp\/v2\/pages\/188\/revisions"}],"predecessor-version":[{"id":193,"href":"https:\/\/www.haldren.com\/cologne\/wp-json\/wp\/v2\/pages\/188\/revisions\/193"}],"up":[{"embeddable":true,"href":"https:\/\/www.haldren.com\/cologne\/wp-json\/wp\/v2\/pages\/169"}],"wp:attachment":[{"href":"https:\/\/www.haldren.com\/cologne\/wp-json\/wp\/v2\/media?parent=188"}],"curies":[{"name":"wp","href":"https:\/\/api.w.org\/{rel}","templated":true}]}}