{"id":244,"date":"2025-08-26T07:24:00","date_gmt":"2025-08-26T07:24:00","guid":{"rendered":"https:\/\/www.haldren.com\/dusseldorf\/?page_id=59"},"modified":"2025-11-03T06:36:27","modified_gmt":"2025-11-03T06:36:27","slug":"management-rekrutierung","status":"publish","type":"page","link":"https:\/\/www.haldren.com\/dusseldorf\/de\/talentwerving\/management-rekrutierung\/","title":{"rendered":"Management Rekrutierung"},"content":{"rendered":"\n  <link rel=\"preload\" as=\"image\" href=\"https:\/\/www.haldren.com\/dusseldorf\/wp-content\/uploads\/sites\/23\/2025\/08\/dusseldorf-city-e1764151041146.webp\" fetchpriority=\"high\">\n  <style>\n    .inner-banner-section {\n      background-image: url('https:\/\/www.haldren.com\/dusseldorf\/wp-content\/uploads\/sites\/23\/2025\/08\/dusseldorf-city-e1764151041146.webp');\n      background-size: cover;\n      background-position: center;\n      background-repeat: no-repeat;\n    }\n\n    @media (max-width: 768px) {\n      .inner-banner-section {\n        background-image: url('https:\/\/www.haldren.com\/dusseldorf\/wp-content\/uploads\/sites\/23\/2025\/08\/dusseldorf-city-e1764151041146.webp');\n      }\n    }\n  <\/style>\n\n<div class=\"block-section inner-banner-section lazyload bg-sty section-gaps top-border-line\">\n  <div class=\"container-fluid\">\n    <div class=\"content-wrap\">\n      <h1 class=\"title\">\n        Management Recruitment Dienstleistungen in D\u00fcsseldorf      <\/h1>\n      <span style=\"font-size: 18px;\">Unterst\u00fctzung von Unternehmen bei der Suche nach geeigneten Kandidaten f\u00fcr ihre F\u00fchrungsteams und beim Aufbau eines nachhaltigen Erfolgs<\/span>\n    <\/div>\n  <\/div>\n<\/div>\n\n\n\n\n<div class=\"wp-block-custom-div-wrapper-block col-wrapper has-sidebar\"><div class=\"content-wrapper\" style=\"background-color:#002a26\">\n<div class=\"block-section section-gaps default-content-section \" \n     style=\"--text-color: #ffffff; --bg-color: #119084;\">\n    <div class=\"container\">\n        <div class=\"default-single-content-wrap\">\n            <div class=\"content-wrap\">\n                                    <h2 data-pm-slice=\"1 1 []\">Premier Management Recruitment Services in D\u00fcsseldorf, Deutschland<\/h2>\n<p>Haldren ist eine vertrauensw\u00fcrdige D\u00fcsseldorfer Personalagentur, die es sich zum Ziel gesetzt hat, Unternehmen dabei zu helfen, qualifizierte Kandidaten f\u00fcr kritische offene Positionen zu finden und zu sichern. Unsere Berater kombinieren umfassende Erfahrung, Vertraulichkeit und Branchenkenntnis, um sicherzustellen, dass jeder Kundenauftrag unsere Werte Professionalit\u00e4t, Qualit\u00e4t und Integrit\u00e4t widerspiegelt.<\/p>\n<p>D\u00fcsseldorf liegt im Westen Deutschlands und ist als Zentrum f\u00fcr Kunst, Musik und Mode bekannt. Die Stadt ist auch die Heimat eines robusten Arbeitsmarktes mit florierenden Branchen wie Gesundheitswesen, Logistik, IT und anderen Handwerksberufen. Als einkommensstarke Stadt zieht sie jedes Jahr viele talentierte Fachkr\u00e4fte bei ihrer Arbeitssuche an.<\/p>\n<p>Unsere globale Reichweite und unser tiefes Verst\u00e4ndnis des deutschen Marktes erm\u00f6glichen es uns, pr\u00e4zise und effektive L\u00f6sungen f\u00fcr Unternehmen jeder Gr\u00f6\u00dfe zu liefern. Die Berater von Haldren fungieren als vertrauensw\u00fcrdige Partner und bieten Einblicke, die Arbeitgebern und F\u00fchrungskr\u00e4ften helfen, sichere Einstellungsentscheidungen zu treffen.<\/p>\n<p>Jedes Projekt beginnt damit, dass wir uns auf das Verst\u00e4ndnis der Kultur und der strategischen Priorit\u00e4ten unserer Kunden konzentrieren. Dieser Ansatz erm\u00f6glicht es unserem Team, den richtigen Kandidaten zu identifizieren, der die F\u00e4higkeit und Motivation besitzt, die Leistung des Unternehmens zu steigern. Mit einer ethischen, transparenten und datengest\u00fctzten Methodik gew\u00e4hrleisten wir Fairness und Diskretion in jeder Phase des Rekrutierungsprozesses.<br \/>\n Haldren<\/p>\n<blockquote><p><strong>ist bekannt f\u00fcr seine Integrit\u00e4t, Pr\u00e4zision und ma\u00dfgeschneiderte Herangehensweise an die Suche nach F\u00fchrungskr\u00e4ften und hilft seinen Kunden, durch intelligentere Rekrutierung erfolgreich zu sein. Durch unsere umfangreichen Kandidatennetzwerke wollen wir unseren Kunden einen Wettbewerbsvorteil in der Branche verschaffen.<\/strong><\/p><\/blockquote>\n<h2>Top-Tier Executive Search Firma in D\u00fcsseldorf<\/h2>\n<p>Wir haben uns der qualitativ hochwertigen Rekrutierung von F\u00fchrungskr\u00e4ften verschrieben und unterst\u00fctzen Unternehmen, die erfahrene F\u00fchrungskr\u00e4fte ben\u00f6tigen, um ihre strategischen Ziele zu erreichen. Unser Ziel ist es, Gesch\u00e4ftspriorit\u00e4ten mit au\u00dfergew\u00f6hnlichen Talenten in Einklang zu bringen und sicherzustellen, dass jede Vermittlung Innovation und nachhaltiges Wachstum f\u00f6rdert. Als anerkannter Name im Executive Search arbeitet Haldren mit seinen Kunden zusammen, um die Leistung zu steigern und den langfristigen Erfolg mit den richtigen Mitarbeitern zu sichern.<\/p>\n<h4>Bewertung<\/h4>\n<p>Jeder Auftrag beginnt mit einer gr\u00fcndlichen Analyse der Organisation und des F\u00fchrungsbedarfs unseres Kunden. Anschlie\u00dfend erstellen wir ein detailliertes Profil des idealen Kandidaten, das die Unternehmenskultur, die Leistungserwartungen, die Talentl\u00fccken und die Gesch\u00e4ftsm\u00f6glichkeiten widerspiegelt. Unsere Bewertung geht auch \u00fcber die Zeugnisse hinaus und beurteilt Motivation, Kommunikationsstil und Probleml\u00f6sungsf\u00e4higkeiten, um die beste Eignung zu gew\u00e4hrleisten.<\/p>\n<h4>Talentakquise<\/h4>\n<p>Unser Zugang zu Branchennetzwerken und Fachkreisen in ganz Deutschland erm\u00f6glicht es uns, sowohl aktive als auch passive Kandidaten zu erreichen. Wir kombinieren Methoden der Direktsuche mit modernen Rekrutierungstools, um bew\u00e4hrte F\u00fchrungskr\u00e4fte zu identifizieren, die f\u00fcr neue Projekte bereit sind. Dieser Prozess stellt sicher, dass wir unsere Kunden mit Fachleuten zusammenbringen, die in der Lage sind, wichtige Funktionen in verschiedenen Branchen wie Vertrieb, Finanzen, Technik und Supply Chain zu \u00fcbernehmen.<\/p>\n<h4>Organisatorische Umwandlung<\/h4>\n<p>Wir gehen \u00fcber die Vermittlung hinaus. Zu unseren Dienstleistungen geh\u00f6ren die Beurteilung von F\u00fchrungskr\u00e4ften, die Nachfolgeplanung und die strategische Unterst\u00fctzung der Personalabteilung. Durch diese Initiativen helfen wir Unternehmen, sich anzupassen und zu wachsen, und positionieren sie f\u00fcr eine nachhaltige organisatorische Leistung.<\/p>\n<h2>Unser Ansatz f\u00fcr die Rekrutierung von F\u00fchrungskr\u00e4ften<\/h2>\n<p>Unser Prozess f\u00fcr die Suche nach F\u00fchrungskr\u00e4ften und die Rekrutierung von Managern basiert auf Klarheit, Pr\u00e4zision und Respekt f\u00fcr alle beteiligten Interessengruppen. Wir beginnen mit einem ausf\u00fchrlichen Gespr\u00e4ch \u00fcber die Unternehmensziele, die Struktur und die F\u00fchrungsl\u00fccken.<\/p>\n<p>Von dort aus ermitteln wir potenzielle Kandidaten durch Branchenrecherche und gezieltes Sourcing. Jede Suche umfasst eine gr\u00fcndliche Datenanalyse, Interviews und eine Bewertung der technischen Kompetenzen, der F\u00fchrungsf\u00e4higkeiten und der Verhaltensanpassung.<\/p>\n<p>Wir nutzen sowohl traditionelle Rekrutierungsmethoden als auch moderne digitale Tools. Unsere Berater nutzen soziale Medien, professionelle Jobb\u00f6rsen und spezialisierte Datenbanken, um erfahrene Fachkr\u00e4fte in D\u00fcsseldorf und ganz Deutschland zu erreichen. Psychometrische Bewertungen und kompetenzbasierte Interviews helfen uns, die richtigen Mitarbeiter zu finden. Au\u00dferdem achten wir w\u00e4hrend des gesamten Prozesses auf Vielfalt, Ethik und Vertraulichkeit.<\/p>\n<p>Unser strukturierter Ansatz stellt sicher, dass jede Auswahlliste qualifizierte Kandidaten enth\u00e4lt, die sowohl den unmittelbaren als auch den strategischen Anforderungen entsprechen.<\/p>\n<p>Im Gegensatz zu herk\u00f6mmlichen Personalvermittlungsagenturen konzentrieren wir uns auf die langfristige Wirkung. Unser Beratungsprozess liefert messbare Ergebnisse, wie st\u00e4rkere Teams, verbesserte Mitarbeiterbindung und organisatorischen Erfolg. Jedes Projekt spiegelt das Fachwissen unseres Teams, sein Engagement f\u00fcr hervorragende Leistungen und seine Zuversicht wider, unseren Kunden zu helfen, ihr Potenzial auszusch\u00f6pfen und ihr Unternehmen voranzubringen.<\/p>\n<h2>Unsere Expertise als f\u00fchrende D\u00fcsseldorfer Personalberater<\/h2>\n<p>Unsere Berater kombinieren fundierte Branchenkenntnisse mit kontinuierlicher Weiterbildung, um sicherzustellen, dass unsere Dienstleistungen relevant und effektiv bleiben. Wir arbeiten eng mit unseren Kunden zusammen, um uns an Marktver\u00e4nderungen anzupassen und F\u00fchrungseigenschaften zu identifizieren, die Widerstandsf\u00e4higkeit und Innovation f\u00f6rdern.<\/p>\n<p>Das Team von Haldren verf\u00fcgt \u00fcber jahrelange Erfahrung in den Bereichen Vertrieb, Finanzen, Lieferkette und Technik. Wir wissen, wie sich die F\u00fchrungsstile in den verschiedenen Branchen unterscheiden, und k\u00f6nnen so F\u00fchrungskr\u00e4fte finden, die zu den Zielen des Unternehmens passen.<\/p>\n<p>Unser Engagement f\u00fcr kontinuierliches Lernen und Zusammenarbeit st\u00e4rkt jedes Engagement. Jedes Mitglied unseres Teams geht die Arbeit mit Professionalit\u00e4t, ethischem Fokus und dem Bestreben an, au\u00dfergew\u00f6hnliche Ergebnisse f\u00fcr unsere Kunden zu erzielen.<\/p>\n<h4>Einige Bereiche, auf die wir uns spezialisiert haben<\/h4>\n<p>Unsere Dienstleistungen in D\u00fcsseldorf erstrecken sich \u00fcber mehrere Branchen, darunter Finanzen, Vertrieb, Technik und Lieferkette. Wir unterst\u00fctzen auch Unternehmen in der Lebensmittelindustrie, im verarbeitenden Gewerbe und bei Projekten, die zeitlich befristete oder vertragsgebundene Positionen erfordern. Unabh\u00e4ngig von der Branche liegt unser Fokus darauf, die F\u00fchrungsst\u00e4rke mit den strategischen Unternehmenszielen in Einklang zu bringen.<\/p>\n<h4>Beispiele f\u00fcr Rollen, f\u00fcr die wir rekrutieren<\/h4>\n<p>Haldren rekrutiert F\u00fchrungspositionen wie Gesch\u00e4ftsf\u00fchrer, Vertriebsleiter, Finanzleiter, C-Suite-F\u00fchrungskr\u00e4fte und operative F\u00fchrungskr\u00e4fte in den Bereichen Lieferkette und Technik. Jede Suche ist darauf ausgerichtet, die richtige Stelle mit dem richtigen Kandidaten zu besetzen, um sowohl das berufliche Wachstum als auch den Nutzen f\u00fcr das Unternehmen zu gew\u00e4hrleisten.<\/p>\n<blockquote><p><strong>Kontaktieren Sie Haldren noch heute, um zu erfahren, wie unsere Berater Ihnen helfen k\u00f6nnen, au\u00dfergew\u00f6hnliche F\u00fchrungskr\u00e4fte f\u00fcr Ihr n\u00e4chstes Projekt oder Ihre n\u00e4chste F\u00fchrungsposition zu finden.<\/strong><\/p><\/blockquote>\n<h2>Warum Haldren einen ma\u00dfgeschneiderten Ansatz zur Personalbeschaffung verwendet<\/h2>\n<p>Durch unsere jahrelange Beratungst\u00e4tigkeit in Deutschland hat unser Team festgestellt, dass generische Einstellungsmodelle die Nuancen von F\u00fchrungspositionen nicht erfassen k\u00f6nnen. Wir sind der Meinung, dass jedes Unternehmen einen Prozess verdient, der seine Kultur, seine Ziele und seine Werte widerspiegelt.<\/p>\n<p>Unsere Berater erinnern sich an ein Beispiel, bei dem ein Kunde eine F\u00fchrungskraft im Finanzbereich f\u00fcr ein schnell wachsendes Unternehmen suchte. Anstatt sich ausschlie\u00dflich auf titelbasierte Suchen zu verlassen, bewerteten wir die zwischenmenschliche Dynamik, die Anpassungsf\u00e4higkeit und die kulturelle Passung. Die daraus resultierende Platzierung verbesserte die Mitarbeiterbindung und st\u00e4rkte funktions\u00fcbergreifende Teams.<\/p>\n<p>Wir haben gelernt, dass echter Rekrutierungserfolg von Neugierde und Aufmerksamkeit f\u00fcr Details abh\u00e4ngt. Jeder Auftrag hilft uns, unsere Dienstleistungen zu verfeinern und sicherzustellen, dass wir unsere Kunden beim Aufbau von Strukturen unterst\u00fctzen, die das Wachstum f\u00f6rdern. Unsere ma\u00dfgeschneiderten Strategien liefern Pr\u00e4zision, reduzieren die Fluktuation und st\u00e4rken das Unternehmen von innen heraus.<\/p>\n<h2>Warum Haldren f\u00fcr die Rekrutierung von F\u00fchrungskr\u00e4ften w\u00e4hlen?<\/h2>\n<p>Unternehmen vertrauen Haldren wegen unserer Vertraulichkeit, Best\u00e4ndigkeit und unserem Engagement f\u00fcr erstklassige Ergebnisse. Wir arbeiten transparent und unsere Kunden wissen genau, wie wir arbeiten, warum wir bestimmte Kandidaten empfehlen und welche Faktoren unsere Bewertungen beeinflussen.<\/p>\n<p>Unsere Berater werden f\u00fcr ihre ethischen Standards und ihre Diskretion respektiert. Jeder Auftrag wird mit Sorgfalt behandelt, so dass sensible Informationen vertraulich bleiben. In jahrelangen, vertrauensvollen Partnerschaften haben wir Unternehmen dabei geholfen, ihre F\u00fchrungskompetenz zu erweitern und interne Projekte zu verbessern.<\/p>\n<p>Unser Team ist in D\u00fcsseldorf und auf dem gesamten deutschen Markt vertreten und unterst\u00fctzt Unternehmen bei der Identifizierung, Bewertung und Einstellung effektiver F\u00fchrungskr\u00e4fte. Unsere globale Reichweite, kombiniert mit lokalen Einblicken, gibt unseren Kunden die Sicherheit, fundierte Entscheidungen \u00fcber Schl\u00fcsselpositionen zu treffen.<\/p>\n<p>Wir messen unseren Erfolg an der St\u00e4rke unserer Beziehungen und den Erfolgen der Unternehmen, f\u00fcr die wir t\u00e4tig sind.<\/p>\n<blockquote><p><strong>Kontaktieren Sie Haldren noch heute, um Ihre Anforderungen an die Personalbeschaffung von F\u00fchrungskr\u00e4ften zu besprechen und zu erfahren, wie unsere Berater Ihre n\u00e4chste strategische Einstellung unterst\u00fctzen k\u00f6nnen.<\/strong><\/p><\/blockquote>\n                            <\/div>\n        <\/div>\n    <\/div>\n<\/div>\n\n<div class=\"block-section accordion-main-section \">\n    <div class=\"container\">    \n                <div class=\"accordion-faqs\">\n            <h2 class=\"m-title\">Frequently Asked Questions (FAQs)<\/h2>\n                        <div class=\"item\">\n                <h3>Wie stellt Haldren die Qualit\u00e4t der Bewerber sicher?<\/h3>\n                <div class=\"faq-content\"><p data-pm-slice=\"1 1 []\">Wir verwenden strukturierte Bewertungen, Referenz\u00fcberpr\u00fcfungen und Verhaltensinterviews, um sicherzustellen, dass jeder Bewerber sowohl die fachlichen als auch die kulturellen Anforderungen erf\u00fcllt.<\/p>\n<\/div>\n            <\/div>\n                        <div class=\"item\">\n                <h3>Auf welche Branchen konzentriert sich Haldren?<\/h3>\n                <div class=\"faq-content\"><p data-pm-slice=\"1 1 []\">Wir arbeiten mit Unternehmen aus den Bereichen Finanzen, Vertrieb, Lieferkette, Technik und Lebensmittel, wobei wir unseren Ansatz an die jeweilige Branche und ihre besonderen Anforderungen anpassen.<\/p>\n<\/div>\n            <\/div>\n                        <div class=\"item\">\n                <h3>Wie lange dauert der Einstellungsprozess?<\/h3>\n                <div class=\"faq-content\"><p data-pm-slice=\"1 1 []\">Auch wenn der Zeitplan variiert, kommunizieren wir w\u00e4hrend der gesamten Suche kontinuierlich, um den Fortschritt zu best\u00e4tigen und die Erwartungen abzustimmen.<\/p>\n<\/div>\n            <\/div>\n                        <div class=\"item\">\n                <h3>Bietet Haldren Unterst\u00fctzung nach dem Praktikum?<\/h3>\n                <div class=\"faq-content\"><p data-pm-slice=\"1 1 []\">Ja. Wir bieten Folgegespr\u00e4che an, um die Zufriedenheit zu best\u00e4tigen, das Onboarding zu unterst\u00fctzen und sicherzustellen, dass die Vermittlung die Ziele des Kunden erf\u00fcllt.<\/p>\n<\/div>\n            <\/div>\n                    <\/div>\n            <\/div>\n<\/div><\/div><div class=\"sidebar-wrapper\">\n<div class=\"wpcf7 no-js\" id=\"wpcf7-f40-o1\" lang=\"\" dir=\"ltr\" data-wpcf7-id=\"40\">\n<div class=\"screen-reader-response\"><p role=\"status\" aria-live=\"polite\" aria-atomic=\"true\"><\/p> <ul><\/ul><\/div>\n<form action=\"\/dusseldorf\/wp-json\/wp\/v2\/pages\/244#wpcf7-f40-o1\" method=\"post\" class=\"wpcf7-form init\" aria-label=\"Contact form\" enctype=\"multipart\/form-data\" novalidate=\"novalidate\" data-status=\"init\">\n<fieldset class=\"hidden-fields-container\"><input type=\"hidden\" name=\"_wpcf7\" value=\"40\" \/><input type=\"hidden\" name=\"_wpcf7_version\" value=\"6.1.5\" \/><input type=\"hidden\" name=\"_wpcf7_locale\" value=\"\" \/><input type=\"hidden\" name=\"_wpcf7_unit_tag\" value=\"wpcf7-f40-o1\" \/><input type=\"hidden\" name=\"_wpcf7_container_post\" value=\"0\" \/><input type=\"hidden\" name=\"_wpcf7_posted_data_hash\" value=\"\" \/>\n<\/fieldset>\n<input class=\"wpcf7-form-control wpcf7-hidden\" id=\"utm_source\" value=\"\" type=\"hidden\" name=\"utm_source\" \/>\n<input class=\"wpcf7-form-control wpcf7-hidden\" id=\"utm_medium\" value=\"\" type=\"hidden\" name=\"utm_medium\" \/>\n<input class=\"wpcf7-form-control wpcf7-hidden\" id=\"sideform_user_country\" value=\"\" type=\"hidden\" name=\"userCountry\" \/>\n<div class=\"form-grid-layout\">\n\t<div class=\"form-title\">\n\t\t<h2 class=\"title\">Thrive with Top Talent<br \/>\n- No Upfronts Fees\n\t\t<\/h2>\n\t\t<p>Have it easier with video interview clips and a candidate shortlist within 2-3 weeks\n\t\t<\/p>\n\t<\/div>\n\t<div class=\"input-field\">\n\t\t<p><label for=\"\">Name<\/label><br \/>\n<span class=\"wpcf7-form-control-wrap\" data-name=\"full-Name\"><input size=\"40\" maxlength=\"400\" class=\"wpcf7-form-control wpcf7-text wpcf7-validates-as-required\" aria-required=\"true\" aria-invalid=\"false\" value=\"\" type=\"text\" name=\"full-Name\" \/><\/span>\n\t\t<\/p>\n\t<\/div>\n\t<div class=\"input-field\">\n\t\t<p><label for=\"\">Email Address<\/label><br \/>\n<span class=\"wpcf7-form-control-wrap\" data-name=\"email-address\"><input size=\"40\" maxlength=\"400\" class=\"wpcf7-form-control wpcf7-email wpcf7-validates-as-required wpcf7-text wpcf7-validates-as-email\" aria-required=\"true\" aria-invalid=\"false\" value=\"\" type=\"email\" name=\"email-address\" \/><\/span>\n\t\t<\/p>\n\t<\/div>\n\t<div class=\"input-field\">\n\t\t<p><label for=\"\">Company<\/label><br \/>\n<span class=\"wpcf7-form-control-wrap\" data-name=\"company\"><input size=\"40\" maxlength=\"400\" class=\"wpcf7-form-control wpcf7-text\" aria-invalid=\"false\" value=\"\" type=\"text\" name=\"company\" \/><\/span>\n\t\t<\/p>\n\t<\/div>\n\t<div class=\"radiobox-field\">\n\t\t<p><span class=\"wpcf7-form-control-wrap\" data-name=\"radio-721company-status\"><span class=\"wpcf7-form-control wpcf7-radio\"><span class=\"wpcf7-list-item first\"><label><input type=\"radio\" name=\"radio-721company-status\" value=\"{Employer}\" \/><span class=\"wpcf7-list-item-label\">Employer<\/span><\/label><\/span><span class=\"wpcf7-list-item last\"><label><input type=\"radio\" name=\"radio-721company-status\" value=\"{Candidate}\" \/><span class=\"wpcf7-list-item-label\">Candidate<\/span><\/label><\/span><\/span><\/span>\n\t\t<\/p>\n\t<\/div>\n\t<div class=\"input-field\">\n\t\t<p><span class=\"wpcf7-form-control-wrap\" data-name=\"file-upload\"><input size=\"40\" class=\"wpcf7-form-control wpcf7-file\" accept=\".pdf\" aria-invalid=\"false\" type=\"file\" name=\"file-upload\" \/><\/span>\n\t\t<\/p>\n\t<\/div>\n\t<div class=\"textarea-field\">\n\t\t<p><label for=\"\">How can we help you?<\/label><br \/>\n<span class=\"wpcf7-form-control-wrap\" data-name=\"message\"><textarea cols=\"40\" rows=\"10\" maxlength=\"2000\" class=\"wpcf7-form-control wpcf7-textarea\" aria-invalid=\"false\" name=\"message\"><\/textarea><\/span>\n\t\t<\/p>\n\t<\/div>\n\t<p><span id=\"wpcf7-69fc8c7ce95cd-wrapper\" class=\"wpcf7-form-control-wrap nickname-wrap\" ><input id=\"wpcf7-69fc8c7ce95cd-field\"  class=\"wpcf7-form-control wpcf7-text\" type=\"text\" name=\"nickname\" value=\"\" size=\"40\" tabindex=\"-1\" autocomplete=\"off\" \/><\/span>\n\t<\/p>\n\t<div class=\"form-term\">\n\t\t<p>Submission of this form means you have agreed to our <a href=\"\/privacy-policy\/\" title=\"\">Privacy Policy<\/a> and <a href=\"\/terms-of-service\/\" title=\"\">Terms Conditions<\/a>\n\t\t<\/p>\n\t<\/div>\n\t<div class=\"submit-btn\">\n\t\t<p><input class=\"wpcf7-form-control wpcf7-submit has-spinner btn-box\" type=\"submit\" value=\"Get in Touch\" \/>\n\t\t<\/p>\n\t<\/div>\n<\/div><div class=\"wpcf7-response-output\" aria-hidden=\"true\"><\/div>\n<\/form>\n<\/div>\n<\/div><\/div>\n\n\n<div class=\"block-section client-reviews-slider \" style=\"background-color: #119084\">  \n    <div class=\"container\">\n                <div class=\"splide client-slider\">\n            <div class=\"splide__track\">\n                <div class=\"splide__list\">\n                                        <div class=\"splide__slide\">\n                        <div class=\"content-box\">\n                            <div class=\"content\">\n                                <p data-pm-slice=\"1 1 []\">&#8220;Haldren zeigte au\u00dfergew\u00f6hnliches Verst\u00e4ndnis f\u00fcr unsere Bed\u00fcrfnisse. Ihre Berater kommunizierten klar und effizient und hielten uns stets auf dem Laufenden. Wir waren beeindruckt von der Qualit\u00e4t der Kandidaten und der Professionalit\u00e4t des Teams.&#8221;<\/p>\n                            <\/div>\n                                                        <div class=\"name\">\n                                <strong>Martina H.<\/strong>, \n                                Senior HR Manager                            <\/div>\n                                                    <\/div>\n                    <\/div>\n                                        <div class=\"splide__slide\">\n                        <div class=\"content-box\">\n                            <div class=\"content\">\n                                <p data-pm-slice=\"1 1 []\">&#8220;Die Zusammenarbeit mit Haldren war eine hervorragende Erfahrung. Ihre strukturierte Suche half uns, die richtigen F\u00fchrungskr\u00e4fte zu finden, die sowohl zu unserer Kultur als auch zu unseren Leistungszielen passen. Ihre Integrit\u00e4t und Diskretion waren in jeder Phase offensichtlich.&#8221;<\/p>\n                            <\/div>\n                                                        <div class=\"name\">\n                                <strong>Stefan B.<\/strong>, \n                                Leiter der Abteilung Operations                            <\/div>\n                                                    <\/div>\n                    <\/div>\n                                        <div class=\"splide__slide\">\n                        <div class=\"content-box\">\n                            <div class=\"content\">\n                                <p data-pm-slice=\"1 1 []\">&#8220;Das Team von Haldren hat uns gut beraten und verf\u00fcgt \u00fcber fundierte Branchenkenntnisse. Ihre Dienstleistungen haben uns geholfen, starke Fachleute zu finden, die schnell einen messbaren Einfluss auf unser Unternehmen hatten.<\/p>\n                            <\/div>\n                                                        <div class=\"name\">\n                                <strong>Katrin L.<\/strong>, \n                                Gesch\u00e4ftsf\u00fchrender Direktor                            <\/div>\n                                                    <\/div>\n                    <\/div>\n                                    <\/div>\n            <\/div>\n        <\/div>\n            <\/div>\n<\/div>","protected":false},"excerpt":{"rendered":"","protected":false},"author":10,"featured_media":0,"parent":242,"menu_order":0,"comment_status":"closed","ping_status":"closed","template":"","meta":{"_acf_changed":false,"footnotes":""},"class_list":["post-244","page","type-page","status-publish","hentry"],"acf":[],"lang":"de","translations":{"de":244,"en":59},"jetpack_sharing_enabled":true,"pll_sync_post":[],"_links":{"self":[{"href":"https:\/\/www.haldren.com\/dusseldorf\/wp-json\/wp\/v2\/pages\/244","targetHints":{"allow":["GET"]}}],"collection":[{"href":"https:\/\/www.haldren.com\/dusseldorf\/wp-json\/wp\/v2\/pages"}],"about":[{"href":"https:\/\/www.haldren.com\/dusseldorf\/wp-json\/wp\/v2\/types\/page"}],"author":[{"embeddable":true,"href":"https:\/\/www.haldren.com\/dusseldorf\/wp-json\/wp\/v2\/users\/10"}],"replies":[{"embeddable":true,"href":"https:\/\/www.haldren.com\/dusseldorf\/wp-json\/wp\/v2\/comments?post=244"}],"version-history":[{"count":1,"href":"https:\/\/www.haldren.com\/dusseldorf\/wp-json\/wp\/v2\/pages\/244\/revisions"}],"predecessor-version":[{"id":266,"href":"https:\/\/www.haldren.com\/dusseldorf\/wp-json\/wp\/v2\/pages\/244\/revisions\/266"}],"up":[{"embeddable":true,"href":"https:\/\/www.haldren.com\/dusseldorf\/wp-json\/wp\/v2\/pages\/242"}],"wp:attachment":[{"href":"https:\/\/www.haldren.com\/dusseldorf\/wp-json\/wp\/v2\/media?parent=244"}],"curies":[{"name":"wp","href":"https:\/\/api.w.org\/{rel}","templated":true}]}}