{"id":178,"date":"2025-10-07T07:55:15","date_gmt":"2025-10-07T07:55:15","guid":{"rendered":"https:\/\/www.haldren.com\/hamburg\/?page_id=73"},"modified":"2025-11-06T08:39:31","modified_gmt":"2025-11-06T08:39:31","slug":"board-suche","status":"publish","type":"page","link":"https:\/\/www.haldren.com\/hamburg\/de\/talentwerving\/board-suche\/","title":{"rendered":"Board-Suche"},"content":{"rendered":"\n  <link rel=\"preload\" as=\"image\" href=\"https:\/\/www.haldren.com\/hamburg\/wp-content\/uploads\/sites\/43\/2025\/10\/hamburg-city-e1764148466898.webp\" fetchpriority=\"high\">\n  <style>\n    .inner-banner-section {\n      background-image: url('https:\/\/www.haldren.com\/hamburg\/wp-content\/uploads\/sites\/43\/2025\/10\/hamburg-city-e1764148466898.webp');\n      background-size: cover;\n      background-position: center;\n      background-repeat: no-repeat;\n    }\n\n    @media (max-width: 768px) {\n      .inner-banner-section {\n        background-image: url('https:\/\/www.haldren.com\/hamburg\/wp-content\/uploads\/sites\/43\/2025\/10\/hamburg-city-e1764148466898.webp');\n      }\n    }\n  <\/style>\n\n<div class=\"block-section inner-banner-section lazyload bg-sty section-gaps top-border-line\">\n  <div class=\"container-fluid\">\n    <div class=\"content-wrap\">\n      <h1 class=\"title\">\n        Vorstandssuche in Hamburg      <\/h1>\n      <span style=\"font-size: 18px;\">Leitfaden f\u00fcr Hamburger Vorst\u00e4nde zur Ernennung von Vorst\u00e4nden, die Strategie, Aufsicht und nachhaltige Wirkung vorantreiben<\/span>\n    <\/div>\n  <\/div>\n<\/div>\n\n\n\n\n<div class=\"wp-block-custom-div-wrapper-block col-wrapper has-sidebar\"><div class=\"content-wrapper\" style=\"background-color:#002a26\">\n<div class=\"block-section section-gaps default-content-section \" \n     style=\"--text-color: #ffffff; --bg-color: #119084;\">\n    <div class=\"container\">\n        <div class=\"default-single-content-wrap\">\n            <div class=\"content-wrap\">\n                                    <h2>F\u00fchrendes Unternehmen f\u00fcr die Suche nach Vorstandsmitgliedern in Hamburg<\/h2>\n<p>Haldren bietet Vorstandssuche in Hamburg mit Integrit\u00e4t, Vertraulichkeit und bew\u00e4hrter Expertise. Unsere Berater unterst\u00fctzen seit vielen Jahren die Rekrutierung von F\u00fchrungskr\u00e4ften und arbeiten eng mit Aufsichtsr\u00e4ten und Beir\u00e4ten zusammen, um geeignete Kandidaten f\u00fcr Schl\u00fcsselpositionen zu finden. Jeder Auftrag wird mit Respekt gegen\u00fcber Unternehmen und Kandidaten durchgef\u00fchrt, so dass Diskretion gew\u00e4hrleistet ist.<\/p>\n<p>Wir beraten mittelst\u00e4ndische Unternehmen, Familienunternehmen, Portfoliounternehmen und Private-Equity-Firmen, die Gesch\u00e4ftsf\u00fchrer ben\u00f6tigen, die in der Lage sind, ein Gleichgewicht zwischen Governance und operativem Verst\u00e4ndnis zu finden. Mit unserer Erfahrung in den Bereichen Logistik, Einzelhandel, digitale M\u00e4rkte und E-Commerce identifizieren wir F\u00fchrungspers\u00f6nlichkeiten, deren Expertise und Werte mit den Bed\u00fcrfnissen des Unternehmens \u00fcbereinstimmen.<\/p>\n<blockquote><p><strong>Wir besetzen nicht nur Positionen, sondern bieten Dienstleistungen an, die die Unternehmensf\u00fchrung st\u00e4rken und Unternehmen auf die Zukunft vorbereiten. Haldren gilt in Hamburg als zuverl\u00e4ssiger Partner bei der Suche nach Vorst\u00e4nden und Aufsichtsr\u00e4ten, die wir mit Professionalit\u00e4t, Zuverl\u00e4ssigkeit und Diskretion durchf\u00fchren.<\/strong><\/p><\/blockquote>\n<h2>Top-Tier Executive Search Firma in Hamburg<\/h2>\n<p>Unsere Arbeit bei der Suche nach Vorstandsmitgliedern in Hamburg konzentriert sich auf Governance und F\u00fchrung. Vorst\u00e4nde geben die Richtung der Organisation vor, \u00fcberwachen die Rechenschaftspflicht und beeinflussen die Kultur auf h\u00f6chster Ebene. Haldren stellt sicher, dass jede Ernennung einen messbaren Mehrwert sowohl f\u00fcr den Vorstand als auch f\u00fcr das gesamte Unternehmen darstellt.<\/p>\n<p>Unsere Berater verbinden langj\u00e4hrige Beratungspraxis mit exzellenten Netzwerken und pers\u00f6nlichen Kontakten in Deutschland und Europa. Dabei achten wir nicht nur auf betriebswirtschaftliche Fachkenntnisse, sondern auch auf F\u00fchrungsqualit\u00e4ten, Belastbarkeit und die F\u00e4higkeit, Unternehmen durch komplexe Anforderungen zu f\u00fchren.<\/p>\n<p>Dieser beratende Stil hat uns deutschlandweit Anerkennung als Rekrutierungspartner f\u00fcr Unternehmen eingebracht, die starke Vorst\u00e4nde brauchen, um ihre Zukunftsf\u00e4higkeit zu sichern.<\/p>\n<h4>Bewertung<\/h4>\n<p>Unsere Arbeit beginnt mit einer gr\u00fcndlichen \u00dcberpr\u00fcfung der Unternehmensziele, der kulturellen Erwartungen und der Verantwortlichkeiten der Position. Anschlie\u00dfend erstellen wir Profile, die den F\u00fchrungsstil, die Branchenkenntnisse und die Motivation erfassen, um eine enge \u00dcbereinstimmung zwischen Kandidat und Vorstand zu gew\u00e4hrleisten.<\/p>\n<h4>Talentakquise<\/h4>\n<p>Wir nutzen einen direkten Ansatz, um F\u00fchrungskr\u00e4fte zu erreichen, und greifen dabei auf digitale Tools, Empfehlungen und langj\u00e4hrig bestehende Netzwerke zur\u00fcck. Unsere Berater identifizieren F\u00fchrungskr\u00e4fte, die Aufsichtsr\u00e4te, Beir\u00e4te und Managementpositionen in ganz Hamburg verst\u00e4rken k\u00f6nnen.<\/p>\n<h4>Organisatorische Transformation<\/h4>\n<p>Unsere Rolle geht \u00fcber die Vermittlung von Kandidaten hinaus. Wir helfen bei der Nachfolgeplanung, der Entwicklung von F\u00fchrungskr\u00e4ften und der \u00dcberpr\u00fcfung der Effektivit\u00e4t von Aufsichtsr\u00e4ten und geben Organisationen die Unterst\u00fctzung, die sie f\u00fcr den Aufbau nachhaltiger F\u00fchrungsstrukturen ben\u00f6tigen.<\/p>\n<h2>Unser Ansatz bei der Suche nach Vorstandsmitgliedern<\/h2>\n<p>Bei der Suche nach Vorstandsmitgliedern in Hamburg gehen wir bewusst und transparent vor. Wir beginnen mit Sondierungsgespr\u00e4chen, in denen die Kunden ihre Priorit\u00e4ten und Herausforderungen darlegen. Auf diese Weise k\u00f6nnen wir die wichtigsten F\u00fchrungskompetenzen und Funktionsbereiche kl\u00e4ren.<\/p>\n<p>Anschlie\u00dfend erstellen wir eine Positionsspezifikation, in der wir die Qualifikationen, die Erwartungen an die Unternehmensf\u00fchrung und die kulturelle Eignung detailliert beschreiben. Bei der Suche setzen wir auf Direktansprache, gezielte digitale Ansprache und unser umfangreiches Beratungsnetzwerk in Deutschland. Wir ziehen F\u00fchrungskr\u00e4fte aus den Bereichen Logistik, Medien, Einzelhandel und E-Commerce in Betracht, um eine vielf\u00e4ltige und kompetente Auswahlliste zu gew\u00e4hrleisten.<\/p>\n<p>Die Kandidaten werden durch strukturierte Interviews, Referenzpr\u00fcfungen und psychometrische Assessments bewertet. Unsere Berater achten nicht nur auf Erfahrung, sondern auch darauf, wie F\u00fchrungskr\u00e4fte Teams entwickeln, zur Unternehmenskultur beitragen und die Effektivit\u00e4t der Unternehmensf\u00fchrung unterst\u00fctzen.<\/p>\n<p>Vielfalt, Ethik und Transparenz leiten jeden Schritt. Durch die Kombination von Beratungskompetenz und digitalen Methoden stellen wir stets die bestm\u00f6glichen Kandidaten zur Verf\u00fcgung. Unser strukturiertes Vorgehen unterscheidet uns von Agenturen, die auf Schnelligkeit statt auf langfristige Ausrichtung setzen.<\/p>\n<h2>Unsere Expertise als f\u00fchrende Hamburger Personalberatung<\/h2>\n<p>Die Berater von Haldren verf\u00fcgen \u00fcber jahrzehntelange Erfahrung im Executive Search und Recruitment in Deutschland und Europa. Ihr tiefes Verst\u00e4ndnis von F\u00fchrungspositionen und Governance-Strukturen erm\u00f6glicht es ihnen, Aufsichtsr\u00e4te und Beir\u00e4te dabei zu unterst\u00fctzen, sichere Entscheidungen zu treffen.<\/p>\n<p>Wir konzentrieren uns auf die Bereitstellung von Dienstleistungen, die auf Verantwortung und Ethik beruhen, und stellen sicher, dass jede Besetzung sowohl den Vorstand als auch die Entwicklung des gesamten Unternehmens st\u00e4rkt. Unsere Berater bleiben eng eingebunden und bieten Wissen und Anleitung, um Unternehmen in einem anspruchsvollen Umfeld zum Erfolg zu verhelfen.<\/p>\n<h4>Einige Bereiche, auf die wir uns spezialisiert haben<\/h4>\n<p>Unsere Dienstleistungen erstrecken sich auf die Bereiche Logistik, Einzelhandel, E-Commerce, Medien und den \u00f6ffentlichen Sektor in Hamburg. Unabh\u00e4ngig davon, ob wir ein Familienunternehmen, ein Portfoliounternehmen oder eine etablierte Organisation beraten, sind wir stets bestrebt, F\u00fchrungspers\u00f6nlichkeiten einzuf\u00fchren, die die Governance und die F\u00fchrungskapazit\u00e4t st\u00e4rken.<\/p>\n<h4>Beispiele f\u00fcr Rollen, f\u00fcr die wir rekrutieren<\/h4>\n<p>Wir suchen nach Gesch\u00e4ftsf\u00fchrern, Aufsichtsr\u00e4ten, Beir\u00e4ten und Vorst\u00e4nden. Dar\u00fcber hinaus suchen wir leitende Fach- und F\u00fchrungskr\u00e4fte f\u00fcr Funktionsbereiche wie Finanzen, Betrieb und Betriebswirtschaft.<\/p>\n<blockquote><p><strong>Wenn Ihr Unternehmen wichtige F\u00fchrungspositionen besetzen m\u00f6chte, wenden Sie sich noch heute an Haldren. Wir freuen uns auf ein pers\u00f6nliches Gespr\u00e4ch dar\u00fcber, wie wir Sie bei der Suche nach einem Board of Directors in Hamburg unterst\u00fctzen k\u00f6nnen.<\/strong><\/p><\/blockquote>\n<h2>Warum Haldren einen ma\u00dfgeschneiderten Ansatz zur Rekrutierung verwendet<\/h2>\n<p>Standard-Rekrutierungsprozesse konzentrieren sich oft nur auf die Besetzung von Vakanzen. Unserer Erfahrung nach f\u00fchrt dieser Ansatz nur selten zu Vorst\u00e4nden, die die Unternehmensf\u00fchrung wirklich st\u00e4rken k\u00f6nnen. Jeder Vorstand hat seine eigenen Anforderungen, und diese erfordern einen ma\u00dfgeschneiderten Prozess.<\/p>\n<p>F\u00fcr Familienunternehmen sind Kontinuit\u00e4t und Kultur oft ebenso wichtig wie fachliche Kompetenz. F\u00fcr Private-Equity-Firmen oder Portfoliounternehmen ist die F\u00e4higkeit, branchen\u00fcbergreifend zu managen und unter Druck zu liefern, oft die oberste Priorit\u00e4t. Die Kenntnis dieser Unterschiede erm\u00f6glicht es uns, die Suche so zu gestalten, dass sie den tats\u00e4chlichen Bed\u00fcrfnissen entspricht.<\/p>\n<p>Unsere Berater verf\u00fcgen \u00fcber langj\u00e4hrige Erfahrung in der Personalberatung und ein hervorragendes Netzwerk in ganz Deutschland. Indem wir unsere Kunden w\u00e4hrend des gesamten Prozesses einbeziehen, sorgen wir f\u00fcr Klarheit, Verantwortlichkeit und effektive Ergebnisse.<\/p>\n<p>Dieser ma\u00dfgeschneiderte Ansatz liefert mehr als nur geeignete Kandidaten &#8211; er entwickelt Governance-L\u00f6sungen, die nachhaltig und zukunftsorientiert sind.<\/p>\n<h2>Warum Haldren f\u00fcr die Suche nach Vorstandsmitgliedern in Hamburg w\u00e4hlen?<\/h2>\n<p>Haldren wird von Unternehmen in Hamburg f\u00fcr die Suche nach F\u00fchrungskr\u00e4ften gesch\u00e4tzt, die auf Diskretion, Professionalit\u00e4t und Ethik basieren. Wir verbinden internationale Reichweite mit lokalem Verst\u00e4ndnis und verschaffen Vorst\u00e4nden Zugang zu geeigneten Kandidaten, die in einem komplexen Umfeld erfolgreich sein k\u00f6nnen.<\/p>\n<p>Unsere Berater sind vertrauensw\u00fcrdige Berater, nicht nur Personalvermittler. Mit exzellenten Netzwerken und praktischem Beratungswissen unterst\u00fctzen sie Aufsichtsr\u00e4te und Beir\u00e4te dabei, F\u00fchrungspositionen verantwortungsvoll zu besetzen. Wir binden unsere Kunden in jeder Phase ein und halten dabei die Balance zwischen Transparenz und Vertraulichkeit.<\/p>\n<p>Wir kennen die Verantwortung, die mit der Besetzung von F\u00fchrungspositionen einhergeht. Jede Ernennung pr\u00e4gt die Unternehmensf\u00fchrung, beeinflusst die Unternehmenskultur und wirkt sich auf die langfristige Leistung aus. Unsere Dienstleistungen sind so strukturiert, dass F\u00fchrungspers\u00f6nlichkeiten mit wertvollen Erfahrungen und bew\u00e4hrten F\u00fchrungsqualit\u00e4ten auf die bestm\u00f6gliche Weise eingef\u00fchrt werden.<\/p>\n<blockquote><p><strong>Wenn Ihr Unternehmen die Suche nach einem Vorstand in Hamburg in Erw\u00e4gung zieht, kontaktieren Sie Haldren noch heute. Wir laden Sie zu einem vertraulichen Gespr\u00e4ch dar\u00fcber ein, wie unsere Berater Sie bei der Suche nach F\u00fchrungskr\u00e4ften unterst\u00fctzen k\u00f6nnen.<\/strong><\/p><\/blockquote>\n                            <\/div>\n        <\/div>\n    <\/div>\n<\/div>\n\n<div class=\"block-section accordion-main-section \">\n    <div class=\"container\">    \n                <div class=\"accordion-faqs\">\n            <h2 class=\"m-title\">Frequently Asked Questions (FAQs)<\/h2>\n                        <div class=\"item\">\n                <h3>Wie k\u00f6nnen Sie die Vertraulichkeit bei der Suche nach einem Vorstand wahren?<\/h3>\n                <div class=\"faq-content\"><p>Wir f\u00fchren jede Suche nach strengen Protokollen durch. Sensible Details werden nur an die unmittelbar Beteiligten weitergegeben, und Gespr\u00e4che mit Kandidaten werden diskret gef\u00fchrt.<\/p>\n<\/div>\n            <\/div>\n                        <div class=\"item\">\n                <h3>Warum ist Haldren anders als andere Unternehmen?<\/h3>\n                <div class=\"faq-content\"><p>Unsere Berater verf\u00fcgen \u00fcber jahrzehntelange Erfahrung in der Suche nach F\u00fchrungskr\u00e4ften und in der Beratung, wenden strukturierte Bewertungen an und kombinieren die direkte Ansprache mit digitalem Sourcing. So stellen wir sicher, dass wir Kandidaten finden, die sowohl der Kultur als auch den Anforderungen der Unternehmensf\u00fchrung entsprechen.<\/p>\n<\/div>\n            <\/div>\n                        <div class=\"item\">\n                <h3>Was ist der typische Zeitrahmen f\u00fcr eine Ernennung zum Verwaltungsrat?<\/h3>\n                <div class=\"faq-content\"><p>Die Dauer h\u00e4ngt von der Komplexit\u00e4t der Position und den Anforderungen der Branche ab. Unser strukturierter Prozess erm\u00f6glicht es uns, auf effiziente Weise eine Auswahlliste qualifizierter Kandidaten zu erstellen und dabei die Qualit\u00e4t zu wahren.<\/p>\n<\/div>\n            <\/div>\n                        <div class=\"item\">\n                <h3>Bieten Sie Unterst\u00fctzung nach der Vermittlung an?<\/h3>\n                <div class=\"faq-content\"><p>Ja. Wir bieten Unterst\u00fctzung bei der Einarbeitung, der Entwicklung von F\u00fchrungsqualit\u00e4ten und der Nachfolgeplanung, damit sich die Direktoren reibungslos integrieren und zu einer nachhaltigen Unternehmensf\u00fchrung beitragen k\u00f6nnen.<\/p>\n<\/div>\n            <\/div>\n                    <\/div>\n            <\/div>\n<\/div><\/div><div class=\"sidebar-wrapper\">\n<div class=\"wpcf7 no-js\" id=\"wpcf7-f53-o1\" lang=\"\" dir=\"ltr\" data-wpcf7-id=\"53\">\n<div class=\"screen-reader-response\"><p role=\"status\" aria-live=\"polite\" aria-atomic=\"true\"><\/p> <ul><\/ul><\/div>\n<form action=\"\/hamburg\/wp-json\/wp\/v2\/pages\/178#wpcf7-f53-o1\" method=\"post\" class=\"wpcf7-form init\" aria-label=\"Contact form\" enctype=\"multipart\/form-data\" novalidate=\"novalidate\" data-status=\"init\">\n<fieldset class=\"hidden-fields-container\"><input type=\"hidden\" name=\"_wpcf7\" value=\"53\" \/><input type=\"hidden\" name=\"_wpcf7_version\" value=\"6.1.5\" \/><input type=\"hidden\" name=\"_wpcf7_locale\" value=\"\" \/><input type=\"hidden\" name=\"_wpcf7_unit_tag\" value=\"wpcf7-f53-o1\" \/><input type=\"hidden\" name=\"_wpcf7_container_post\" value=\"0\" \/><input type=\"hidden\" name=\"_wpcf7_posted_data_hash\" value=\"\" \/>\n<\/fieldset>\n<input class=\"wpcf7-form-control wpcf7-hidden\" id=\"utm_source\" value=\"\" type=\"hidden\" name=\"utm_source\" \/>\n<input class=\"wpcf7-form-control wpcf7-hidden\" id=\"utm_medium\" value=\"\" type=\"hidden\" name=\"utm_medium\" \/>\n<input class=\"wpcf7-form-control wpcf7-hidden\" id=\"sideform_user_country\" value=\"\" type=\"hidden\" name=\"userCountry\" \/>\n<p>\\\n<\/p>\n<div class=\"form-grid-layout\">\n\t<div class=\"form-title\">\n\t\t<h2 class=\"title\">Thrive with Top Talent<br \/>\n- No Upfronts Fees\n\t\t<\/h2>\n\t\t<p>Have it easier with video interview clips and a candidate shortlist within 2-3 weeks\n\t\t<\/p>\n\t<\/div>\n\t<div class=\"input-field\">\n\t\t<p><label for=\"\">Name<\/label><br \/>\n<span class=\"wpcf7-form-control-wrap\" data-name=\"full-Name\"><input size=\"40\" maxlength=\"400\" class=\"wpcf7-form-control wpcf7-text wpcf7-validates-as-required\" aria-required=\"true\" aria-invalid=\"false\" value=\"\" type=\"text\" name=\"full-Name\" \/><\/span>\n\t\t<\/p>\n\t<\/div>\n\t<div class=\"input-field\">\n\t\t<p><label for=\"\">Email Address<\/label><br \/>\n<span class=\"wpcf7-form-control-wrap\" data-name=\"email-address\"><input size=\"40\" maxlength=\"400\" class=\"wpcf7-form-control wpcf7-email wpcf7-validates-as-required wpcf7-text wpcf7-validates-as-email\" aria-required=\"true\" aria-invalid=\"false\" value=\"\" type=\"email\" name=\"email-address\" \/><\/span>\n\t\t<\/p>\n\t<\/div>\n\t<div class=\"input-field\">\n\t\t<p><label for=\"\">Company<\/label><br \/>\n<span class=\"wpcf7-form-control-wrap\" data-name=\"company\"><input size=\"40\" maxlength=\"400\" class=\"wpcf7-form-control wpcf7-text\" aria-invalid=\"false\" value=\"\" type=\"text\" name=\"company\" \/><\/span>\n\t\t<\/p>\n\t<\/div>\n\t<div class=\"radiobox-field\">\n\t\t<p><span class=\"wpcf7-form-control-wrap\" data-name=\"radio-721company-status\"><span class=\"wpcf7-form-control wpcf7-radio\"><span class=\"wpcf7-list-item first\"><label><input type=\"radio\" name=\"radio-721company-status\" value=\"{Employer}\" \/><span class=\"wpcf7-list-item-label\">Employer<\/span><\/label><\/span><span class=\"wpcf7-list-item last\"><label><input type=\"radio\" name=\"radio-721company-status\" value=\"{Candidate}\" \/><span class=\"wpcf7-list-item-label\">Candidate<\/span><\/label><\/span><\/span><\/span>\n\t\t<\/p>\n\t<\/div>\n\t<div class=\"input-field\">\n\t\t<p><span class=\"wpcf7-form-control-wrap\" data-name=\"file-upload\"><input size=\"40\" class=\"wpcf7-form-control wpcf7-file\" accept=\".pdf\" aria-invalid=\"false\" type=\"file\" name=\"file-upload\" \/><\/span>\n\t\t<\/p>\n\t<\/div>\n\t<div class=\"textarea-field\">\n\t\t<p><label for=\"\">How can we help you?<\/label><br \/>\n<span class=\"wpcf7-form-control-wrap\" data-name=\"message\"><textarea cols=\"40\" rows=\"10\" maxlength=\"2000\" class=\"wpcf7-form-control wpcf7-textarea\" aria-invalid=\"false\" name=\"message\"><\/textarea><\/span>\n\t\t<\/p>\n\t<\/div>\n\t<p><span id=\"wpcf7-69fc8bfda6a7c-wrapper\" class=\"wpcf7-form-control-wrap nickname-wrap\" ><input id=\"wpcf7-69fc8bfda6a7c-field\"  class=\"wpcf7-form-control wpcf7-text\" type=\"text\" name=\"nickname\" value=\"\" size=\"40\" tabindex=\"-1\" autocomplete=\"off\" \/><\/span>\n\t<\/p>\n\t<div class=\"form-term\">\n\t\t<p>Submission of this form means you have agreed to our <a href=\"\/privacy-policy\/\" title=\"\">Privacy Policy<\/a> and <a href=\"\/terms-of-service\/\" title=\"\">Terms Conditions<\/a>\n\t\t<\/p>\n\t<\/div>\n\t<div class=\"submit-btn\">\n\t\t<p><input class=\"wpcf7-form-control wpcf7-submit has-spinner btn-box\" type=\"submit\" value=\"Get in Touch\" \/>\n\t\t<\/p>\n\t<\/div>\n<\/div><div class=\"wpcf7-response-output\" aria-hidden=\"true\"><\/div>\n<\/form>\n<\/div>\n<\/div><\/div>\n\n\n<div class=\"block-section client-reviews-slider \" style=\"background-color: #119084\">  \n    <div class=\"container\">\n                <div class=\"splide client-slider\">\n            <div class=\"splide__track\">\n                <div class=\"splide__list\">\n                                        <div class=\"splide__slide\">\n                        <div class=\"content-box\">\n                            <div class=\"content\">\n                                <p>&#8220;Haldren hat uns bei einer Vorstandsbestellung unterst\u00fctzt, bei der Vertraulichkeit unerl\u00e4sslich war. Ihre Berater verbanden Diskretion mit einem tiefen Verst\u00e4ndnis f\u00fcr unsere Bed\u00fcrfnisse und pr\u00e4sentierten Kandidaten, die unseren Vorstand wirklich verst\u00e4rkten.&#8221;<\/p>\n                            <\/div>\n                                                        <div class=\"name\">\n                                <strong>Thomas H.<\/strong>, \n                                Vorsitzender des Aufsichtsrates                            <\/div>\n                                                    <\/div>\n                    <\/div>\n                                        <div class=\"splide__slide\">\n                        <div class=\"content-box\">\n                            <div class=\"content\">\n                                <p>&#8220;Wir sch\u00e4tzten die Klarheit und Professionalit\u00e4t des Verfahrens von Haldren. Ihr pers\u00f6nlicher Kontakt und ihr Engagement gaben uns Vertrauen in die Direktoren, die wir f\u00fcr die Zukunft unseres Unternehmens ausgew\u00e4hlt haben.<\/p>\n                            <\/div>\n                                                        <div class=\"name\">\n                                <strong>Katrin S.<\/strong>, \n                                Gesch\u00e4ftsf\u00fchrender Direktor                            <\/div>\n                                                    <\/div>\n                    <\/div>\n                                        <div class=\"splide__slide\">\n                        <div class=\"content-box\">\n                            <div class=\"content\">\n                                <p>&#8220;Unsere Beiratssuche profitierte von Haldrens hervorragendem Netzwerk in Deutschland. Die Berater boten Einblicke und Unterst\u00fctzung, die es uns erm\u00f6glichten, F\u00fchrungspers\u00f6nlichkeiten zu ernennen, die in der Lage sind, sofort Ergebnisse zu erzielen.&#8221;<\/p>\n                            <\/div>\n                                                        <div class=\"name\">\n                                <strong>Michael L.<\/strong>, \n                                Berater f\u00fcr Portfoliounternehmen                            <\/div>\n                                                    <\/div>\n                    <\/div>\n                                    <\/div>\n            <\/div>\n        <\/div>\n            <\/div>\n<\/div>","protected":false},"excerpt":{"rendered":"","protected":false},"author":10,"featured_media":0,"parent":174,"menu_order":0,"comment_status":"closed","ping_status":"closed","template":"","meta":{"_acf_changed":false,"footnotes":""},"class_list":["post-178","page","type-page","status-publish","hentry"],"acf":[],"lang":"de","translations":{"de":178,"en":73},"jetpack_sharing_enabled":true,"pll_sync_post":[],"_links":{"self":[{"href":"https:\/\/www.haldren.com\/hamburg\/wp-json\/wp\/v2\/pages\/178","targetHints":{"allow":["GET"]}}],"collection":[{"href":"https:\/\/www.haldren.com\/hamburg\/wp-json\/wp\/v2\/pages"}],"about":[{"href":"https:\/\/www.haldren.com\/hamburg\/wp-json\/wp\/v2\/types\/page"}],"author":[{"embeddable":true,"href":"https:\/\/www.haldren.com\/hamburg\/wp-json\/wp\/v2\/users\/10"}],"replies":[{"embeddable":true,"href":"https:\/\/www.haldren.com\/hamburg\/wp-json\/wp\/v2\/comments?post=178"}],"version-history":[{"count":1,"href":"https:\/\/www.haldren.com\/hamburg\/wp-json\/wp\/v2\/pages\/178\/revisions"}],"predecessor-version":[{"id":196,"href":"https:\/\/www.haldren.com\/hamburg\/wp-json\/wp\/v2\/pages\/178\/revisions\/196"}],"up":[{"embeddable":true,"href":"https:\/\/www.haldren.com\/hamburg\/wp-json\/wp\/v2\/pages\/174"}],"wp:attachment":[{"href":"https:\/\/www.haldren.com\/hamburg\/wp-json\/wp\/v2\/media?parent=178"}],"curies":[{"name":"wp","href":"https:\/\/api.w.org\/{rel}","templated":true}]}}