{"id":215,"date":"2025-11-11T04:22:16","date_gmt":"2025-11-11T04:22:16","guid":{"rendered":"https:\/\/www.haldren.com\/marseille\/?page_id=215"},"modified":"2026-01-07T03:23:08","modified_gmt":"2026-01-07T03:23:08","slug":"recrutement-de-cadres","status":"publish","type":"page","link":"https:\/\/www.haldren.com\/marseille\/fr\/acquisition-de-talents\/recrutement-de-cadres\/","title":{"rendered":"Recrutement de cadres"},"content":{"rendered":"\n  <link rel=\"preload\" as=\"image\" href=\"https:\/\/www.haldren.com\/marseille\/wp-content\/uploads\/sites\/30\/2025\/09\/marseille-city-e1764150470730.webp\" fetchpriority=\"high\">\n  <style>\n    .inner-banner-section {\n      background-image: url('https:\/\/www.haldren.com\/marseille\/wp-content\/uploads\/sites\/30\/2025\/09\/marseille-city-e1764150470730.webp');\n      background-size: cover;\n      background-position: center;\n      background-repeat: no-repeat;\n    }\n\n    @media (max-width: 768px) {\n      .inner-banner-section {\n        background-image: url('https:\/\/www.haldren.com\/marseille\/wp-content\/uploads\/sites\/30\/2025\/09\/marseille-city-e1764150470730.webp');\n      }\n    }\n  <\/style>\n\n<div class=\"block-section inner-banner-section lazyload bg-sty section-gaps top-border-line\">\n  <div class=\"container-fluid\">\n    <div class=\"content-wrap\">\n      <h1 class=\"title\">\n        Services de recrutement de cadres \u00e0 Marseille      <\/h1>\n      <span style=\"font-size: 18px;\">Des experts-conseils guident les entreprises vers un leadership d&#8217;exception \u00e0 Marseille<\/span>\n    <\/div>\n  <\/div>\n<\/div>\n\n\n\n\n<div class=\"wp-block-custom-div-wrapper-block col-wrapper has-sidebar\"><div class=\"content-wrapper\" style=\"background-color:#002a26\">\n<div class=\"block-section section-gaps default-content-section \" \n     style=\"--text-color: #ffffff; --bg-color: #119084;\">\n    <div class=\"container\">\n        <div class=\"default-single-content-wrap\">\n            <div class=\"content-wrap\">\n                                    <h2 data-pm-slice=\"1 1 []\">Recrutement de cadres \u00e0 Marseille<\/h2>\n<p>Haldren est une agence de recrutement de cadres \u00e0 Marseille qui propose une approche \u00e9thique, structur\u00e9e et perspicace de l&#8217;acquisition de talents. Nous pensons que trouver le bon leader, c&#8217;est construire des relations, et pas seulement remplir un poste vacant.<\/p>\n<p><span data-color=\"transparent\">Nos consultants combinent une expertise locale approfondie avec un r\u00e9seau mondial pour aider les entreprises marseillaises \u00e0 trouver les bons leaders pour conduire un succ\u00e8s commercial durable. Nous traitons chaque interaction avec <\/span>soin et discr\u00e9tion, en veillant \u00e0 ce que nos clients et nos candidats se sentent respect\u00e9s et soutenus par un processus de recrutement fond\u00e9 sur la confiance<span data-color=\"transparent\"> et la transparence.<\/span><\/p>\n<p>Nos consultants agissent comme une extension de votre \u00e9quipe, travaillant comme des partenaires qui comprennent le march\u00e9 de l&#8217;emploi \u00e0 Marseille et les d\u00e9fis uniques auxquels vous \u00eates confront\u00e9s en mati\u00e8re de recrutement. <span data-color=\"transparent\">En privil\u00e9giant la qualit\u00e9 \u00e0 la quantit\u00e9, nous \u00e9valuons l&#8217;ad\u00e9quation culturelle, les comp\u00e9tences techniques et le potentiel \u00e0 long terme afin de trouver des candidats qualifi\u00e9s qui s&#8217;alignent sur les objectifs de chaque organisation.<\/span><\/p>\n<blockquote><p><strong><span data-color=\"transparent\">Haldren met en relation les entreprises avec des leaders confirm\u00e9s, en guidant chaque parcours de recrutement avec exp\u00e9rience, int\u00e9grit\u00e9 et engagement.<\/span><\/strong><\/p><\/blockquote>\n<h2>Cabinet de recrutement de cadres de haut niveau \u00e0 Marseille<\/h2>\n<p>Chez Haldren, nous sommes passionn\u00e9s par le pouvoir du leadership. Nous savons que la bonne personne dans un r\u00f4le cl\u00e9 peut transformer une entreprise de l&#8217;int\u00e9rieur. En tant qu&#8217;agence de recrutement exp\u00e9riment\u00e9e \u00e0 Marseille, notre mission est de renforcer les entreprises en pla\u00e7ant des professionnels de haut niveau qui combinent vision strat\u00e9gique et excellence op\u00e9rationnelle.<\/p>\n<p><span data-color=\"transparent\">L&#8217;expertise sectorielle de nos consultants s&#8217;\u00e9tend de la finance et de l&#8217;informatique \u00e0 la sant\u00e9 et aux technologies \u00e9mergentes. Nous aidons nos clients \u00e0 recruter des cadres qui renforcent la performance, l&#8217;innovation et l&#8217;adaptabilit\u00e9 sur le march\u00e9 comp\u00e9titif de Marseille.<\/span><\/p>\n<h4>L&#8217;\u00e9valuation<\/h4>\n<p>Chaque mission de recherche commence de la m\u00eame mani\u00e8re : par une analyse approfondie des objectifs de l&#8217;entreprise, des besoins en recrutement et de ce que notre client recherche chez un nouveau dirigeant. Gr\u00e2ce \u00e0 des discussions ouvertes et des entretiens approfondis, nous explorerons les qualit\u00e9s personnelles, les motivations et l&#8217;ad\u00e9quation culturelle qui garantiront que chaque personne recrut\u00e9e apportera une valeur ajout\u00e9e mesurable \u00e0 l&#8217;organisation.<\/p>\n<h4>Acquisition de talents<\/h4>\n<p>Nous savons que les dirigeants les plus talentueux ne recherchent pas toujours activement de nouvelles offres d&#8217;emploi. Gr\u00e2ce \u00e0 notre r\u00e9seau \u00e9tendu, \u00e0 nos outils avanc\u00e9s et \u00e0 notre approche directe, nous entrons en contact avec des professionnels exceptionnels qui ont les comp\u00e9tences et la vision n\u00e9cessaires pour exceller au sein d&#8217;entreprises dynamiques bas\u00e9es \u00e0 Marseille.<\/p>\n<h4>Transformation organisationnelle<\/h4>\n<p>Nos services ne s&#8217;arr\u00eatent pas une fois que le poste a \u00e9t\u00e9 pourvu. Nous sommes l\u00e0 pour le long terme, offrant des conseils en RH et un soutien au leadership pour promouvoir la croissance organisationnelle. <span data-color=\"transparent\">De la planification des successions \u00e0 la gestion des talents, nous agissons en tant que partenaires \u00e0 long terme en facilitant la croissance continue et le d\u00e9veloppement des cadres.<\/span><\/p>\n<h2>Notre approche du recrutement de cadres<\/h2>\n<p>Trouver le bon dirigeant n\u00e9cessite une connaissance approfondie de chaque organisation avec laquelle nous travaillons. C&#8217;est pourquoi nous commen\u00e7ons chaque projet par des sessions de d\u00e9couverte afin de comprendre la culture d&#8217;entreprise de notre client, ses lacunes en mati\u00e8re de leadership et ses priorit\u00e9s strat\u00e9giques. <span data-color=\"transparent\">Nous collaborons avec les responsables des ressources humaines, les chefs de service et les gestionnaires de comptes pour cr\u00e9er une compr\u00e9hension commune du profil du candidat id\u00e9al et des attentes salariales.<\/span><\/p>\n<p><span data-color=\"transparent\">Une fois les objectifs fix\u00e9s, nous proc\u00e9dons \u00e0 une cartographie pr\u00e9cise du march\u00e9, en \u00e9valuant les conditions du march\u00e9 local. Nos consultants utilisent ensuite leur expertise en mati\u00e8re de recrutement pour identifier les demandeurs d&#8217;emploi actifs et passifs, en combinant le r\u00e9seautage traditionnel avec des strat\u00e9gies innovantes telles que le recrutement num\u00e9rique et le ciblage bas\u00e9 sur les donn\u00e9es. <\/span><\/p>\n<p><span data-color=\"transparent\">La recherche de candidats fait appel \u00e0 la fois \u00e0 des m\u00e9thodes d&#8217;approche directe et \u00e0 la diffusion num\u00e9rique, avec l&#8217;appui de notre vaste r\u00e9seau et de nos outils avanc\u00e9s. Chaque candidat pr\u00e9s\u00e9lectionn\u00e9 passe des entretiens structur\u00e9s qui \u00e9valuent les comp\u00e9tences techniques, le style de leadership et l&#8217;ad\u00e9quation culturelle. Nous \u00e9valuons \u00e9galement les qualit\u00e9s personnelles, telles que l&#8217;adaptabilit\u00e9, l&#8217;empathie et la r\u00e9silience, afin de d\u00e9terminer si les candidats potentiels s&#8217;int\u00e9greront bien \u00e0 long terme dans l&#8217;entreprise.<\/span><\/p>\n<p>Notre soutien personnalis\u00e9 se poursuit m\u00eame apr\u00e8s la signature d&#8217;un contrat. Nous contribuons \u00e0 assurer une transition en douceur pour le nouveau dirigeant, en veillant \u00e0 ce que tout le monde soit satisfait. Tout au long du processus, vous pouvez compter sur nous pour faire preuve de discr\u00e9tion, d&#8217;\u00e9thique et de professionnalisme. La confiance est au c\u0153ur de toutes nos actions, ce qui fait de Haldren le partenaire id\u00e9al des entreprises \u00e0 la recherche des meilleurs talents en un temps record.<\/p>\n<h2>Notre expertise en tant que leader du recrutement de cadres \u00e0 Marseille<\/h2>\n<p><span data-color=\"transparent\">L&#8217;expertise de nos consultants s&#8217;\u00e9tend \u00e0 de nombreux secteurs d&#8217;activit\u00e9 et s&#8217;appuie sur une exp\u00e9rience pratique et une formation continue. Chaque consultant apporte une compr\u00e9hension profonde des d\u00e9fis de recrutement et des exigences sp\u00e9cifiques \u00e0 l&#8217;industrie, du secteur des technologies de l&#8217;information et de la finance aux organisations industrielles et de services.<\/span><\/p>\n<p>Nous combinons des outils num\u00e9riques puissants avec l&#8217;expertise humaine pour \u00e9valuer les capacit\u00e9s et le potentiel de leadership. Cette combinaison de donn\u00e9es et d&#8217;exp\u00e9rience nous permet d&#8217;identifier les meilleurs candidats pour les \u00e9quipes de nos clients. Cette approche r\u00e9fl\u00e9chie et personnalis\u00e9e garantit que chaque leader que nous pla\u00e7ons contribue directement \u00e0 la r\u00e9ussite \u00e0 long terme de l&#8217;entreprise.<\/p>\n<h4>Quelques domaines dans lesquels nous sommes sp\u00e9cialis\u00e9s<\/h4>\n<p><span data-color=\"transparent\">Notre agence de recrutement \u00e0 Marseille soutient des clients dans divers secteurs, y compris la finance, la technologie num\u00e9rique, la logistique et les services professionnels. Nous travaillons \u00e9galement en partenariat avec des organisations de la r\u00e9gion PACA pour renforcer leurs \u00e9quipes de direction, en offrant un soutien sur mesure et une approche consultative qui r\u00e9pond pr\u00e9cis\u00e9ment \u00e0 l&#8217;\u00e9volution des besoins en mati\u00e8re de recrutement.<\/span><\/p>\n<h4>Exemples de postes pour lesquels nous recrutons<\/h4>\n<p>Notre \u00e9quipe est compos\u00e9e d&#8217;experts qui recrutent pour une grande vari\u00e9t\u00e9 de r\u00f4les, des cadres sup\u00e9rieurs et des directeurs aux directeurs g\u00e9n\u00e9raux, aux scientifiques des donn\u00e9es et aux experts en cybers\u00e9curit\u00e9. <span data-color=\"transparent\">Chaque recherche de cadres est guid\u00e9e par notre engagement \u00e0 mettre en relation les clients avec des talents qualifi\u00e9s qui correspondent aux attentes techniques et culturelles.<\/span><\/p>\n<blockquote><p><strong><span data-color=\"transparent\">Pour en savoir plus sur la fa\u00e7on dont Haldren peut vous aider \u00e0 trouver les meilleurs candidats pour des postes de direction, contactez nos consultants d\u00e8s aujourd&#8217;hui.<\/span><\/strong><\/p><\/blockquote>\n<h2>Pourquoi Haldren utilise une approche personnalis\u00e9e du recrutement<\/h2>\n<p><span data-color=\"transparent\">Chaque entreprise est unique, tout comme le sont ses d\u00e9fis en mati\u00e8re de recrutement. Nos consultants ont constat\u00e9 que les cabinets de recrutement standardis\u00e9s n\u00e9gligent souvent des nuances humaines et organisationnelles essentielles. Chez Haldren, nous concevons des processus de recrutement adapt\u00e9s au mod\u00e8le d&#8217;entreprise, \u00e0 l&#8217;expertise sectorielle et aux objectifs de leadership de chaque client.<\/span><\/p>\n<p><span data-color=\"transparent\">Notre exp\u00e9rience a montr\u00e9 qu&#8217;une approche personnalis\u00e9e permet d&#8217;identifier les leaders qui non seulement r\u00e9pondent aux exigences techniques, mais s&#8217;alignent \u00e9galement sur l&#8217;\u00e9quipe et les processus RH d\u00e9j\u00e0 en place. Dans le pass\u00e9, nous avons soutenu des entreprises marseillaises o\u00f9 des diff\u00e9rences m\u00eame subtiles dans le style de leadership ou l&#8217;approche de la communication ont eu un impact sur le succ\u00e8s \u00e0 long terme.<\/span><\/p>\n<p><span data-color=\"transparent\">Ainsi, nous adaptons notre processus en fonction de la taille de l&#8217;entreprise, de sa structure et du contexte du march\u00e9 local. Qu&#8217;il s&#8217;agisse de soutenir des startups \u00e9mergentes dans la cit\u00e9 phoc\u00e9enne ou des organisations \u00e9tablies dans la r\u00e9gion Provence Alpes C\u00f4te d&#8217;Azur, nous alignons chaque engagement sur des r\u00e9sultats mesurables.<\/span><\/p>\n<h2>Pourquoi choisir Haldren pour le recrutement de cadres ?<\/h2>\n<p>Choisir Haldren, c&#8217;est s&#8217;associer \u00e0 une agence de recrutement \u00e0 Marseille reconnue pour sa confiance, son \u00e9thique et son professionnalisme. Nous abordons chaque projet avec confidentialit\u00e9 et attention, en veillant \u00e0 ce que les clients et les candidats se sentent valoris\u00e9s tout au long du processus de recrutement.<\/p>\n<p><span data-color=\"transparent\">Nos consultants assurent une communication transparente et un soutien personnalis\u00e9 depuis le premier briefing jusqu&#8217;\u00e0 l&#8217;int\u00e9gration finale. Gr\u00e2ce \u00e0 notre vaste r\u00e9seau et \u00e0 notre solide expertise sectorielle, nous obtenons des r\u00e9sultats qui ont un impact imm\u00e9diat et une croissance durable.<\/span><\/p>\n<p><span data-color=\"transparent\">Nos clients s&#8217;appuient sur notre exp\u00e9rience en mati\u00e8re de recrutement de cadres pour acc\u00e9der \u00e0 des candidats qualifi\u00e9s qui apportent des comp\u00e9tences techniques, une exp\u00e9rience en mati\u00e8re de leadership et un alignement culturel. Nous sommes fiers d&#8217;\u00eatre une agence de recrutement de confiance qui privil\u00e9gie l&#8217;int\u00e9grit\u00e9 et les relations \u00e0 long terme plut\u00f4t que les gains \u00e0 court terme.<\/span><\/p>\n<p><span data-color=\"transparent\">Les consultants de Haldren sont reconnus pour leur capacit\u00e9 \u00e0 interpr\u00e9ter avec pr\u00e9cision le march\u00e9 de Marseille et de la r\u00e9gion PACA. Gr\u00e2ce \u00e0 des m\u00e9thodes d&#8217;approche directe et \u00e0 des outils avanc\u00e9s, nous identifions les leaders capables de fa\u00e7onner l&#8217;avenir de leurs organisations.<\/span><\/p>\n<blockquote><p><strong>Vous \u00eates pr\u00eat \u00e0 renforcer votre \u00e9quipe de direction ? Contactez Haldren d\u00e8s aujourd&#8217;hui pour d\u00e9couvrir comment nos services de recrutement de cadres \u00e0 Marseille peuvent aider votre entreprise \u00e0 attirer et retenir les meilleurs talents.<\/strong><\/p><\/blockquote>\n                            <\/div>\n        <\/div>\n    <\/div>\n<\/div>\n\n<div class=\"block-section accordion-main-section \">\n    <div class=\"container\">    \n                <div class=\"accordion-faqs\">\n            <h2 class=\"m-title\">Frequently Asked Questions (FAQs)<\/h2>\n                        <div class=\"item\">\n                <h3>Comment Haldren identifie-t-il les bons talents pour notre organisation ?<\/h3>\n                <div class=\"faq-content\"><p data-pm-slice=\"1 1 []\">Nous d\u00e9marrons la recherche par une analyse approfondie des objectifs, de la culture et des besoins de votre entreprise en mati\u00e8re de recrutement. Nous proc\u00e9dons ensuite \u00e0 des entretiens approfondis, \u00e0 des \u00e9valuations techniques et \u00e0 des v\u00e9rifications minutieuses des r\u00e9f\u00e9rences afin de vous pr\u00e9senter uniquement les candidats les plus qualifi\u00e9s.<\/p>\n<\/div>\n            <\/div>\n                        <div class=\"item\">\n                <h3>Comment Haldren pr\u00e9serve-t-il la confidentialit\u00e9 lors des recherches de cadres ?<\/h3>\n                <div class=\"faq-content\"><p data-pm-slice=\"1 1 []\">La confidentialit\u00e9 est \u00e0 la base de tout ce que nous faisons. Nous prot\u00e9geons la vie priv\u00e9e des clients et des candidats tout au long du processus, depuis la prise de contact discr\u00e8te jusqu&#8217;aux entretiens confidentiels et \u00e0 la v\u00e9rification des r\u00e9f\u00e9rences. Chaque recherche est men\u00e9e avec int\u00e9grit\u00e9, professionnalisme et respect des informations sensibles.<\/p>\n<\/div>\n            <\/div>\n                        <div class=\"item\">\n                <h3>Comment Haldren mesure-t-il la r\u00e9ussite d&#039;un placement ?<\/h3>\n                <div class=\"faq-content\"><p data-pm-slice=\"1 1 []\">Le succ\u00e8s ne consiste pas seulement \u00e0 pourvoir un poste. Nous consid\u00e9rons qu&#8217;un placement est r\u00e9ussi lorsque le client et le nouveau dirigeant se sentent en confiance, soutenus et align\u00e9s. Nous assurons un suivi apr\u00e8s l&#8217;int\u00e9gration pour garantir l&#8217;int\u00e9gration, l&#8217;engagement et un impact commercial mesurable.<\/p>\n<\/div>\n            <\/div>\n                        <div class=\"item\">\n                <h3>Haldren travaille-t-il avec des organisations du secteur priv\u00e9 et du secteur public ?<\/h3>\n                <div class=\"faq-content\"><p data-pm-slice=\"1 1 []\">Oui, nos consultants soutiennent une vari\u00e9t\u00e9 d&#8217;organisations, y compris des entreprises priv\u00e9es, des institutions publiques et des entit\u00e9s \u00e0 but non lucratif. Chaque secteur a sa propre culture et son propre style de prise de d\u00e9cision, et nous adaptons notre strat\u00e9gie de recrutement en cons\u00e9quence.<\/p>\n<\/div>\n            <\/div>\n                    <\/div>\n            <\/div>\n<\/div><\/div><div class=\"sidebar-wrapper\">\n<div class=\"wpcf7 no-js\" id=\"wpcf7-f50-o1\" lang=\"\" dir=\"ltr\" data-wpcf7-id=\"50\">\n<div class=\"screen-reader-response\"><p role=\"status\" aria-live=\"polite\" aria-atomic=\"true\"><\/p> <ul><\/ul><\/div>\n<form action=\"\/marseille\/wp-json\/wp\/v2\/pages\/215#wpcf7-f50-o1\" method=\"post\" class=\"wpcf7-form init\" aria-label=\"Contact form\" enctype=\"multipart\/form-data\" novalidate=\"novalidate\" data-status=\"init\">\n<fieldset class=\"hidden-fields-container\"><input type=\"hidden\" name=\"_wpcf7\" value=\"50\" \/><input type=\"hidden\" name=\"_wpcf7_version\" value=\"6.1.5\" \/><input type=\"hidden\" name=\"_wpcf7_locale\" value=\"\" \/><input type=\"hidden\" name=\"_wpcf7_unit_tag\" value=\"wpcf7-f50-o1\" \/><input type=\"hidden\" name=\"_wpcf7_container_post\" value=\"0\" \/><input type=\"hidden\" name=\"_wpcf7_posted_data_hash\" value=\"\" \/>\n<\/fieldset>\n<input class=\"wpcf7-form-control wpcf7-hidden\" id=\"utm_source\" value=\"\" type=\"hidden\" name=\"utm_source\" \/>\n<input class=\"wpcf7-form-control wpcf7-hidden\" id=\"utm_medium\" value=\"\" type=\"hidden\" name=\"utm_medium\" \/>\n<input class=\"wpcf7-form-control wpcf7-hidden\" id=\"sideform_user_country\" value=\"\" type=\"hidden\" name=\"userCountry\" \/>\n<div class=\"form-grid-layout\">\n\t<div class=\"form-title\">\n\t\t<h2 class=\"title\">Thrive with Top Talent<br \/>\n- No Upfronts Fees\n\t\t<\/h2>\n\t\t<p>Have it easier with video interview clips and a candidate shortlist within 2-3 weeks\n\t\t<\/p>\n\t<\/div>\n\t<div class=\"input-field\">\n\t\t<p><label for=\"\">Name<\/label><br \/>\n<span class=\"wpcf7-form-control-wrap\" data-name=\"full-Name\"><input size=\"40\" maxlength=\"400\" class=\"wpcf7-form-control wpcf7-text wpcf7-validates-as-required\" aria-required=\"true\" aria-invalid=\"false\" value=\"\" type=\"text\" name=\"full-Name\" \/><\/span>\n\t\t<\/p>\n\t<\/div>\n\t<div class=\"input-field\">\n\t\t<p><label for=\"\">Email Address<\/label><br \/>\n<span class=\"wpcf7-form-control-wrap\" data-name=\"email-address\"><input size=\"40\" maxlength=\"400\" class=\"wpcf7-form-control wpcf7-email wpcf7-validates-as-required wpcf7-text wpcf7-validates-as-email\" aria-required=\"true\" aria-invalid=\"false\" value=\"\" type=\"email\" name=\"email-address\" \/><\/span>\n\t\t<\/p>\n\t<\/div>\n\t<div class=\"input-field\">\n\t\t<p><label for=\"\">Company<\/label><br \/>\n<span class=\"wpcf7-form-control-wrap\" data-name=\"company\"><input size=\"40\" maxlength=\"400\" class=\"wpcf7-form-control wpcf7-text\" aria-invalid=\"false\" value=\"\" type=\"text\" name=\"company\" \/><\/span>\n\t\t<\/p>\n\t<\/div>\n\t<div class=\"radiobox-field\">\n\t\t<p><span class=\"wpcf7-form-control-wrap\" data-name=\"radio-721company-status\"><span class=\"wpcf7-form-control wpcf7-radio\"><span class=\"wpcf7-list-item first\"><label><input type=\"radio\" name=\"radio-721company-status\" value=\"{Employer}\" \/><span class=\"wpcf7-list-item-label\">Employer<\/span><\/label><\/span><span class=\"wpcf7-list-item last\"><label><input type=\"radio\" name=\"radio-721company-status\" value=\"{Candidate}\" \/><span class=\"wpcf7-list-item-label\">Candidate<\/span><\/label><\/span><\/span><\/span>\n\t\t<\/p>\n\t<\/div>\n\t<div class=\"input-field\">\n\t\t<p><span class=\"wpcf7-form-control-wrap\" data-name=\"file-upload\"><input size=\"40\" class=\"wpcf7-form-control wpcf7-file\" accept=\".pdf\" aria-invalid=\"false\" type=\"file\" name=\"file-upload\" \/><\/span>\n\t\t<\/p>\n\t<\/div>\n\t<div class=\"textarea-field\">\n\t\t<p><label for=\"\">How can we help you?<\/label><br \/>\n<span class=\"wpcf7-form-control-wrap\" data-name=\"message\"><textarea cols=\"40\" rows=\"10\" maxlength=\"2000\" class=\"wpcf7-form-control wpcf7-textarea\" aria-invalid=\"false\" name=\"message\"><\/textarea><\/span>\n\t\t<\/p>\n\t<\/div>\n\t<p><span id=\"wpcf7-69ea5c8eaeef9-wrapper\" class=\"wpcf7-form-control-wrap nickname-wrap\" ><input id=\"wpcf7-69ea5c8eaeef9-field\"  class=\"wpcf7-form-control wpcf7-text\" type=\"text\" name=\"nickname\" value=\"\" size=\"40\" tabindex=\"-1\" autocomplete=\"off\" \/><\/span>\n\t<\/p>\n\t<div class=\"form-term\">\n\t\t<p>Submission of this form means you have agreed to our <a href=\"\/privacy-policy\/\" title=\"\">Privacy Policy<\/a> and <a href=\"\/terms-of-service\/\" title=\"\">Terms Conditions<\/a>\n\t\t<\/p>\n\t<\/div>\n\t<div class=\"submit-btn\">\n\t\t<p><input class=\"wpcf7-form-control wpcf7-submit has-spinner btn-box\" type=\"submit\" value=\"Get in Touch\" \/>\n\t\t<\/p>\n\t<\/div>\n<\/div><div class=\"wpcf7-response-output\" aria-hidden=\"true\"><\/div>\n<\/form>\n<\/div>\n<\/div><\/div>\n\n\n<div class=\"block-section client-reviews-slider \" style=\"background-color: #119084\">  \n    <div class=\"container\">\n                <div class=\"splide client-slider\">\n            <div class=\"splide__track\">\n                <div class=\"splide__list\">\n                                        <div class=\"splide__slide\">\n                        <div class=\"content-box\">\n                            <div class=\"content\">\n                                <p data-pm-slice=\"1 1 []\">&#8220;Notre exp\u00e9rience avec Haldren a \u00e9t\u00e9 exceptionnelle. Leurs consultants ont pris le temps de comprendre nos besoins en mati\u00e8re de recrutement et nous ont pr\u00e9sent\u00e9 des candidats qui correspondaient \u00e0 la fois \u00e0 nos comp\u00e9tences techniques et \u00e0 la culture de l&#8217;entreprise. Nous avons eu l&#8217;impression de travailler avec un v\u00e9ritable partenaire.<\/p>\n                            <\/div>\n                                                        <div class=\"name\">\n                                <strong>Jeanne T.<\/strong>, \n                                Associ\u00e9 g\u00e9rant                            <\/div>\n                                                    <\/div>\n                    <\/div>\n                                        <div class=\"splide__slide\">\n                        <div class=\"content-box\">\n                            <div class=\"content\">\n                                <p data-pm-slice=\"1 1 []\">&#8220;L&#8217;\u00e9quipe de Haldren a fait preuve d&#8217;une expertise et d&#8217;un professionnalisme remarquables. Le processus de recrutement a \u00e9t\u00e9 transparent et efficace, et les candidats qu&#8217;ils ont pr\u00e9sent\u00e9s \u00e9taient parmi les profils les plus recherch\u00e9s dans notre secteur. Nous sommes tr\u00e8s satisfaits du r\u00e9sultat.&#8221;<\/p>\n                            <\/div>\n                                                        <div class=\"name\">\n                                <strong>Armand L.<\/strong>, \n                                Directeur financier                            <\/div>\n                                                    <\/div>\n                    <\/div>\n                                        <div class=\"splide__slide\">\n                        <div class=\"content-box\">\n                            <div class=\"content\">\n                                <p data-pm-slice=\"1 1 []\">&#8220;Les consultants de Haldren nous ont fourni des conseils pr\u00e9cieux tout au long de notre recherche. Leur expertise locale nous a permis de trouver rapidement des talents qualifi\u00e9s, et leur communication a toujours \u00e9t\u00e9 claire, r\u00e9fl\u00e9chie et encourageante.&#8221;<\/p>\n                            <\/div>\n                                                        <div class=\"name\">\n                                <strong>Roux M.<\/strong>, \n                                Chef de projet principal                            <\/div>\n                                                    <\/div>\n                    <\/div>\n                                    <\/div>\n            <\/div>\n        <\/div>\n            <\/div>\n<\/div>","protected":false},"excerpt":{"rendered":"","protected":false},"author":10,"featured_media":0,"parent":209,"menu_order":0,"comment_status":"closed","ping_status":"closed","template":"","meta":{"_acf_changed":false,"footnotes":""},"class_list":["post-215","page","type-page","status-publish","hentry"],"acf":[],"lang":"fr","translations":{"fr":215,"en":62},"jetpack_sharing_enabled":true,"pll_sync_post":[],"_links":{"self":[{"href":"https:\/\/www.haldren.com\/marseille\/wp-json\/wp\/v2\/pages\/215","targetHints":{"allow":["GET"]}}],"collection":[{"href":"https:\/\/www.haldren.com\/marseille\/wp-json\/wp\/v2\/pages"}],"about":[{"href":"https:\/\/www.haldren.com\/marseille\/wp-json\/wp\/v2\/types\/page"}],"author":[{"embeddable":true,"href":"https:\/\/www.haldren.com\/marseille\/wp-json\/wp\/v2\/users\/10"}],"replies":[{"embeddable":true,"href":"https:\/\/www.haldren.com\/marseille\/wp-json\/wp\/v2\/comments?post=215"}],"version-history":[{"count":1,"href":"https:\/\/www.haldren.com\/marseille\/wp-json\/wp\/v2\/pages\/215\/revisions"}],"predecessor-version":[{"id":226,"href":"https:\/\/www.haldren.com\/marseille\/wp-json\/wp\/v2\/pages\/215\/revisions\/226"}],"up":[{"embeddable":true,"href":"https:\/\/www.haldren.com\/marseille\/wp-json\/wp\/v2\/pages\/209"}],"wp:attachment":[{"href":"https:\/\/www.haldren.com\/marseille\/wp-json\/wp\/v2\/media?parent=215"}],"curies":[{"name":"wp","href":"https:\/\/api.w.org\/{rel}","templated":true}]}}