{"id":189,"date":"2025-11-10T04:32:17","date_gmt":"2025-11-10T04:32:17","guid":{"rendered":"https:\/\/www.haldren.com\/munich\/?page_id=189"},"modified":"2026-01-07T03:53:38","modified_gmt":"2026-01-07T03:53:38","slug":"dienstleistungen-zur-talentakquise","status":"publish","type":"page","link":"https:\/\/www.haldren.com\/munich\/de\/talentwerving\/dienstleistungen-zur-talentakquise\/","title":{"rendered":"Dienstleistungen zur Talentakquise"},"content":{"rendered":"\n  <link rel=\"preload\" as=\"image\" href=\"https:\/\/www.haldren.com\/munich\/wp-content\/uploads\/sites\/44\/2025\/10\/munich-city-e1764148260913.webp\" fetchpriority=\"high\">\n  <style>\n    .inner-banner-section {\n      background-image: url('https:\/\/www.haldren.com\/munich\/wp-content\/uploads\/sites\/44\/2025\/10\/munich-city-e1764148260913.webp');\n      background-size: cover;\n      background-position: center;\n      background-repeat: no-repeat;\n    }\n\n    @media (max-width: 768px) {\n      .inner-banner-section {\n        background-image: url('https:\/\/www.haldren.com\/munich\/wp-content\/uploads\/sites\/44\/2025\/10\/munich-city-e1764148260913.webp');\n      }\n    }\n  <\/style>\n\n<div class=\"block-section inner-banner-section lazyload bg-sty section-gaps top-border-line\">\n  <div class=\"container-fluid\">\n    <div class=\"content-wrap\">\n      <h1 class=\"title\">\n        Talentwervingsdiensten in M\u00fcnchen      <\/h1>\n      <span style=\"font-size: 18px;\">Wir helfen M\u00fcnchner Unternehmen, qualifizierte Fachkr\u00e4fte zu gewinnen, die Teams st\u00e4rken und nachhaltiges Wachstum f\u00f6rdern<\/span>\n    <\/div>\n  <\/div>\n<\/div>\n\n\n\n\n<div class=\"wp-block-custom-div-wrapper-block col-wrapper has-sidebar\"><div class=\"content-wrapper\" style=\"background-color:#002a26\">\n<div class=\"block-section section-gaps default-content-section \" \n     style=\"--text-color: #ffffff; --bg-color: #119084;\">\n    <div class=\"container\">\n        <div class=\"default-single-content-wrap\">\n            <div class=\"content-wrap\">\n                                    <h2>F\u00fchrende Firma f\u00fcr Talentakquise in M\u00fcnchen<\/h2>\n<p>Haldren bietet Talent Acquisition Services in M\u00fcnchen mit Vertraulichkeit, Professionalit\u00e4t und messbaren Ergebnissen. Unsere Berater verbinden internationale Reichweite mit lokaler Expertise in der bayerischen Landeshauptstadt und unterst\u00fctzen Unternehmen aller Branchen, die hochqualifizierte Fachkr\u00e4fte ben\u00f6tigen. Jeder Auftrag wird von Integrit\u00e4t und Sorgfalt geleitet, so dass sich Kunden und Kandidaten w\u00e4hrend des gesamten Rekrutierungsprozesses respektiert f\u00fchlen.<\/p>\n<p>Uns wird mehr zugetraut als nur die Besetzung offener Stellen. Unsere Personalberater legen Wert auf eine langfristige Zusammenarbeit und identifizieren geeignete Kandidaten, die sowohl zu den fachlichen Anforderungen als auch zur Unternehmenskultur passen. Durch unsere Netzwerke in Deutschland und Europa bringen wir Unternehmen mit hochqualifizierten Fachkr\u00e4ften zusammen, die sofort einen Beitrag leisten und in ein festes Arbeitsverh\u00e4ltnis \u00fcbernommen werden k\u00f6nnen.<\/p>\n<p>Unsere Kunden vertrauen auf Haldren, wenn es um Diskretion, strukturierte Prozesse und Einblicke in den Stellenmarkt geht. Wir sind in M\u00fcnchen als Personalvermittler anerkannt, der Klarheit und Konsistenz bietet und Arbeitgeber mit praktischen L\u00f6sungen unterst\u00fctzt.<br \/>\n Haldren<\/p>\n<blockquote><p><strong>ist ein vertrauensw\u00fcrdiger Partner f\u00fcr die Talentakquise in M\u00fcnchen, bekannt f\u00fcr Ethik, Expertise und nachhaltige Ergebnisse.<\/strong><\/p><\/blockquote>\n<h2>Top-Tier Executive Search Firma in M\u00fcnchen<\/h2>\n<p>Wir widmen uns der Talentakquise, weil die Gewinnung von Spitzentalenten f\u00fcr das Wachstum und die Widerstandsf\u00e4higkeit eines Unternehmens von zentraler Bedeutung ist. Unsere Berater verf\u00fcgen \u00fcber ein umfassendes Wissen im Bereich Executive Search und erm\u00f6glichen es M\u00fcnchner Unternehmen, Manager, Spezialisten und F\u00fchrungskr\u00e4fte zu finden, die Strategie und Kultur st\u00e4rken. Wir wissen, dass der lokale Arbeitsmarkt dynamisch ist und von Top-Unternehmen, innovativen Start-ups und globalen Organisationen in der N\u00e4he des Stadtzentrums und des Hauptbahnhofs gepr\u00e4gt wird.<\/p>\n<h4>Bewertung<\/h4>\n<p>Jeder Auftrag beginnt mit einer gr\u00fcndlichen \u00dcberpr\u00fcfung der Unternehmensziele und Personalanforderungen. Wir erstellen Kandidatenprofile, die sowohl die technischen F\u00e4higkeiten als auch die Motivationsfaktoren ber\u00fccksichtigen, um sicherzustellen, dass die Bewerber nicht nur qualifiziert sind, sondern auch zur Unternehmenskultur passen. Unsere Bewertung geht \u00fcber den Lebenslauf hinaus und konzentriert sich auf die Arbeitsmoral und das F\u00fchrungspotenzial.<\/p>\n<h4>Talentakquise<\/h4>\n<p>Unsere Berater nutzen bew\u00e4hrte Rekrutierungsmethoden neben digitalem Sourcing, um Fachkr\u00e4fte in Branchen wie Technik, Lieferkette, Technologie und Finanzen zu finden. Wir sprechen sowohl aktive als auch passive Kandidaten an und haben so Zugang zu einem breiten Spektrum von Spezialisten. Auf diese Weise k\u00f6nnen wir unsere Kunden mit F\u00fchrungskr\u00e4ften zusammenbringen, die eine Vision f\u00fcr den Erfolg haben.<\/p>\n<h4>Organisatorische Umwandlung<\/h4>\n<p>\u00dcber die Rekrutierung hinaus unterst\u00fctzen wir Unternehmen bei der Beurteilung von F\u00fchrungskr\u00e4ften, der Nachfolgeplanung und der Managemententwicklung. Mit diesen Dienstleistungen bereiten wir Unternehmen auf die Zukunft vor und st\u00e4rken die Widerstandsf\u00e4higkeit in einer der lebenswertesten St\u00e4dte Europas. Wir agieren als langfristige Partner und stellen sicher, dass die Talentakquise zu einem nachhaltigen Unternehmenswachstum beitr\u00e4gt.<\/p>\n<h2>Unser Ansatz f\u00fcr Talentakquisitionsdienstleistungen<\/h2>\n<p>Unser Ansatz spiegelt unsere langj\u00e4hrige Erfahrung in der Personalbeschaffung in Deutschland und Europa wider. Wir beginnen jedes Projekt mit Sondierungsgespr\u00e4chen, um die Unternehmensstrategie, die Personalstrukturen und die Priorit\u00e4ten der F\u00fchrungskr\u00e4fte zu verstehen. Auf dieser Grundlage entwickeln wir Rollen-Scorecards, die die erforderlichen F\u00e4higkeiten, Qualifikationen und Charaktereigenschaften definieren.<\/p>\n<p>Anschlie\u00dfend erstellen wir eine Marktanalyse, die den Bedarf an Managern, Spezialisten und hochqualifizierten Fachkr\u00e4ften in verschiedenen Branchen wie Technik, Lieferkette, Finanzen und Technologie ber\u00fccksichtigt. Die Bewerbersuche umfasst traditionelle Netzwerke, Direktsuche, Stellenb\u00f6rsen und digitale Tools wie Social Media Recruiting und gezielte Werbung. Diese Multi-Channel-Strategie stellt sicher, dass sowohl Bewerber, die aktiv nach neuen M\u00f6glichkeiten suchen, als auch solche, die offen f\u00fcr den richtigen n\u00e4chsten Schritt sind, angesprochen werden.<\/p>\n<p>Die Beurteilung der Bewerber umfasst strukturierte Interviews, psychometrische Tests und Referenzpr\u00fcfungen. Wir erstellen eine Auswahlliste geeigneter Kandidaten und unterst\u00fctzen unsere Kunden bei Vorstellungsgespr\u00e4chen und Angebotsverhandlungen. Nach der Vermittlung stehen unsere Berater f\u00fcr die Einarbeitung zur Verf\u00fcgung, um eine erfolgreiche Integration zu gew\u00e4hrleisten.<\/p>\n<p>Was Haldren von einer herk\u00f6mmlichen Personalvermittlung unterscheidet, ist unser Engagement f\u00fcr Ethik, Vertraulichkeit und messbare Ergebnisse. Wir konzentrieren uns auf kulturelle Passung, langfristige Leistung und organisatorische Entwicklung. Unsere Berater wenden strukturierte Prozesse an, die konsequent Fachkr\u00e4fte hervorbringen, die in der Lage sind, die gesch\u00e4ftlichen Priorit\u00e4ten auf dem wettbewerbsintensiven M\u00fcnchner Arbeitsmarkt voranzutreiben.<\/p>\n<h2>Unsere Expertise als f\u00fchrende M\u00fcnchner Personalberater<\/h2>\n<p>Unsere Berater verf\u00fcgen \u00fcber langj\u00e4hrige Erfahrung in der Betreuung von Kunden in M\u00fcnchen und ganz Deutschland. Mit unserer branchen\u00fcbergreifenden Expertise verstehen wir die technischen F\u00e4higkeiten, die im Maschinenbau ben\u00f6tigt werden, die Pr\u00e4zision, die in der Lieferkette erforderlich ist, und die Innovation, die Technologie und Finanzen vorantreibt.<\/p>\n<p>Wir entwickeln uns st\u00e4ndig weiter, um mit den sich entwickelnden Branchen Schritt zu halten und sicherzustellen, dass unsere Beratung f\u00fcr Arbeitgeber und Kandidaten relevant bleibt. Diese Anpassungsf\u00e4higkeit erm\u00f6glicht es uns, Recruiting-Unterst\u00fctzung anzubieten, die internationale Standards mit lokalem Wissen \u00fcber die bayerische Hauptstadt M\u00fcnchen verbindet.<\/p>\n<h4>Einige Bereiche, auf die wir uns spezialisiert haben<\/h4>\n<p>Wir betreuen regelm\u00e4\u00dfig Kunden aus den Bereichen Ingenieurwesen, Technologie, Supply Chain, Finanzen, Management und Vertrieb. M\u00fcnchen bietet einen florierenden Arbeitsmarkt, der von Top-Unternehmen und innovativen Start-Ups gepr\u00e4gt ist, so dass die Nachfrage nach qualifizierten Fachkr\u00e4ften konstant hoch ist. Unsere Berater arbeiten branchen\u00fcbergreifend mit einem klaren Fokus auf die Abstimmung der Rekrutierungsergebnisse mit den Unternehmenszielen.<\/p>\n<h4>Beispiele f\u00fcr Rollen, f\u00fcr die wir rekrutieren<\/h4>\n<p>Wir rekrutieren f\u00fcr C-Suite-F\u00fchrungskr\u00e4fte, Senior Manager, Beschaffungsleiter, Vertriebsleiter, Finanzspezialisten, Personalleiter und Technologiemanager. Jeder Auftrag spiegelt unsere Mission wider, Top-Talente vorzustellen, die den Betrieb st\u00e4rken, die Entwicklung vorantreiben und den langfristigen Unternehmenserfolg unterst\u00fctzen k\u00f6nnen.<\/p>\n<blockquote><p><strong>Wenn Ihr Unternehmen \u00fcber die n\u00e4chste Einstellung nachdenkt, laden wir Sie ein, sich mit Haldren in Verbindung zu setzen, um mehr \u00fcber die F\u00fchrungspositionen zu erfahren, f\u00fcr die wir rekrutieren, und wie unser Team Ihr zuk\u00fcnftiges Wachstum unterst\u00fctzen kann.<\/strong><\/p><\/blockquote>\n<h2>Warum Haldren einen ma\u00dfgeschneiderten Ansatz f\u00fcr die Rekrutierung verwendet<\/h2>\n<p>Unsere Berater haben gelernt, dass keine zwei Unternehmen die Rekrutierung auf die gleiche Weise angehen. In M\u00fcnchen stehen so unterschiedliche Branchen wie der Maschinenbau und das Finanzwesen vor unterschiedlichen Herausforderungen bei der Personalsuche. Ein allgemeiner Rekrutierungsprozess kann solch unterschiedlichen Anforderungen nicht gerecht werden.<\/p>\n<p>Ein Kunde ben\u00f6tigte zum Beispiel Supply Chain Manager, die schnell auf Beschaffungsanforderungen reagieren konnten. Ein anderer suchte Vertriebsleiter, die in der Lage sind, die Expansion in neue M\u00e4rkte zu steuern. In jedem Fall passten wir unsere Methoden an, indem wir die Beurteilungen, die Kontaktkan\u00e4le und die Bewertungen der Kandidaten anpassten. Diese Erfahrungen haben uns gezeigt, dass effektives Recruiting Flexibilit\u00e4t und durchdachtes Engagement erfordert.<\/p>\n<p>Wir wenden strukturierte Prozesse an, passen sie aber an den Kontext des Kunden an. Unsere Berater h\u00f6ren zu, bewerten und passen an. Auf diese Weise helfen wir unseren Kunden, Mitarbeiter zu finden, die f\u00fcr langfristige Stabilit\u00e4t und nicht f\u00fcr kurzfristige L\u00f6sungen verantwortlich sind. Auf diese Weise kommt unsere Arbeit in einer der lebenswertesten St\u00e4dte Deutschlands Jahr f\u00fcr Jahr den Unternehmen zugute.<\/p>\n<h2>Warum Haldren f\u00fcr die Personalbeschaffung w\u00e4hlen?<\/h2>\n<p>Die Wahl eines Partners f\u00fcr die Personalbeschaffung in M\u00fcnchen erfordert Vertrauen, Vertraulichkeit und bew\u00e4hrte Kompetenz. Der Ruf von Haldren beruht auf konsistenten Ergebnissen, ethischen Praktiken und der Diskretion unserer Berater. Wir unterst\u00fctzen Kunden aus allen Branchen bei der Suche nach Fachkr\u00e4ften, die einen messbaren Mehrwert liefern.<\/p>\n<p>Wir sind keine Personalagentur, die sich ausschlie\u00dflich auf die Besetzung von Stellen konzentriert. Stattdessen bauen wir Beziehungen auf, die von Dauer sind. Unsere Berater bieten langfristige Unterst\u00fctzung und begleiten Personalleiter und Manager \u00fcber die erste Einstellung hinaus. Unsere Kunden entscheiden sich f\u00fcr uns, weil unsere Methoden strukturierte Prozesse, kulturelles Verst\u00e4ndnis und einen Fokus auf nachhaltige Ergebnisse kombinieren.<\/p>\n<p>Mit starken Netzwerken in ganz Deutschland und Europa bieten wir Arbeitgebern Zugang zu Kandidaten, die \u00fcber die \u00fcblichen Rekrutierungskan\u00e4le nicht sichtbar sind. Jeder Auftrag wird vertraulich ausgef\u00fchrt, um sowohl Kunden als auch Bewerber zu respektieren.<\/p>\n<blockquote><p><strong>Wenn Sie \u00fcber Ihre n\u00e4chsten Schritte in der Talentakquise nachdenken, empfehlen wir Ihnen, sich noch heute mit Haldren in Verbindung zu setzen. Unsere Berater sind bereit, Ihre Bed\u00fcrfnisse zu besprechen und Sie bei der Suche nach den richtigen Fachkr\u00e4ften f\u00fcr Ihr Unternehmen zu unterst\u00fctzen.<\/strong><\/p><\/blockquote>\n                            <\/div>\n        <\/div>\n    <\/div>\n<\/div>\n\n<div class=\"block-section accordion-main-section \">\n    <div class=\"container\">    \n                <div class=\"accordion-faqs\">\n            <h2 class=\"m-title\">Frequently Asked Questions (FAQs)<\/h2>\n                        <div class=\"item\">\n                <h3>Wie stellen Sie sicher, dass ein Bewerber \u00fcber die technischen F\u00e4higkeiten hinaus passt?<\/h3>\n                <div class=\"faq-content\"><p>Wir bewerten Bewerber nicht nur nach ihrer Erfahrung, sondern auch nach ihrer Arbeitsmoral, Pers\u00f6nlichkeit und Motivation. Dieser Ansatz gew\u00e4hrleistet eine kulturelle Anpassung und langfristigen Erfolg.<\/p>\n<\/div>\n            <\/div>\n                        <div class=\"item\">\n                <h3>Wie sieht der typische Zeitplan f\u00fcr Talentakquisitionsdienste aus?<\/h3>\n                <div class=\"faq-content\"><p>Der Prozess variiert je nach Aufgabe und Marktnachfrage. Viele Projekte dauern 8-12 Wochen, dringende Auftr\u00e4ge k\u00f6nnen jedoch beschleunigt werden.<\/p>\n<\/div>\n            <\/div>\n                        <div class=\"item\">\n                <h3>Wie stark sind die Kunden in den Einstellungsprozess involviert?<\/h3>\n                <div class=\"faq-content\"><p>Wir arbeiten kollaborativ. Die Kunden beteiligen sich an der Definition der Rolle, der Pr\u00fcfung der Auswahllisten und der Durchf\u00fchrung der abschlie\u00dfenden Gespr\u00e4che, w\u00e4hrend wir die Beschaffung, Bewertung und Kommunikation \u00fcbernehmen.<\/p>\n<\/div>\n            <\/div>\n                        <div class=\"item\">\n                <h3>Welche Unterst\u00fctzung bieten Sie nach einer Vermittlung an?<\/h3>\n                <div class=\"faq-content\"><p>Unsere Berater stehen w\u00e4hrend der Einf\u00fchrungs- und fr\u00fchen Besch\u00e4ftigungsphase zur Verf\u00fcgung. Diese Nachbetreuung stellt sicher, dass Manager und Mitarbeiter unterst\u00fctzt werden und die Vermittlung den erwarteten Nutzen erbringt.<\/p>\n<\/div>\n            <\/div>\n                    <\/div>\n            <\/div>\n<\/div><\/div><div class=\"sidebar-wrapper\">\n<div class=\"wpcf7 no-js\" id=\"wpcf7-f52-o1\" lang=\"\" dir=\"ltr\" data-wpcf7-id=\"52\">\n<div class=\"screen-reader-response\"><p role=\"status\" aria-live=\"polite\" aria-atomic=\"true\"><\/p> <ul><\/ul><\/div>\n<form action=\"\/munich\/wp-json\/wp\/v2\/pages\/189#wpcf7-f52-o1\" method=\"post\" class=\"wpcf7-form init\" aria-label=\"Contact form\" enctype=\"multipart\/form-data\" novalidate=\"novalidate\" data-status=\"init\">\n<fieldset class=\"hidden-fields-container\"><input type=\"hidden\" name=\"_wpcf7\" value=\"52\" \/><input type=\"hidden\" name=\"_wpcf7_version\" value=\"6.1.5\" \/><input type=\"hidden\" name=\"_wpcf7_locale\" value=\"\" \/><input type=\"hidden\" name=\"_wpcf7_unit_tag\" value=\"wpcf7-f52-o1\" \/><input type=\"hidden\" name=\"_wpcf7_container_post\" value=\"0\" \/><input type=\"hidden\" name=\"_wpcf7_posted_data_hash\" value=\"\" \/>\n<\/fieldset>\n<input class=\"wpcf7-form-control wpcf7-hidden\" id=\"utm_source\" value=\"\" type=\"hidden\" name=\"utm_source\" \/>\n<input class=\"wpcf7-form-control wpcf7-hidden\" id=\"utm_medium\" value=\"\" type=\"hidden\" name=\"utm_medium\" \/>\n<input class=\"wpcf7-form-control wpcf7-hidden\" id=\"sideform_user_country\" value=\"\" type=\"hidden\" name=\"userCountry\" \/>\n<div class=\"form-grid-layout\">\n\t<div class=\"form-title\">\n\t\t<h2 class=\"title\">Bloeien met toptalent<br \/>\n- Geen kosten vooraf\n\t\t<\/h2>\n\t\t<p>Maak het uzelf gemakkelijker met videogespreksfragmenten en een shortlist van kandidaten binnen 2-3 weken.\n\t\t<\/p>\n\t<\/div>\n\t<div class=\"input-field\">\n\t\t<p><label for=\"\">Naam<\/label><br \/>\n<span class=\"wpcf7-form-control-wrap\" data-name=\"full-Name\"><input size=\"40\" maxlength=\"400\" class=\"wpcf7-form-control wpcf7-text wpcf7-validates-as-required\" aria-required=\"true\" aria-invalid=\"false\" value=\"\" type=\"text\" name=\"full-Name\" \/><\/span>\n\t\t<\/p>\n\t<\/div>\n\t<div class=\"input-field\">\n\t\t<p><label for=\"\">E-mailadres<\/label><br \/>\n<span class=\"wpcf7-form-control-wrap\" data-name=\"email-address\"><input size=\"40\" maxlength=\"400\" class=\"wpcf7-form-control wpcf7-email wpcf7-validates-as-required wpcf7-text wpcf7-validates-as-email\" aria-required=\"true\" aria-invalid=\"false\" value=\"\" type=\"email\" name=\"email-address\" \/><\/span>\n\t\t<\/p>\n\t<\/div>\n\t<div class=\"input-field\">\n\t\t<p><label for=\"\">Bedrijf<\/label><br \/>\n<span class=\"wpcf7-form-control-wrap\" data-name=\"company\"><input size=\"40\" maxlength=\"400\" class=\"wpcf7-form-control wpcf7-text\" aria-invalid=\"false\" value=\"\" type=\"text\" name=\"company\" \/><\/span>\n\t\t<\/p>\n\t<\/div>\n\t<div class=\"radiobox-field\">\n\t\t<p><span class=\"wpcf7-form-control-wrap\" data-name=\"radio-721company-status\"><span class=\"wpcf7-form-control wpcf7-radio\"><span class=\"wpcf7-list-item first\"><label><input type=\"radio\" name=\"radio-721company-status\" value=\"{Employer}\" \/><span class=\"wpcf7-list-item-label\">Werkgever<\/span><\/label><\/span><span class=\"wpcf7-list-item last\"><label><input type=\"radio\" name=\"radio-721company-status\" value=\"{Candidate}\" \/><span class=\"wpcf7-list-item-label\">Kandidaat<\/span><\/label><\/span><\/span><\/span>\n\t\t<\/p>\n\t<\/div>\n\t<div class=\"input-field\">\n\t\t<p><span class=\"wpcf7-form-control-wrap\" data-name=\"file-upload\"><input size=\"40\" class=\"wpcf7-form-control wpcf7-file\" accept=\".pdf\" aria-invalid=\"false\" type=\"file\" name=\"file-upload\" \/><\/span>\n\t\t<\/p>\n\t<\/div>\n\t<div class=\"textarea-field\">\n\t\t<p><label for=\"\">Hoe kunnen we u helpen?<\/label><br \/>\n<span class=\"wpcf7-form-control-wrap\" data-name=\"message\"><textarea cols=\"40\" rows=\"10\" maxlength=\"2000\" class=\"wpcf7-form-control wpcf7-textarea\" aria-invalid=\"false\" name=\"message\"><\/textarea><\/span>\n\t\t<\/p>\n\t<\/div>\n\t<p><span id=\"wpcf7-6a01cbb65e0ec-wrapper\" class=\"wpcf7-form-control-wrap nickname-wrap\" ><input id=\"wpcf7-6a01cbb65e0ec-field\"  class=\"wpcf7-form-control wpcf7-text\" type=\"text\" name=\"nickname\" value=\"\" size=\"40\" tabindex=\"-1\" autocomplete=\"off\" \/><\/span>\n\t<\/p>\n\t<div class=\"form-term\">\n\t\t<p>Submission of this form means you have agreed to our <a href=\"\/privacy-policy\/\" title=\"\">Privacy Policy<\/a> and <a href=\"\/terms-of-service\/\" title=\"\">Terms Conditions<\/a>\n\t\t<\/p>\n\t<\/div>\n\t<div class=\"submit-btn\">\n\t\t<p><input class=\"wpcf7-form-control wpcf7-submit has-spinner btn-box\" type=\"submit\" value=\"Neem contact op\" \/>\n\t\t<\/p>\n\t<\/div>\n<\/div><div class=\"wpcf7-response-output\" aria-hidden=\"true\"><\/div>\n<\/form>\n<\/div>\n<\/div><\/div>\n\n\n<div class=\"block-section client-reviews-slider \" style=\"background-color: #119084\">  \n    <div class=\"container\">\n                <div class=\"splide client-slider\">\n            <div class=\"splide__track\">\n                <div class=\"splide__list\">\n                                        <div class=\"splide__slide\">\n                        <div class=\"content-box\">\n                            <div class=\"content\">\n                                <p>&#8220;Die Zusammenarbeit mit Haldren hat uns von Anfang an Vertrauen gegeben. Die Personalberater haben unser Gesch\u00e4ft verstanden und Spezialisten gefunden, die sowohl von ihren F\u00e4higkeiten als auch von ihrem Charakter her zu uns passten. Wir sch\u00e4tzten ihre Klarheit und stetige Unterst\u00fctzung w\u00e4hrend der gesamten Zeit.<\/p>\n                            <\/div>\n                                                        <div class=\"name\">\n                                <strong>Markus H.<\/strong>, \n                                Senior Manager                            <\/div>\n                                                    <\/div>\n                    <\/div>\n                                        <div class=\"splide__slide\">\n                        <div class=\"content-box\">\n                            <div class=\"content\">\n                                <p>&#8220;Die Berater von Haldren sind bei unserer Suche mit Professionalit\u00e4t und Diskretion vorgegangen. Sie vermittelten uns geeignete Kandidaten, die hochqualifizierte Fachleute waren, und blieben bis zum Abschluss der erfolgreichen Vermittlung involviert.<\/p>\n                            <\/div>\n                                                        <div class=\"name\">\n                                <strong>Anna K.<\/strong>, \n                                Personalleiter                            <\/div>\n                                                    <\/div>\n                    <\/div>\n                                        <div class=\"splide__slide\">\n                        <div class=\"content-box\">\n                            <div class=\"content\">\n                                <p>&#8220;Wir haben mit Haldren in einer Phase der schnellen Entwicklung zusammengearbeitet. Ihre Expertise im Executive Search und ihre Verpflichtung zur Vertraulichkeit machten sie zu einem zuverl\u00e4ssigen Personalvermittler f\u00fcr die Anforderungen unseres Managementteams in M\u00fcnchen.&#8221;<\/p>\n                            <\/div>\n                                                        <div class=\"name\">\n                                <strong>Stefan L.<\/strong>, \n                                Leiter der Finanzabteilung                            <\/div>\n                                                    <\/div>\n                    <\/div>\n                                    <\/div>\n            <\/div>\n        <\/div>\n            <\/div>\n<\/div>","protected":false},"excerpt":{"rendered":"","protected":false},"author":10,"featured_media":0,"parent":174,"menu_order":0,"comment_status":"closed","ping_status":"closed","template":"","meta":{"_acf_changed":false,"footnotes":""},"class_list":["post-189","page","type-page","status-publish","hentry"],"acf":[],"lang":"de","translations":{"de":189,"en":56},"jetpack_sharing_enabled":true,"pll_sync_post":[],"_links":{"self":[{"href":"https:\/\/www.haldren.com\/munich\/wp-json\/wp\/v2\/pages\/189","targetHints":{"allow":["GET"]}}],"collection":[{"href":"https:\/\/www.haldren.com\/munich\/wp-json\/wp\/v2\/pages"}],"about":[{"href":"https:\/\/www.haldren.com\/munich\/wp-json\/wp\/v2\/types\/page"}],"author":[{"embeddable":true,"href":"https:\/\/www.haldren.com\/munich\/wp-json\/wp\/v2\/users\/10"}],"replies":[{"embeddable":true,"href":"https:\/\/www.haldren.com\/munich\/wp-json\/wp\/v2\/comments?post=189"}],"version-history":[{"count":3,"href":"https:\/\/www.haldren.com\/munich\/wp-json\/wp\/v2\/pages\/189\/revisions"}],"predecessor-version":[{"id":219,"href":"https:\/\/www.haldren.com\/munich\/wp-json\/wp\/v2\/pages\/189\/revisions\/219"}],"up":[{"embeddable":true,"href":"https:\/\/www.haldren.com\/munich\/wp-json\/wp\/v2\/pages\/174"}],"wp:attachment":[{"href":"https:\/\/www.haldren.com\/munich\/wp-json\/wp\/v2\/media?parent=189"}],"curies":[{"name":"wp","href":"https:\/\/api.w.org\/{rel}","templated":true}]}}