{"id":313,"date":"2025-09-18T05:03:39","date_gmt":"2025-09-18T05:03:39","guid":{"rendered":"https:\/\/www.haldren.com\/paris\/?page_id=66"},"modified":"2025-09-19T04:20:35","modified_gmt":"2025-09-19T04:20:35","slug":"recherche-de-cadres","status":"publish","type":"page","link":"https:\/\/www.haldren.com\/paris\/fr\/acquisition-de-talents\/recherche-de-cadres\/","title":{"rendered":"Recherche de cadres"},"content":{"rendered":"\n  <link rel=\"preload\" as=\"image\" href=\"https:\/\/www.haldren.com\/paris\/wp-content\/uploads\/sites\/20\/2025\/08\/france-city-e1764152049722.webp\" fetchpriority=\"high\">\n  <style>\n    .inner-banner-section {\n      background-image: url('https:\/\/www.haldren.com\/paris\/wp-content\/uploads\/sites\/20\/2025\/08\/france-city-e1764152049722.webp');\n      background-size: cover;\n      background-position: center;\n      background-repeat: no-repeat;\n    }\n\n    @media (max-width: 768px) {\n      .inner-banner-section {\n        background-image: url('https:\/\/www.haldren.com\/paris\/wp-content\/uploads\/sites\/20\/2025\/08\/france-city-e1764152049722.webp');\n      }\n    }\n  <\/style>\n\n<div class=\"block-section inner-banner-section lazyload bg-sty section-gaps top-border-line\">\n  <div class=\"container-fluid\">\n    <div class=\"content-wrap\">\n      <h1 class=\"title\">\n        Services de recherche de cadres \u00e0 Paris      <\/h1>\n      <span style=\"font-size: 18px;\">Mettre en relation des talents de premier plan avec des organisations de premier plan \u00e0 Paris, en France, et au-del\u00e0.<\/span>\n    <\/div>\n  <\/div>\n<\/div>\n\n\n\n\n<div class=\"wp-block-custom-div-wrapper-block col-wrapper has-sidebar\"><div class=\"content-wrapper\" style=\"background-color:#002a26\">\n<div class=\"block-section section-gaps default-content-section \" \n     style=\"--text-color: #ffffff; --bg-color: #119084;\">\n    <div class=\"container\">\n        <div class=\"default-single-content-wrap\">\n            <div class=\"content-wrap\">\n                                    <h2>Premier cabinet de recrutement de cadres \u00e0 Paris<\/h2>\n<p>Haldren apporte une grande exp\u00e9rience dans le recrutement de cadres \u00e0 Paris, en combinant une expertise locale avec une couverture mondiale du march\u00e9. Avec un r\u00e9seau qui couvre l&#8217;Europe, l&#8217;Am\u00e9rique latine et l&#8217;Asie, l&#8217;\u00e9quipe applique une compr\u00e9hension approfondie de l&#8217;\u00e9conomie mondiale pour aider les entreprises \u00e0 recruter des cadres dans les domaines de la finance, de la technologie et de l&#8217;assurance. Les clients b\u00e9n\u00e9ficient d&#8217;un processus personnalis\u00e9 qui commence par des v\u00e9rifications approfondies des r\u00e9f\u00e9rences et se poursuit par un soutien \u00e0 l&#8217;int\u00e9gration.<\/p>\n<blockquote><p><strong>Haldren se distingue parmi les cabinets de recrutement de cadres par son vaste r\u00e9seau d&#8217;experts de l&#8217;industrie, son engagement \u00e0 la confidentialit\u00e9 et son d\u00e9vouement \u00e0 fournir les meilleurs talents dans divers secteurs.<\/strong><\/p><\/blockquote>\n<h2>Cabinet de recrutement de cadres de haut niveau \u00e0 Paris<\/h2>\n<p>La passion d&#8217;Haldren pour les services de recherche de cadres dirigeants est \u00e0 l&#8217;origine de chaque mission. Nos consultants abordent chaque mission comme un projet unique, en s&#8217;assurant de recruter des talents capables d&#8217;\u00e9lever la valeur de la marque et de maintenir des normes de qualit\u00e9 \u00e9lev\u00e9es.<\/p>\n<p>Notre mission est claire : donner du pouvoir aux entreprises gr\u00e2ce \u00e0 un recrutement de pr\u00e9cision. Nos valeurs fondamentales &#8211; l&#8217;int\u00e9grit\u00e9, la collaboration et l&#8217;orientation client &#8211; guident chacune de nos d\u00e9cisions.<\/p>\n<p>Nos recruteurs poss\u00e8dent une exp\u00e9rience de premi\u00e8re main dans divers secteurs. Ils s&#8217;appuient sur un vaste r\u00e9seau de cadres dans les domaines du marketing, de la fabrication et des op\u00e9rations pour trouver les meilleurs candidats pour chaque poste.<\/p>\n<p>Nos experts entretiennent des relations \u00e9troites avec les meilleurs professionnels, combinant la connaissance du march\u00e9 avec des outils de gestion des talents pour faire correspondre les comp\u00e9tences et l&#8217;ad\u00e9quation \u00e0 la culture.<\/p>\n<h4>L&#8217;\u00e9valuation<\/h4>\n<p>Haldren utilise un cadre d&#8217;entretien structur\u00e9 qui examine les comp\u00e9tences techniques et les traits de leadership. Les tests psychom\u00e9triques permettent d&#8217;identifier les points forts et les domaines \u00e0 d\u00e9velopper. Nous compl\u00e9tons ces m\u00e9thodes par des v\u00e9rifications approfondies des r\u00e9f\u00e9rences afin de confirmer les r\u00e9alisations pass\u00e9es.<\/p>\n<h4>Acquisition de talents<\/h4>\n<p>Notre processus d&#8217;acquisition de talents commence par une recherche cibl\u00e9e \u00e0 Paris et dans toute l&#8217;Europe. Nous recrutons des candidats passifs par le biais d&#8217;une approche discr\u00e8te et d&#8217;\u00e9v\u00e9nements sectoriels. Chaque candidat est \u00e9valu\u00e9 en fonction des exigences du poste et de la culture de l&#8217;entreprise.<\/p>\n<h4>Transformation organisationnelle<\/h4>\n<p>Nous soutenons le changement organisationnel en pla\u00e7ant des cadres \u00e9quip\u00e9s pour mener des initiatives de croissance. Nos placements sont souvent \u00e0 l&#8217;origine d&#8217;une restructuration ou d&#8217;une expansion du march\u00e9. Des examens de suivi permettent de s&#8217;assurer que nos candidats r\u00e9pondent aux attentes en mati\u00e8re de performances.<\/p>\n<h2>Notre approche des services de recherche de cadres<\/h2>\n<p>Largement reconnu comme un leader dans le domaine, Haldren combine des m\u00e9thodes \u00e9prouv\u00e9es avec des outils innovants pour am\u00e9liorer chaque recherche. Le processus commence par une r\u00e9union d&#8217;accueil d\u00e9taill\u00e9e au cours de laquelle les consultants recueillent des informations sur les objectifs et la culture de l&#8217;entreprise, ainsi que sur le profil du candidat id\u00e9al. Cette \u00e9tape pose les bases d&#8217;une cartographie pr\u00e9cise des talents.<\/p>\n<p>Ensuite, notre \u00e9quipe \u00e9labore une strat\u00e9gie de sourcing en s&#8217;appuyant sur un vaste r\u00e9seau de consultants et de recruteurs \u00e0 Paris, en Europe et en Am\u00e9rique latine. Nous utilisons des logiciels avanc\u00e9s de suivi des candidats et d&#8217;analyse des talents pour contr\u00f4ler les contacts et les taux de r\u00e9ponse.<\/p>\n<p>Pendant la phase de s\u00e9lection, nous proc\u00e9dons \u00e0 des \u00e9valuations rigoureuses comprenant des entretiens comportementaux et des profils psychom\u00e9triques. Cette approche garantit une compr\u00e9hension approfondie du potentiel de leadership, de l&#8217;engagement et de l&#8217;ad\u00e9quation culturelle de chaque candidat.<\/p>\n<p>Les candidats pr\u00e9s\u00e9lectionn\u00e9s font l&#8217;objet d&#8217;une v\u00e9rification compl\u00e8te des r\u00e9f\u00e9rences, au cours de laquelle nos consultants v\u00e9rifient les r\u00e9alisations et recueillent les commentaires d&#8217;anciens coll\u00e8gues. Nous pr\u00e9sentons ensuite une s\u00e9lection de cadres qui correspondent aux exigences du poste et \u00e0 la vision de notre client.<\/p>\n<p>Enfin, Haldren offre un soutien \u00e0 l&#8217;int\u00e9gration pour aider les nouvelles recrues \u00e0 s&#8217;int\u00e9grer en douceur. Nous fournissons des conseils sur les \u00e9tapes de performance et facilitons la communication entre le candidat et l&#8217;entreprise qui l&#8217;embauche. Notre engagement en faveur des pratiques \u00e9thiques et de la diversit\u00e9 sous-tend chaque \u00e9tape, car nous promouvons des strat\u00e9gies de recrutement inclusives afin d&#8217;obtenir de meilleurs r\u00e9sultats.<\/p>\n<h2>Notre exp\u00e9rience en tant que recruteurs de cadres de premier plan<\/h2>\n<p>Les consultants Haldren poss\u00e8dent des connaissances techniques en mati\u00e8re de gestion de marque, de financement de la vente au d\u00e9tail et d&#8217;op\u00e9rations de conception, ce qui leur permet de comprendre les nuances du secteur des produits de luxe. Ils ont g\u00e9r\u00e9 des recherches pour des PDG, des directeurs de l&#8217;exploitation et des directeurs du marketing, en s&#8217;appuyant sur une exp\u00e9rience de premi\u00e8re main acquise au sein de grandes maisons de couture.<\/p>\n<p>Notre \u00e9quipe participe activement \u00e0 des conf\u00e9rences et des s\u00e9minaires du secteur pour se tenir au courant des tendances du march\u00e9 et des nouveaux viviers de talents. L&#8217;apprentissage continu est au c\u0153ur de notre approche, qu&#8217;il s&#8217;agisse d&#8217;assister \u00e0 des panels sur le commerce num\u00e9rique ou \u00e0 des ateliers sur l&#8217;approvisionnement durable.<\/p>\n<p>Plusieurs consultants sont titulaires de dipl\u00f4mes sup\u00e9rieurs en administration des affaires et de certifications en gestion des talents, ce qui t\u00e9moigne de l&#8217;engagement de Haldren en faveur de l&#8217;excellence professionnelle. Ces dipl\u00f4mes compl\u00e8tent des r\u00e9alisations pratiques, telles que la conduite de campagnes de recrutement pour des marques mondiales pendant des phases de croissance rapide.<\/p>\n<p>Ce m\u00e9lange de rigueur acad\u00e9mique et de r\u00e9ussite dans le monde r\u00e9el nous permet de guider nos clients dans des recrutements complexes, qu&#8217;il s&#8217;agisse de responsables de back-office dans la finance ou de directeurs de la cr\u00e9ation dans le design. La connaissance qu&#8217;ont nos consultants des r\u00e9mun\u00e9rations comp\u00e9titives et des normes culturelles aide nos clients \u00e0 prendre des d\u00e9cisions \u00e9clair\u00e9es.<br \/>\nLa r\u00e9putation de Haldren repose sur des r\u00e9sultats constants et des relations de longue date avec des entreprises dans toute l&#8217;Europe et au-del\u00e0. Notre capacit\u00e9 \u00e0 placer des cadres qui stimulent la croissance du chiffre d&#8217;affaires et renforcent la culture organisationnelle souligne notre autorit\u00e9 sur le march\u00e9.<\/p>\n<h4>Quelques domaines dans lesquels nous sommes sp\u00e9cialis\u00e9s<\/h4>\n<p>Notre expertise va au-del\u00e0 des produits de luxe et s&#8217;\u00e9tend \u00e0 la finance, \u00e0 la technologie, \u00e0 la fabrication et \u00e0 l&#8217;assurance, gr\u00e2ce \u00e0 notre connaissance approfondie de secteurs vari\u00e9s. Nous aidons les organisations \u00e0 recruter des cadres capables de relever les d\u00e9fis des march\u00e9s \u00e0 forte croissance ou de stabiliser les op\u00e9rations pendant les changements \u00e9conomiques.<\/p>\n<p>Qu&#8217;il s&#8217;agisse de soutenir une startup dans le domaine de la technologie ou un assureur \u00e9tabli, nous nous concentrons sur la constitution d&#8217;\u00e9quipes de direction qui s&#8217;alignent sur les objectifs uniques de chaque entreprise. Nos consultants adaptent les meilleures pratiques d&#8217;un secteur \u00e0 l&#8217;autre, garantissant ainsi des strat\u00e9gies de recrutement innovantes.<\/p>\n<p>Avec une forte pr\u00e9sence \u00e0 Paris, en France, et des connexions en Europe et en Am\u00e9rique latine, Haldren conseille sur les missions internationales. Nous guidons nos clients dans la gestion des talents transfrontaliers, l&#8217;int\u00e9gration culturelle et les questions de conformit\u00e9 afin d&#8217;obtenir les meilleurs talents dans le monde entier.<\/p>\n<h4>Exemples de postes pour lesquels nous recrutons<\/h4>\n<p>Notre mission &#8211; renforcer les entreprises gr\u00e2ce au recrutement de cadres &#8211; nous pousse \u00e0 pourvoir avec pr\u00e9cision des postes tels que ceux de PDG, directeur financier, directeur g\u00e9n\u00e9ral et directeur des ventes. Nous recherchons des candidats qui non seulement excellent dans leurs comp\u00e9tences techniques, mais qui correspondent \u00e9galement \u00e0 la culture et \u00e0 la vision de l&#8217;entreprise.<\/p>\n<p>Dans le secteur de la fabrication, nous pla\u00e7ons des directeurs des op\u00e9rations qui rationalisent la production et am\u00e9liorent le contr\u00f4le de la qualit\u00e9. En marketing, nous recrutons des vice-pr\u00e9sidents qui renforcent la visibilit\u00e9 de la marque et stimulent l&#8217;engagement des clients en utilisant des strat\u00e9gies bas\u00e9es sur les donn\u00e9es.<\/p>\n<p>Dans le secteur de la finance et de l&#8217;assurance, nos consultants identifient des candidats directeurs financiers capables de g\u00e9rer les risques et de capitaliser sur les opportunit\u00e9s du march\u00e9. Nous nous assurons que chaque placement s&#8217;aligne sur les plans de croissance \u00e0 long terme et favorise la r\u00e9ussite d\u00e8s le premier jour.<\/p>\n<blockquote><p><strong>Vous \u00eates pr\u00eat \u00e0 entrer en contact avec des cadres sup\u00e9rieurs ? Contactez Haldren d\u00e8s aujourd&#8217;hui pour discuter de la fa\u00e7on dont nos services de recherche de cadres \u00e0 Paris peuvent transformer votre \u00e9quipe de direction.<\/strong><\/p><\/blockquote>\n<h2>Pourquoi Haldren utilise une approche personnalis\u00e9e du recrutement<\/h2>\n<p>Tr\u00e8s t\u00f4t, Haldren a \u00e9t\u00e9 confront\u00e9 \u00e0 une recherche difficile qui suivait une voie conventionnelle mais ne r\u00e9pondait pas aux besoins de notre client. Cette exp\u00e9rience a suscit\u00e9 un engagement \u00e0 repenser la fa\u00e7on dont nous mettons en relation les dirigeants et les organisations.<\/p>\n<p>Nous avons d\u00e9couvert que le v\u00e9ritable succ\u00e8s d\u00e9pend de l&#8217;\u00e9coute &#8211; de la culture d&#8217;une entreprise, de ses ambitions et des qualit\u00e9s tacites qui d\u00e9finissent une bonne ad\u00e9quation. S&#8217;appuyer sur un cahier des charges g\u00e9n\u00e9rique risquait de n\u00e9gliger ces d\u00e9tails vitaux.<\/p>\n<p>Forts de ces connaissances, nous avons \u00e9labor\u00e9 un processus clair et modulaire qui s&#8217;adapte \u00e0 chaque mission. Qu&#8217;il s&#8217;agisse de boutiques parisiennes intimes ou d&#8217;entreprises mondiales, chaque recherche commence par une consultation approfondie et \u00e9volue par le biais d&#8217;une recherche cibl\u00e9e, d&#8217;une \u00e9valuation minutieuse et d&#8217;un soutien continu.<\/p>\n<p>L&#8217;abandon de la pens\u00e9e unique nous permet d&#8217;obtenir un impact durable en mati\u00e8re de leadership. En tenant compte de l&#8217;histoire et des objectifs uniques de chaque client, notre m\u00e9thode personnalis\u00e9e permet d&#8217;obtenir des cadres qui s&#8217;\u00e9panouissent d\u00e8s le premier jour.<\/p>\n<h2>Pourquoi choisir Haldren pour des services de recherche de cadres<\/h2>\n<p>La r\u00e9putation de qualit\u00e9 et de fiabilit\u00e9 de Haldren est le fruit de plus d&#8217;une d\u00e9cennie de placements r\u00e9ussis \u00e0 travers l&#8217;Europe et l&#8217;Am\u00e9rique latine. Les clients nous font confiance pour la constance de nos solutions de recherche de cadres.<\/p>\n<p>Cette r\u00e9putation est fond\u00e9e sur notre engagement in\u00e9branlable \u00e0 offrir un service de premi\u00e8re qualit\u00e9 \u00e0 nos clients et sur une compr\u00e9hension approfondie des exigences de chaque secteur d&#8217;activit\u00e9. Nous restons discrets \u00e0 chaque \u00e9tape, prot\u00e9geant les informations sensibles gr\u00e2ce \u00e0 de solides pratiques de protection des donn\u00e9es et de la vie priv\u00e9e.<\/p>\n<p>Notre adh\u00e9sion aux normes \u00e9thiques guide la mani\u00e8re dont nous traitons les donn\u00e9es des candidats, menons des \u00e9valuations et g\u00e9rons les relations avec les clients. Nous suivons des protocoles stricts en mati\u00e8re de confidentialit\u00e9, en veillant \u00e0 ce que toutes les interactions respectent les directives r\u00e9glementaires et morales.<\/p>\n<p>Choisir Haldren, c&#8217;est s&#8217;associer \u00e0 une \u00e9quipe qui valorise la transparence, la responsabilit\u00e9 et l&#8217;excellence. Nous nous concentrons sur les r\u00e9sultats qui comptent : des cadres qui stimulent la croissance, soutiennent la culture et ont un impact durable.<\/p>\n<blockquote><p><strong>D\u00e9couvrez comment Haldren peut soutenir votre prochaine embauche importante. Prenez contact avec nous pour planifier une consultation.<\/strong><\/p><\/blockquote>\n                            <\/div>\n        <\/div>\n    <\/div>\n<\/div>\n\n<div class=\"block-section accordion-main-section \">\n    <div class=\"container\">    \n                <div class=\"accordion-faqs\">\n            <h2 class=\"m-title\">Frequently Asked Questions (FAQs)<\/h2>\n                        <div class=\"item\">\n                <h3>Comment Haldren assure-t-il la confidentialit\u00e9 des candidats pendant le processus de recherche ?<\/h3>\n                <div class=\"faq-content\"><p>Nous mettons en \u0153uvre des pratiques s\u00e9curis\u00e9es de traitement des donn\u00e9es, rendons anonymes les d\u00e9tails sensibles et utilisons des canaux de communication crypt\u00e9s pour prot\u00e9ger la vie priv\u00e9e des clients et des candidats.<\/p>\n<\/div>\n            <\/div>\n                        <div class=\"item\">\n                <h3>Qu&#039;est-ce qui diff\u00e9rencie Haldren des autres cabinets de recrutement de cadres ?<\/h3>\n                <div class=\"faq-content\"><p>Notre r\u00e9seau mondial, notre expertise locale \u00e0 Paris et nos \u00e9valuations approfondies cr\u00e9ent un m\u00e9lange unique de service personnalis\u00e9 et de normes rigoureuses adapt\u00e9es \u00e0 chaque client.<\/p>\n<\/div>\n            <\/div>\n                        <div class=\"item\">\n                <h3>Haldren peut-il soutenir les placements transfrontaliers de cadres ?<\/h3>\n                <div class=\"faq-content\"><p>Oui. Avec des consultants situ\u00e9s en Europe et en Am\u00e9rique latine, nous naviguons entre les exigences l\u00e9gales, les diff\u00e9rences culturelles et la logistique de la relocalisation pour placer les meilleurs talents dans le monde entier.<\/p>\n<\/div>\n            <\/div>\n                    <\/div>\n            <\/div>\n<\/div><\/div><div class=\"sidebar-wrapper\">\n<div class=\"wpcf7 no-js\" id=\"wpcf7-f51-o1\" lang=\"\" dir=\"ltr\" data-wpcf7-id=\"51\">\n<div class=\"screen-reader-response\"><p role=\"status\" aria-live=\"polite\" aria-atomic=\"true\"><\/p> <ul><\/ul><\/div>\n<form action=\"\/paris\/wp-json\/wp\/v2\/pages\/313#wpcf7-f51-o1\" method=\"post\" class=\"wpcf7-form init\" aria-label=\"Contact form\" enctype=\"multipart\/form-data\" novalidate=\"novalidate\" data-status=\"init\">\n<fieldset class=\"hidden-fields-container\"><input type=\"hidden\" name=\"_wpcf7\" value=\"51\" \/><input type=\"hidden\" name=\"_wpcf7_version\" value=\"6.1.5\" \/><input type=\"hidden\" name=\"_wpcf7_locale\" value=\"\" \/><input type=\"hidden\" name=\"_wpcf7_unit_tag\" value=\"wpcf7-f51-o1\" \/><input type=\"hidden\" name=\"_wpcf7_container_post\" value=\"0\" \/><input type=\"hidden\" name=\"_wpcf7_posted_data_hash\" value=\"\" \/>\n<\/fieldset>\n<input class=\"wpcf7-form-control wpcf7-hidden\" id=\"utm_source\" value=\"\" type=\"hidden\" name=\"utm_source\" \/>\n<input class=\"wpcf7-form-control wpcf7-hidden\" id=\"utm_medium\" value=\"\" type=\"hidden\" name=\"utm_medium\" \/>\n<input class=\"wpcf7-form-control wpcf7-hidden\" id=\"sideform_user_country\" value=\"\" type=\"hidden\" name=\"userCountry\" \/>\n<div class=\"form-grid-layout\">\n\t<div class=\"form-title\">\n\t\t<h2 class=\"title\">Thrive with Top Talent<br \/>\n- No Upfronts Fees\n\t\t<\/h2>\n\t\t<p>Have it easier with video interview clips and a candidate shortlist within 2-3 weeks\n\t\t<\/p>\n\t<\/div>\n\t<div class=\"input-field\">\n\t\t<p><label for=\"\">Name<\/label><br \/>\n<span class=\"wpcf7-form-control-wrap\" data-name=\"full-Name\"><input size=\"40\" maxlength=\"400\" class=\"wpcf7-form-control wpcf7-text wpcf7-validates-as-required\" aria-required=\"true\" aria-invalid=\"false\" value=\"\" type=\"text\" name=\"full-Name\" \/><\/span>\n\t\t<\/p>\n\t<\/div>\n\t<div class=\"input-field\">\n\t\t<p><label for=\"\">Email Address<\/label><br \/>\n<span class=\"wpcf7-form-control-wrap\" data-name=\"email-address\"><input size=\"40\" maxlength=\"400\" class=\"wpcf7-form-control wpcf7-email wpcf7-validates-as-required wpcf7-text wpcf7-validates-as-email\" aria-required=\"true\" aria-invalid=\"false\" value=\"\" type=\"email\" name=\"email-address\" \/><\/span>\n\t\t<\/p>\n\t<\/div>\n\t<div class=\"input-field\">\n\t\t<p><label for=\"\">Company<\/label><br \/>\n<span class=\"wpcf7-form-control-wrap\" data-name=\"company\"><input size=\"40\" maxlength=\"400\" class=\"wpcf7-form-control wpcf7-text\" aria-invalid=\"false\" value=\"\" type=\"text\" name=\"company\" \/><\/span>\n\t\t<\/p>\n\t<\/div>\n\t<div class=\"radiobox-field\">\n\t\t<p><span class=\"wpcf7-form-control-wrap\" data-name=\"radio-721company-status\"><span class=\"wpcf7-form-control wpcf7-radio\"><span class=\"wpcf7-list-item first\"><label><input type=\"radio\" name=\"radio-721company-status\" value=\"{Employer}\" \/><span class=\"wpcf7-list-item-label\">Employer<\/span><\/label><\/span><span class=\"wpcf7-list-item last\"><label><input type=\"radio\" name=\"radio-721company-status\" value=\"{Candidate}\" \/><span class=\"wpcf7-list-item-label\">Candidate<\/span><\/label><\/span><\/span><\/span>\n\t\t<\/p>\n\t<\/div>\n\t<div class=\"input-field\">\n\t\t<p><span class=\"wpcf7-form-control-wrap\" data-name=\"file-upload\"><input size=\"40\" class=\"wpcf7-form-control wpcf7-file\" accept=\".pdf\" aria-invalid=\"false\" type=\"file\" name=\"file-upload\" \/><\/span>\n\t\t<\/p>\n\t<\/div>\n\t<div class=\"textarea-field\">\n\t\t<p><label for=\"\">How can we help you?<\/label><br \/>\n<span class=\"wpcf7-form-control-wrap\" data-name=\"message\"><textarea cols=\"40\" rows=\"10\" maxlength=\"2000\" class=\"wpcf7-form-control wpcf7-textarea\" aria-invalid=\"false\" name=\"message\"><\/textarea><\/span>\n\t\t<\/p>\n\t<\/div>\n\t<p><span id=\"wpcf7-6a0471472ff46-wrapper\" class=\"wpcf7-form-control-wrap nickname-wrap\" ><input id=\"wpcf7-6a0471472ff46-field\"  class=\"wpcf7-form-control wpcf7-text\" type=\"text\" name=\"nickname\" value=\"\" size=\"40\" tabindex=\"-1\" autocomplete=\"off\" \/><\/span>\n\t<\/p>\n\t<div class=\"form-term\">\n\t\t<p>Submission of this form means you have agreed to our <a href=\"\/privacy-policy\/\" title=\"\">Privacy Policy<\/a> and <a href=\"\/terms-of-service\/\" title=\"\">Terms Conditions<\/a>\n\t\t<\/p>\n\t<\/div>\n\t<div class=\"submit-btn\">\n\t\t<p><input class=\"wpcf7-form-control wpcf7-submit has-spinner btn-box\" type=\"submit\" value=\"Get in Touch\" \/>\n\t\t<\/p>\n\t<\/div>\n<\/div><div class=\"wpcf7-response-output\" aria-hidden=\"true\"><\/div>\n<\/form>\n<\/div>\n<\/div><\/div>\n\n\n<div class=\"block-section client-reviews-slider \" style=\"background-color: #119084\">  \n    <div class=\"container\">\n                <div class=\"splide client-slider\">\n            <div class=\"splide__track\">\n                <div class=\"splide__list\">\n                                        <div class=\"splide__slide\">\n                        <div class=\"content-box\">\n                            <div class=\"content\">\n                                <p>&#8220;Le partenariat avec Haldren a transform\u00e9 notre approche du recrutement. Leurs consultants ont d\u00e9couvert des candidats ayant une connaissance approfondie du secteur et, en l&#8217;espace de quatre mois, notre nouveau CMO a \u00e9largi nos partenariats dans le domaine des produits de luxe \u00e0 travers l&#8217;Europe&#8221;.<\/p>\n                            <\/div>\n                                                        <div class=\"name\">\n                                <strong>C\u00e9line D.<\/strong>, \n                                Directeur du marketing                            <\/div>\n                                                    <\/div>\n                    <\/div>\n                                        <div class=\"splide__slide\">\n                        <div class=\"content-box\">\n                            <div class=\"content\">\n                                <p>&#8220;L&#8217;\u00e9quipe de Haldren s&#8217;est impr\u00e9gn\u00e9e de nos objectifs financiers et de notre culture. Elle a plac\u00e9 un directeur financier qui a r\u00e9organis\u00e9 notre syst\u00e8me de reporting et a gagn\u00e9 la confiance des investisseurs d\u00e8s le premier trimestre&#8221;.<\/p>\n                            <\/div>\n                                                        <div class=\"name\">\n                                <strong>Th\u00e9o L.<\/strong>, \n                                Vice-pr\u00e9sident des finances                            <\/div>\n                                                    <\/div>\n                    <\/div>\n                                        <div class=\"splide__slide\">\n                        <div class=\"content-box\">\n                            <div class=\"content\">\n                                <p>&#8220;Le processus de recherche a \u00e9t\u00e9 transparent et respectueux de nos besoins. Haldren a trouv\u00e9 un chef d&#8217;exploitation qui a optimis\u00e9 notre flux de production, r\u00e9duisant les d\u00e9lais en favorisant une meilleure collaboration entre les \u00e9quipes&#8221;.<\/p>\n                            <\/div>\n                                                        <div class=\"name\">\n                                <strong>\u00c9lodie R.<\/strong>, \n                                Directeur des op\u00e9rations                            <\/div>\n                                                    <\/div>\n                    <\/div>\n                                    <\/div>\n            <\/div>\n        <\/div>\n            <\/div>\n<\/div>","protected":false},"excerpt":{"rendered":"","protected":false},"author":10,"featured_media":0,"parent":268,"menu_order":0,"comment_status":"closed","ping_status":"closed","template":"","meta":{"_acf_changed":false,"footnotes":""},"class_list":["post-313","page","type-page","status-publish","hentry"],"acf":[],"jetpack_sharing_enabled":true,"_links":{"self":[{"href":"https:\/\/www.haldren.com\/paris\/wp-json\/wp\/v2\/pages\/313","targetHints":{"allow":["GET"]}}],"collection":[{"href":"https:\/\/www.haldren.com\/paris\/wp-json\/wp\/v2\/pages"}],"about":[{"href":"https:\/\/www.haldren.com\/paris\/wp-json\/wp\/v2\/types\/page"}],"author":[{"embeddable":true,"href":"https:\/\/www.haldren.com\/paris\/wp-json\/wp\/v2\/users\/10"}],"replies":[{"embeddable":true,"href":"https:\/\/www.haldren.com\/paris\/wp-json\/wp\/v2\/comments?post=313"}],"version-history":[{"count":1,"href":"https:\/\/www.haldren.com\/paris\/wp-json\/wp\/v2\/pages\/313\/revisions"}],"predecessor-version":[{"id":325,"href":"https:\/\/www.haldren.com\/paris\/wp-json\/wp\/v2\/pages\/313\/revisions\/325"}],"up":[{"embeddable":true,"href":"https:\/\/www.haldren.com\/paris\/wp-json\/wp\/v2\/pages\/268"}],"wp:attachment":[{"href":"https:\/\/www.haldren.com\/paris\/wp-json\/wp\/v2\/media?parent=313"}],"curies":[{"name":"wp","href":"https:\/\/api.w.org\/{rel}","templated":true}]}}