{"id":163,"date":"2025-09-19T03:23:59","date_gmt":"2025-09-19T03:23:59","guid":{"rendered":"https:\/\/www.haldren.com\/valencia\/?page_id=60"},"modified":"2025-10-15T05:38:36","modified_gmt":"2025-10-15T05:38:36","slug":"contratacion-de-directivos","status":"publish","type":"page","link":"https:\/\/www.haldren.com\/valencia\/es\/adquisicion-de-talentos\/contratacion-de-directivos\/","title":{"rendered":"Contrataci\u00f3n de directivos"},"content":{"rendered":"\n  <link rel=\"preload\" as=\"image\" href=\"https:\/\/www.haldren.com\/valencia\/wp-content\/uploads\/sites\/34\/2025\/09\/valencia-city-e1764150340710.webp\" fetchpriority=\"high\">\n  <style>\n    .inner-banner-section {\n      background-image: url('https:\/\/www.haldren.com\/valencia\/wp-content\/uploads\/sites\/34\/2025\/09\/valencia-city-e1764150340710.webp');\n      background-size: cover;\n      background-position: center;\n      background-repeat: no-repeat;\n    }\n\n    @media (max-width: 768px) {\n      .inner-banner-section {\n        background-image: url('https:\/\/www.haldren.com\/valencia\/wp-content\/uploads\/sites\/34\/2025\/09\/valencia-city-e1764150340710.webp');\n      }\n    }\n  <\/style>\n\n<div class=\"block-section inner-banner-section lazyload bg-sty section-gaps top-border-line\">\n  <div class=\"container-fluid\">\n    <div class=\"content-wrap\">\n      <h1 class=\"title\">\n        Servicios de contrataci\u00f3n de directivos en Valencia      <\/h1>\n      <span style=\"font-size: 18px;\">Conectando empresas con l\u00edderes que aportan valor duradero<\/span>\n    <\/div>\n  <\/div>\n<\/div>\n\n\n\n\n<div class=\"wp-block-custom-div-wrapper-block col-wrapper has-sidebar\"><div class=\"content-wrapper\" style=\"background-color:#002a26\">\n<div class=\"block-section section-gaps default-content-section \" \n     style=\"--text-color: #ffffff; --bg-color: #119084;\">\n    <div class=\"container\">\n        <div class=\"default-single-content-wrap\">\n            <div class=\"content-wrap\">\n                                    <h2>Empresa l\u00edder en selecci\u00f3n de directivos en Valencia<\/h2>\n<p>Ofrecemos servicios de selecci\u00f3n de directivos en Valencia con un enfoque profesional, discreto y consultivo en el que conf\u00edan empresas l\u00edderes de toda Espa\u00f1a. Nuestros consultores aportan a\u00f1os de experiencia guiando a las empresas a trav\u00e9s de delicados procesos de contrataci\u00f3n, asegur\u00e1ndose de que cada b\u00fasqueda se gestiona con confidencialidad y cuidado. Trabajamos con m\u00e9todos estructurados, aplicamos evaluaciones exhaustivas y accedemos a redes internacionales, lo que nos permite identificar candidatos que combinan experiencia t\u00e9cnica con un profundo alineamiento cultural.<\/p>\n<p>En lugar de operar como reclutadores transaccionales, construimos alianzas duraderas. Nos centramos en ayudar a las organizaciones a encontrar l\u00edderes que puedan reforzar los grupos directivos, desarrollar equipos eficaces e impulsar el crecimiento sostenible. Cada compromiso que asumimos est\u00e1 guiado por nuestros principios de responsabilidad, excelencia e integridad.<\/p>\n<p>Haldren es reconocido en Valencia como un socio de confianza para la b\u00fasqueda de directivos, respetado por su discreci\u00f3n, experiencia y resultados consistentes.<\/p>\n<h2>La mejor empresa de selecci\u00f3n de directivos en Valencia<\/h2>\n<p>Dedicamos nuestro trabajo en la b\u00fasqueda de directivos a fortalecer las organizaciones a trav\u00e9s del reclutamiento estrat\u00e9gico de directivos. Nuestra misi\u00f3n es poner en contacto a las empresas de Valencia con profesionales que puedan avanzar en prioridades importantes a la vez que apoyan el desarrollo general del negocio. Al equilibrar los requisitos del puesto con la compatibilidad cultural y la habilidad t\u00e9cnica, ayudamos a los clientes a lograr un \u00e9xito significativo.<\/p>\n<h4>Evaluaci\u00f3n<\/h4>\n<p>Cada contrataci\u00f3n comienza con una conversaci\u00f3n detallada sobre los objetivos de la empresa, las necesidades espec\u00edficas de contrataci\u00f3n y los objetivos a largo plazo. A partir de estas conversaciones, creamos un perfil de candidato ideal que refleja tanto los requisitos del puesto como la cultura organizativa \u00fanica. M\u00e1s all\u00e1 de la experiencia de la persona, evaluamos la motivaci\u00f3n, el estilo de liderazgo y la \u00e9tica de trabajo para garantizar un ajuste genuino.<\/p>\n<h4>Adquisici\u00f3n de talento<\/h4>\n<p>Nuestros consultores recurren a redes internacionales, conexiones en el sector y plataformas de b\u00fasqueda especializadas para identificar a personas cualificadas. Llegamos tanto a candidatos activos como a l\u00edderes pasivos que pueden no estar buscando abiertamente pero que est\u00e1n preparados para nuevas oportunidades. Este enfoque integral garantiza que los mejores profesionales sean tenidos en cuenta para el puesto.<\/p>\n<h4>Transformaci\u00f3n organizativa<\/h4>\n<p>Nuestro apoyo va m\u00e1s all\u00e1 de la contrataci\u00f3n e incluye la evaluaci\u00f3n del liderazgo, la planificaci\u00f3n de la sucesi\u00f3n y el desarrollo organizativo. Estas iniciativas protegen la continuidad, fortalecen los equipos y preparan a las empresas para futuros retos. Consideramos la contrataci\u00f3n como un paso fundamental en la construcci\u00f3n de la estabilidad y el crecimiento a largo plazo.<\/p>\n<h2>Nuestro enfoque de la selecci\u00f3n de directivos<\/h2>\n<p>Abordamos el reclutamiento de directivos en Valencia con un proceso estructurado basado en una visi\u00f3n local y un alcance global. El descubrimiento es siempre lo primero, lo que implica reunirse con las partes interesadas para comprender los objetivos estrat\u00e9gicos, la cultura de la empresa y los verdaderos requisitos del puesto. A partir de ah\u00ed, trazamos un mapa de los sectores relevantes, estudiamos a los competidores e identificamos un grupo de candidatos potenciales.<\/p>\n<p>Una vez que comienza la b\u00fasqueda, nuestro equipo combina la b\u00fasqueda directa, la publicidad dirigida, las plataformas profesionales como LinkedIn y los contactos establecidos en el sector. Este m\u00e9todo multicanal ampl\u00eda el n\u00famero de personas cualificadas y garantiza que no se pase por alto ninguna oportunidad. Evaluamos a las personas preseleccionadas mediante entrevistas estructuradas, herramientas psicom\u00e9tricas y evaluaciones de liderazgo. Cada perfil que presentamos tiene en cuenta las aptitudes t\u00e9cnicas, los logros profesionales y los atributos personales que contribuyen a la cohesi\u00f3n del equipo.<\/p>\n<p>Los clientes reciben informaci\u00f3n clara en cada fase del proceso. Nuestros informes, cuadros de mando y actualizaciones transparentes ayudan a tomar decisiones con confianza. Mientras que la contrataci\u00f3n t\u00edpica suele centrarse en cubrir puestos r\u00e1pidamente, nuestro m\u00e9todo hace hincapi\u00e9 en la excelencia, el cumplimiento y el rendimiento a largo plazo. Ayudamos a las empresas con la coordinaci\u00f3n de las entrevistas, la revisi\u00f3n de los candidatos y la preparaci\u00f3n exhaustiva de la incorporaci\u00f3n.<\/p>\n<p>Este marco estructurado y consultivo nos permite contratar directivos que cubran las necesidades actuales al tiempo que refuerzan la direcci\u00f3n futura de una organizaci\u00f3n. Combinando el alcance global con la experiencia local en Valencia, ofrecemos resultados duraderos.<\/p>\n<h2>Nuestra experiencia como l\u00edderes en selecci\u00f3n de directivos en Valencia<\/h2>\n<p>Nuestros consultores trabajan con un s\u00f3lido conocimiento de los sectores clave de Valencia y de la din\u00e1mica empresarial en toda Espa\u00f1a. Con una amplia experiencia en b\u00fasqueda de directivos y selecci\u00f3n de personal directivo, nos adaptamos r\u00e1pidamente a las necesidades del cliente, tanto si se trata de puestos t\u00e9cnicos especializados como de puestos de alta direcci\u00f3n.<\/p>\n<p>Los miembros de nuestro equipo analizan peri\u00f3dicamente la evoluci\u00f3n del sector, mantienen s\u00f3lidas redes profesionales y comparten sus conocimientos con todo el grupo. Este compromiso con el aprendizaje continuo nos ayuda a ofrecer a nuestros clientes informaci\u00f3n sobre las tendencias emergentes, las pr\u00e1cticas de contrataci\u00f3n de la competencia y las expectativas actuales del mercado. Nuestro trabajo se basa en la responsabilidad, la dedicaci\u00f3n al \u00e9xito del cliente y la b\u00fasqueda de la excelencia.<\/p>\n<h4>Algunas \u00e1reas en las que nos especializamos<\/h4>\n<p>Ayudamos a clientes de diversos sectores, como el financiero, el tecnol\u00f3gico, el sanitario, el log\u00edstico, el de bienes de consumo y el manufacturero. Nuestra prioridad son siempre los objetivos de la empresa: identificar l\u00edderes con las aptitudes y la perspectiva necesarias para impulsar el desarrollo, garantizando al mismo tiempo la estabilidad operativa. Al cubrir un amplio n\u00famero de sectores en Valencia, satisfacemos las necesidades de una base de clientes diversa.<\/p>\n<h4>Ejemplos de puestos que reclutamos<\/h4>\n<p>Reclutamos para puestos de nivel directivo y ejecutivo, incluidos l\u00edderes de la C-suite, directores generales, directores de operaciones, ejecutivos de RR.HH. y responsables financieros. Cada uno de estos puestos exige una cuidadosa atenci\u00f3n tanto a los requisitos t\u00e9cnicos como a la alineaci\u00f3n cultural. Nuestros reclutadores ayudan a las empresas a encontrar l\u00edderes preparados para reforzar los equipos y ofrecer un rendimiento sobresaliente<\/p>\n<blockquote><p><strong>.<\/strong><\/p><\/blockquote>\n<blockquote><p><strong>Para obtener m\u00e1s informaci\u00f3n sobre las funciones para las que reclutamos, p\u00f3ngase en contacto con Haldren hoy mismo. Estaremos encantados de compartir c\u00f3mo nuestro equipo puede apoyar el \u00e9xito de su empresa.<\/strong><\/p><\/blockquote>\n<h2>Por qu\u00e9 Haldren utiliza un enfoque personalizado para el reclutamiento<\/h2>\n<p>A lo largo de los a\u00f1os, hemos aprendido que no hay dos empresas iguales en Valencia. Un enfoque estandarizado del reclutamiento a menudo pasa por alto las complejidades de los roles de liderazgo y la importancia de la cultura organizacional. Nuestros consultores se toman el tiempo necesario para entender el contexto espec\u00edfico de cada cliente antes de dise\u00f1ar una estrategia de b\u00fasqueda a medida.<\/p>\n<p>Hemos ayudado a clientes que inicialmente intentaban cubrir puestos r\u00e1pidamente, s\u00f3lo para descubrir que la nueva contrataci\u00f3n no cumpl\u00eda las expectativas. Al introducir un proceso personalizado centrado en la precisi\u00f3n, les ayudamos a encontrar candidatos que cumpl\u00edan los requisitos t\u00e9cnicos y, al mismo tiempo, enriquec\u00edan la cultura de la empresa. Estas experiencias refuerzan el valor de una b\u00fasqueda meticulosa.<\/p>\n<p>Nuestro proceso tiene en cuenta los objetivos empresariales, los estilos de liderazgo preferidos y los planes estrat\u00e9gicos a largo plazo. Proporcionamos informaci\u00f3n detallada sobre el potencial de los candidatos, utilizando entrevistas estructuradas y tablas de puntuaci\u00f3n para ayudar en la toma de decisiones. Este nivel de claridad reduce los riesgos de contrataci\u00f3n y garantiza que los nuevos l\u00edderes tengan un impacto positivo duradero.<\/p>\n<p>El reclutamiento gen\u00e9rico a menudo ofrece listas de preseleccionados sin profundidad ni contexto. En Haldren, protegemos los intereses del cliente con m\u00e9todos estructurados y reflexivos que dan como resultado nombramientos de liderazgo que perduran.<\/p>\n<h2>Por qu\u00e9 elegir Haldren para el reclutamiento de directivos<\/h2>\n<p>Las empresas conf\u00edan en Haldren para el reclutamiento de directivos debido a nuestro profundo enfoque en la \u00e9tica, la confidencialidad y la excelencia. Cada b\u00fasqueda que realizamos se lleva a cabo con la m\u00e1xima discreci\u00f3n, dando a nuestros clientes la confianza de que las decisiones sensibles de liderazgo permanecen protegidas.<\/p>\n<p>Nuestros consultores aportan una profunda experiencia, alcance internacional y conocimiento local de las industrias valencianas a cada proyecto. Proporcionamos un apoyo estructurado desde la primera evaluaci\u00f3n hasta la incorporaci\u00f3n, garantizando que cada contrataci\u00f3n fortalezca el futuro de la empresa. Construir relaciones a largo plazo con los clientes es fundamental para nuestro enfoque, ya que vemos la contrataci\u00f3n como una profunda responsabilidad, no s\u00f3lo una transacci\u00f3n.<\/p>\n<p>Nuestra reputaci\u00f3n se basa en la entrega consistente, la comunicaci\u00f3n transparente y la capacidad de encontrar l\u00edderes que coincidan tanto con las expectativas t\u00e9cnicas como culturales. Con responsabilidad, profesionalidad y un profundo respeto por la informaci\u00f3n del cliente, operamos con un claro enfoque en el \u00e9xito duradero.<\/p>\n<blockquote><p><strong>Si su organizaci\u00f3n est\u00e1 buscando reclutadores de confianza en Valencia, le invitamos a ponerse en contacto con Haldren. P\u00f3ngase en contacto con nosotros hoy mismo para hablar de c\u00f3mo podemos ayudarle con servicios de selecci\u00f3n de directivos que hacen hincapi\u00e9 en la discreci\u00f3n, la excelencia y los resultados a largo plazo.<\/strong><\/p><\/blockquote>\n                            <\/div>\n        <\/div>\n    <\/div>\n<\/div>\n\n<div class=\"block-section accordion-main-section \">\n    <div class=\"container\">    \n                <div class=\"accordion-faqs\">\n            <h2 class=\"m-title\">Frequently Asked Questions (FAQs)<\/h2>\n                        <div class=\"item\">\n                <h3>\u00bfC\u00f3mo estructura Haldren el proceso de contrataci\u00f3n?<\/h3>\n                <div class=\"faq-content\"><p>Seguimos un m\u00e9todo claro y en varias fases que comienza con una evaluaci\u00f3n en profundidad del puesto y de la cultura de la empresa. A partir de ah\u00ed, pasamos al mapeo de candidatos, las entrevistas estructuradas, la comprobaci\u00f3n de referencias y, por \u00faltimo, el apoyo a la incorporaci\u00f3n. Cada etapa est\u00e1 dise\u00f1ada para ser transparente, garantizando que nuestros clientes tengan toda la informaci\u00f3n necesaria para tomar una decisi\u00f3n segura e informada.<\/p>\n<\/div>\n            <\/div>\n                        <div class=\"item\">\n                <h3>\u00bfQu\u00e9 nivel de participaci\u00f3n tendr\u00e1 mi empresa?<\/h3>\n                <div class=\"faq-content\"><p>Creemos en la colaboraci\u00f3n. Nuestros clientes participan en cada etapa clave, desde la definici\u00f3n de los criterios iniciales de b\u00fasqueda y la revisi\u00f3n de los perfiles de los candidatos hasta la participaci\u00f3n en las entrevistas finales. Nos encargamos de las complejidades de la b\u00fasqueda, lo que permite a los responsables de la toma de decisiones centrarse en la selecci\u00f3n del mejor l\u00edder, al tiempo que conf\u00edan en nuestra experiencia como gu\u00eda y apoyo.<\/p>\n<\/div>\n            <\/div>\n                        <div class=\"item\">\n                <h3>\u00bfC\u00f3mo protege Haldren la confidencialidad?<\/h3>\n                <div class=\"faq-content\"><p>La confidencialidad es fundamental para nuestro trabajo. Protegemos toda la informaci\u00f3n de los candidatos y los datos de la empresa mediante sistemas seguros y estrictos protocolos internos. Cada b\u00fasqueda se lleva a cabo con la m\u00e1xima discreci\u00f3n, y nuestros consultores est\u00e1n formados para tratar la informaci\u00f3n sensible con cuidado profesional, utilizando a menudo acuerdos de confidencialidad para tareas especialmente delicadas.<\/p>\n<\/div>\n            <\/div>\n                        <div class=\"item\">\n                <h3>\u00bfQu\u00e9 ocurre despu\u00e9s de la contrataci\u00f3n?<\/h3>\n                <div class=\"faq-content\"><p>Nuestra responsabilidad contin\u00faa mucho despu\u00e9s de que el candidato acepte la oferta. Realizamos un seguimiento posterior a la contrataci\u00f3n para mantenernos en contacto tanto con el cliente como con el nuevo l\u00edder durante los primeros meses de integraci\u00f3n. Este proceso nos ayuda a garantizar el \u00e9xito de la colocaci\u00f3n y nos permite ofrecer apoyo en la transici\u00f3n, contribuyendo al \u00e9xito a largo plazo de todas las partes implicadas.<\/p>\n<\/div>\n            <\/div>\n                    <\/div>\n            <\/div>\n<\/div><\/div><div class=\"sidebar-wrapper\">\n<div class=\"wpcf7 no-js\" id=\"wpcf7-f10-o1\" lang=\"\" dir=\"ltr\" data-wpcf7-id=\"10\">\n<div class=\"screen-reader-response\"><p role=\"status\" aria-live=\"polite\" aria-atomic=\"true\"><\/p> <ul><\/ul><\/div>\n<form action=\"\/valencia\/wp-json\/wp\/v2\/pages\/163#wpcf7-f10-o1\" method=\"post\" class=\"wpcf7-form init\" aria-label=\"Contact form\" enctype=\"multipart\/form-data\" novalidate=\"novalidate\" data-status=\"init\">\n<fieldset class=\"hidden-fields-container\"><input type=\"hidden\" name=\"_wpcf7\" value=\"10\" \/><input type=\"hidden\" name=\"_wpcf7_version\" value=\"6.1.5\" \/><input type=\"hidden\" name=\"_wpcf7_locale\" value=\"\" \/><input type=\"hidden\" name=\"_wpcf7_unit_tag\" value=\"wpcf7-f10-o1\" \/><input type=\"hidden\" name=\"_wpcf7_container_post\" value=\"0\" \/><input type=\"hidden\" name=\"_wpcf7_posted_data_hash\" value=\"\" \/>\n<\/fieldset>\n<input class=\"wpcf7-form-control wpcf7-hidden\" id=\"utm_source\" value=\"\" type=\"hidden\" name=\"utm_source\" \/>\n<input class=\"wpcf7-form-control wpcf7-hidden\" id=\"utm_medium\" value=\"\" type=\"hidden\" name=\"utm_medium\" \/>\n<input class=\"wpcf7-form-control wpcf7-hidden\" id=\"sideform_user_country\" value=\"\" type=\"hidden\" name=\"userCountry\" \/>\n<div class=\"form-grid-layout\">\n\t<div class=\"form-title\">\n\t\t<h2 class=\"title\">Thrive with Top Talent<br \/>\n- No Upfronts Fees\n\t\t<\/h2>\n\t\t<p>Have it easier with video interview clips and a candidate shortlist within 2-3 weeks\n\t\t<\/p>\n\t<\/div>\n\t<div class=\"input-field\">\n\t\t<p><label for=\"\">Name<\/label><br \/>\n<span class=\"wpcf7-form-control-wrap\" data-name=\"full-Name\"><input size=\"40\" maxlength=\"400\" class=\"wpcf7-form-control wpcf7-text wpcf7-validates-as-required\" aria-required=\"true\" aria-invalid=\"false\" value=\"\" type=\"text\" name=\"full-Name\" \/><\/span>\n\t\t<\/p>\n\t<\/div>\n\t<div class=\"input-field\">\n\t\t<p><label for=\"\">Email Address<\/label><br \/>\n<span class=\"wpcf7-form-control-wrap\" data-name=\"email-address\"><input size=\"40\" maxlength=\"400\" class=\"wpcf7-form-control wpcf7-email wpcf7-validates-as-required wpcf7-text wpcf7-validates-as-email\" aria-required=\"true\" aria-invalid=\"false\" value=\"\" type=\"email\" name=\"email-address\" \/><\/span>\n\t\t<\/p>\n\t<\/div>\n\t<div class=\"input-field\">\n\t\t<p><label for=\"\">Company<\/label><br \/>\n<span class=\"wpcf7-form-control-wrap\" data-name=\"company\"><input size=\"40\" maxlength=\"400\" class=\"wpcf7-form-control wpcf7-text\" aria-invalid=\"false\" value=\"\" type=\"text\" name=\"company\" \/><\/span>\n\t\t<\/p>\n\t<\/div>\n\t<div class=\"radiobox-field\">\n\t\t<p><span class=\"wpcf7-form-control-wrap\" data-name=\"radio-721company-status\"><span class=\"wpcf7-form-control wpcf7-radio\"><span class=\"wpcf7-list-item first\"><label><input type=\"radio\" name=\"radio-721company-status\" value=\"{Employer}\" \/><span class=\"wpcf7-list-item-label\">Employer<\/span><\/label><\/span><span class=\"wpcf7-list-item last\"><label><input type=\"radio\" name=\"radio-721company-status\" value=\"{Candidate}\" \/><span class=\"wpcf7-list-item-label\">Candidate<\/span><\/label><\/span><\/span><\/span>\n\t\t<\/p>\n\t<\/div>\n\t<div class=\"input-field\">\n\t\t<p><span class=\"wpcf7-form-control-wrap\" data-name=\"file-upload\"><input size=\"40\" class=\"wpcf7-form-control wpcf7-file\" accept=\".pdf\" aria-invalid=\"false\" type=\"file\" name=\"file-upload\" \/><\/span>\n\t\t<\/p>\n\t<\/div>\n\t<div class=\"textarea-field\">\n\t\t<p><label for=\"\">How can we help you?<\/label><br \/>\n<span class=\"wpcf7-form-control-wrap\" data-name=\"message\"><textarea cols=\"40\" rows=\"10\" maxlength=\"2000\" class=\"wpcf7-form-control wpcf7-textarea\" aria-invalid=\"false\" name=\"message\"><\/textarea><\/span>\n\t\t<\/p>\n\t<\/div>\n\t<p><span id=\"wpcf7-6a07480c6527a-wrapper\" class=\"wpcf7-form-control-wrap nickname-wrap\" ><input id=\"wpcf7-6a07480c6527a-field\"  class=\"wpcf7-form-control wpcf7-text\" type=\"text\" name=\"nickname\" value=\"\" size=\"40\" tabindex=\"-1\" autocomplete=\"off\" \/><\/span>\n\t<\/p>\n\t<div class=\"form-term\">\n\t\t<p>Submission of this form means you have agreed to our <a href=\"\/privacy-policy\/\" title=\"\">Privacy Policy<\/a> and <a href=\"\/terms-of-service\/\" title=\"\">Terms Conditions<\/a>\n\t\t<\/p>\n\t<\/div>\n\t<div class=\"submit-btn\">\n\t\t<p><input class=\"wpcf7-form-control wpcf7-submit has-spinner btn-box\" type=\"submit\" value=\"Get in Touch\" \/>\n\t\t<\/p>\n\t<\/div>\n<\/div><div class=\"wpcf7-response-output\" aria-hidden=\"true\"><\/div>\n<\/form>\n<\/div>\n<\/div><\/div>\n\n\n<div class=\"block-section client-reviews-slider \" style=\"background-color: #119084\">  \n    <div class=\"container\">\n                <div class=\"splide client-slider\">\n            <div class=\"splide__track\">\n                <div class=\"splide__list\">\n                                        <div class=\"splide__slide\">\n                        <div class=\"content-box\">\n                            <div class=\"content\">\n                                <p>&#8220;Trabajar con Haldren nos dio confianza en cada paso. Sus consultores comprendieron nuestras necesidades empresariales y nos presentaron candidatos que superaron las expectativas.&#8221;<\/p>\n                            <\/div>\n                                                        <div class=\"name\">\n                                <strong>Marta R.<\/strong>, \n                                Director de RRHH                            <\/div>\n                                                    <\/div>\n                    <\/div>\n                                        <div class=\"splide__slide\">\n                        <div class=\"content-box\">\n                            <div class=\"content\">\n                                <p>&#8220;Haldren gestion\u00f3 nuestro proceso de contrataci\u00f3n con profesionalidad y esmero. Sus m\u00e9todos estructurados nos ayudaron a cubrir r\u00e1pidamente un puesto de alta direcci\u00f3n protegiendo al mismo tiempo la confidencialidad.&#8221;<\/p>\n                            <\/div>\n                                                        <div class=\"name\">\n                                <strong>Javier S.<\/strong>, \n                                Director de Operaciones                            <\/div>\n                                                    <\/div>\n                    <\/div>\n                                        <div class=\"splide__slide\">\n                        <div class=\"content-box\">\n                            <div class=\"content\">\n                                <p>&#8220;Los reclutadores de Haldren nos dieron una valiosa visi\u00f3n tanto de los candidatos como del mercado valenciano. Su apoyo fue pr\u00e1ctico y los resultados reforzaron nuestro equipo directivo.&#8221;<\/p>\n                            <\/div>\n                                                        <div class=\"name\">\n                                <strong>Laura P.<\/strong>, \n                                Director General                            <\/div>\n                                                    <\/div>\n                    <\/div>\n                                    <\/div>\n            <\/div>\n        <\/div>\n            <\/div>\n<\/div>","protected":false},"excerpt":{"rendered":"","protected":false},"author":10,"featured_media":0,"parent":161,"menu_order":0,"comment_status":"closed","ping_status":"closed","template":"","meta":{"_acf_changed":false,"footnotes":""},"class_list":["post-163","page","type-page","status-publish","hentry"],"acf":[],"lang":"es","translations":{"es":163},"jetpack_sharing_enabled":true,"pll_sync_post":[],"_links":{"self":[{"href":"https:\/\/www.haldren.com\/valencia\/wp-json\/wp\/v2\/pages\/163","targetHints":{"allow":["GET"]}}],"collection":[{"href":"https:\/\/www.haldren.com\/valencia\/wp-json\/wp\/v2\/pages"}],"about":[{"href":"https:\/\/www.haldren.com\/valencia\/wp-json\/wp\/v2\/types\/page"}],"author":[{"embeddable":true,"href":"https:\/\/www.haldren.com\/valencia\/wp-json\/wp\/v2\/users\/10"}],"replies":[{"embeddable":true,"href":"https:\/\/www.haldren.com\/valencia\/wp-json\/wp\/v2\/comments?post=163"}],"version-history":[{"count":2,"href":"https:\/\/www.haldren.com\/valencia\/wp-json\/wp\/v2\/pages\/163\/revisions"}],"predecessor-version":[{"id":215,"href":"https:\/\/www.haldren.com\/valencia\/wp-json\/wp\/v2\/pages\/163\/revisions\/215"}],"up":[{"embeddable":true,"href":"https:\/\/www.haldren.com\/valencia\/wp-json\/wp\/v2\/pages\/161"}],"wp:attachment":[{"href":"https:\/\/www.haldren.com\/valencia\/wp-json\/wp\/v2\/media?parent=163"}],"curies":[{"name":"wp","href":"https:\/\/api.w.org\/{rel}","templated":true}]}}