{"id":165,"date":"2025-09-19T03:37:59","date_gmt":"2025-09-19T03:37:59","guid":{"rendered":"https:\/\/www.haldren.com\/valencia\/?page_id=67"},"modified":"2025-10-15T05:39:09","modified_gmt":"2025-10-15T05:39:09","slug":"busqueda-en-la-junta","status":"publish","type":"page","link":"https:\/\/www.haldren.com\/valencia\/es\/adquisicion-de-talentos\/busqueda-en-la-junta\/","title":{"rendered":"B\u00fasqueda en la Junta"},"content":{"rendered":"\n  <link rel=\"preload\" as=\"image\" href=\"https:\/\/www.haldren.com\/valencia\/wp-content\/uploads\/sites\/34\/2025\/09\/valencia-city-e1764150340710.webp\" fetchpriority=\"high\">\n  <style>\n    .inner-banner-section {\n      background-image: url('https:\/\/www.haldren.com\/valencia\/wp-content\/uploads\/sites\/34\/2025\/09\/valencia-city-e1764150340710.webp');\n      background-size: cover;\n      background-position: center;\n      background-repeat: no-repeat;\n    }\n\n    @media (max-width: 768px) {\n      .inner-banner-section {\n        background-image: url('https:\/\/www.haldren.com\/valencia\/wp-content\/uploads\/sites\/34\/2025\/09\/valencia-city-e1764150340710.webp');\n      }\n    }\n  <\/style>\n\n<div class=\"block-section inner-banner-section lazyload bg-sty section-gaps top-border-line\">\n  <div class=\"container-fluid\">\n    <div class=\"content-wrap\">\n      <h1 class=\"title\">\n        B\u00fasqueda de consejeros en Valencia      <\/h1>\n      <span style=\"font-size: 18px;\">Conectando empresas en Valencia con l\u00edderes que impulsan el \u00e9xito a largo plazo<\/span>\n    <\/div>\n  <\/div>\n<\/div>\n\n\n\n\n<div class=\"wp-block-custom-div-wrapper-block col-wrapper has-sidebar\"><div class=\"content-wrapper\" style=\"background-color:#002a26\">\n<div class=\"block-section section-gaps default-content-section \" \n     style=\"--text-color: #ffffff; --bg-color: #119084;\">\n    <div class=\"container\">\n        <div class=\"default-single-content-wrap\">\n            <div class=\"content-wrap\">\n                                    <h2><strong>Primera empresa<\/strong> de b\u00fasqueda de<strong>consejeros<\/strong><strong> en Valencia<\/strong><\/h2>\n<p>Somos Haldren, un socio dedicado a la b\u00fasqueda de directivos en Valencia. Nuestra empresa se basa en la discreci\u00f3n, los principios y la profunda experiencia de nuestros consultores. Durante muchos a\u00f1os, hemos apoyado a organizaciones de toda Espa\u00f1a, gui\u00e1ndolas a trav\u00e9s del delicado e importante proceso de nombramiento de l\u00edderes de nivel directivo. Gestionamos cada encargo con absoluta confidencialidad, siguiendo una metodolog\u00eda estructurada que aporta claridad y confianza a las empresas a las que servimos.<\/p>\n<p>Nuestro trabajo combina la orientaci\u00f3n consultiva con el acceso a una amplia plataforma de talento de alto nivel y una perspectiva internacional, siempre enraizada en la cultura empresarial local. Entendemos que cubrir estos puestos cr\u00edticos requiere algo m\u00e1s que competencia t\u00e9cnica; exige una alineaci\u00f3n fundamental de car\u00e1cter, credibilidad establecida y una profundidad sustancial de liderazgo.<\/p>\n<p>Nos hemos consolidado como un socio l\u00edder en la b\u00fasqueda de directivos en Valencia, conocido por nuestra integridad, nuestras redes globales y un firme compromiso con la obtenci\u00f3n de resultados duraderos.<\/p>\n<h2><strong>Empresa l\u00edder en b\u00fasqueda de directivos en Valencia<\/strong><\/h2>\n<p>Nuestro objetivo en la b\u00fasqueda de ejecutivos es fortalecer las organizaciones mediante la b\u00fasqueda de miembros del consejo que puedan fomentar un crecimiento medible y guiar el desarrollo a largo plazo. Buscamos candidatos que posean aptitudes probadas, capacidad de pensamiento estrat\u00e9gico y habilidad para liderar con determinaci\u00f3n. A lo largo de los a\u00f1os, nuestra firma ha sido reconocida en toda Espa\u00f1a por nuestro trabajo en la b\u00fasqueda de directivos, especialmente en los m\u00e1s altos niveles de gobierno corporativo.<\/p>\n<h4><strong>Evaluaci\u00f3n<\/strong><\/h4>\n<p>Cada b\u00fasqueda comienza con una cuidadosa revisi\u00f3n de las prioridades estrat\u00e9gicas de la empresa, sus retos actuales y la din\u00e1mica \u00fanica de su equipo. A partir de estas conversaciones, desarrollamos un perfil detallado del puesto que capta no s\u00f3lo los requisitos t\u00e9cnicos, sino tambi\u00e9n los matices de personalidad, motivaci\u00f3n y estilo de liderazgo. Este enfoque disciplinado nos ayuda a identificar a las personas que pueden contribuir de manera significativa desde su primer d\u00eda.<\/p>\n<h4><strong>Adquisici\u00f3n de talento<\/strong><\/h4>\n<p>Nuestros consultores cultivan y mantienen s\u00f3lidas relaciones profesionales en sectores como las finanzas, el derecho, los seguros, la fabricaci\u00f3n y el marketing. Combinando m\u00e9todos de b\u00fasqueda discretos y tradicionales con un riguroso an\u00e1lisis del mercado, podemos llegar tanto a candidatos activos como pasivos. Este enfoque integral proporciona acceso a un amplio espectro de talento preparado para liderar a nivel directivo.<\/p>\n<h4><strong>Transformaci\u00f3n organizativa<\/strong><\/h4>\n<p>Nuestra contribuci\u00f3n a menudo va m\u00e1s all\u00e1 de la colocaci\u00f3n exitosa de un director. Ofrecemos evaluaciones de liderazgo, planes de sucesi\u00f3n y servicios de desarrollo del consejo para ayudar a fortalecer la gobernanza de cara al futuro. Las organizaciones con las que trabajamos nos ven como socios comprometidos, dedicados a desarrollar su capacidad de recuperaci\u00f3n y permitir un \u00e9xito sostenido.<\/p>\n<h2><strong>Nuestro enfoque de la b\u00fasqueda de directivos<\/strong><\/h2>\n<p>El nombramiento de consejeros exige un proceso riguroso, basado en pruebas y totalmente confidencial. Comenzamos con reuniones de descubrimiento para comprender plenamente las necesidades de la empresa, la din\u00e1mica del equipo y las expectativas de las partes interesadas. A partir de esta base, creamos un perfil detallado del candidato que documenta las aptitudes t\u00e9cnicas esenciales, las cualificaciones y las competencias espec\u00edficas de liderazgo.<\/p>\n<p>Nuestra estrategia de b\u00fasqueda integra un alcance discreto, un mapeo exhaustivo del mercado y el uso de plataformas profesionales espec\u00edficas. Tambi\u00e9n incorporamos evaluaciones psicom\u00e9tricas y entrevistas estructuradas, que proporcionan informaci\u00f3n clara y objetiva sobre la experiencia, las motivaciones y el encaje cultural de cada candidato.<\/p>\n<p>El proceso de preselecci\u00f3n est\u00e1 dise\u00f1ado para la transparencia. Presentamos una descripci\u00f3n clara y detallada de los antecedentes de cada candidato, su historial de logros y su enfoque del liderazgo. Una vez realizada la selecci\u00f3n final, guiamos tanto al candidato como a la empresa a trav\u00e9s de las entrevistas finales, las negociaciones y el periodo de incorporaci\u00f3n. Esta cuidadosa supervisi\u00f3n garantiza la estabilidad y minimiza el riesgo en cada paso.<\/p>\n<p>A diferencia de la contrataci\u00f3n transaccional, que a menudo da prioridad a la rapidez, nuestra metodolog\u00eda est\u00e1 dise\u00f1ada para ofrecer nombramientos duraderos. Gestionamos cada asignaci\u00f3n con respeto, precisi\u00f3n y total confidencialidad, ayudando a las empresas de Valencia a encontrar l\u00edderes que puedan guiar a sus organizaciones con visi\u00f3n y seguridad.<\/p>\n<h2><strong>Nuestra experiencia como l\u00edderes en selecci\u00f3n de directivos en Valencia<\/strong><\/h2>\n<p>Nuestros consultores aportan muchos a\u00f1os de experiencia directa en la b\u00fasqueda de directivos en toda Espa\u00f1a. Con conocimientos especializados y redes profesionales globales, nos adaptamos al contexto \u00fanico de cada empresa, manteniendo al mismo tiempo un proceso estructurado y fiable.<\/p>\n<p>Somos conocidos por gestionar asignaciones sensibles, a nivel directivo, en las que la discreci\u00f3n es primordial. Respetando las prioridades de cada organizaci\u00f3n y compartiendo abiertamente nuestro conocimiento del mercado, aportamos ideas que refuerzan tanto el resultado de la contrataci\u00f3n como la eficacia a largo plazo del consejo de administraci\u00f3n.<\/p>\n<h4><strong>Algunas \u00e1reas en las que nos especializamos<\/strong><\/h4>\n<p>Apoyamos a las organizaciones de Valencia en una amplia gama de sectores, incluyendo finanzas, seguros, fabricaci\u00f3n, marketing y servicios jur\u00eddicos. Nuestros consultores aplican su experiencia espec\u00edfica en cada sector para ayudar a las empresas a encontrar l\u00edderes que puedan alinearse con sus objetivos particulares y su direcci\u00f3n estrat\u00e9gica.<\/p>\n<h4><strong>Ejemplos de puestos para los que contratamos<\/strong><\/h4>\n<p>Nuestro trabajo se centra en cubrir una variedad de funciones de gobierno cruciales. Colocamos a consejeros independientes que aportan una supervisi\u00f3n imparcial y nuevas perspectivas, e identificamos a los presidentes de \u00f3rganos vitales como los comit\u00e9s de auditor\u00eda o retribuci\u00f3n, encargados de mantener la integridad financiera y dar forma a los incentivos de liderazgo. Adem\u00e1s, contratamos a altos directivos no ejecutivos, que aportan asesores experimentados del sector para la orientaci\u00f3n estrat\u00e9gica. Tambi\u00e9n encontramos ejecutivos actuales o anteriores de la C-suite, como directores generales y directores financieros, cuya experiencia operativa reciente ofrece una visi\u00f3n inestimable del mundo real a otro consejo.<\/p>\n<blockquote><p><strong>Agradecemos las conversaciones con organizaciones de Valencia que busquen cubrir estos puestos cr\u00edticos en los consejos de administraci\u00f3n y estamos dispuestos a explorar c\u00f3mo nuestro proceso puede proporcionar los l\u00edderes adecuados para un equipo.<\/strong><\/p><\/blockquote>\n<h2><strong>Por qu\u00e9 Haldren utiliza un enfoque personalizado para el reclutamiento<\/strong><\/h2>\n<p>Sabemos por experiencia que no hay dos organizaciones con necesidades id\u00e9nticas. Un consejo puede requerir un director con una profunda perspicacia financiera, mientras que otro busca experiencia espec\u00edfica en marketing internacional u operaciones. Un modelo estandarizado simplemente no puede abordar estos requisitos distintos.<\/p>\n<p>Nuestros consultores se basan en a\u00f1os de trabajo directo con empresas espa\u00f1olas. Hemos aprendido que la capacidad t\u00e9cnica es insuficiente sin la compatibilidad cultural y el apoyo posterior a la colocaci\u00f3n. Por este motivo, dise\u00f1amos cada proceso de b\u00fasqueda en funci\u00f3n de las circunstancias espec\u00edficas de la organizaci\u00f3n, al tiempo que mantenemos los est\u00e1ndares \u00e9ticos de nuestra firma y nuestro compromiso con el \u00e9xito.<\/p>\n<p>Nuestro enfoque equilibra una metodolog\u00eda estructurada con una flexibilidad esencial. Adaptamos nuestro trabajo al puesto, al sector y a la cultura de la organizaci\u00f3n, garantizando claridad, atenci\u00f3n y resultados significativos en cada b\u00fasqueda de directivos que emprendemos.<\/p>\n<h2><strong>Por qu\u00e9 elegir Haldren para la b\u00fasqueda de directivos<\/strong><\/h2>\n<p>Seleccionar un socio para una b\u00fasqueda ejecutiva a nivel de consejo de administraci\u00f3n es una decisi\u00f3n basada en la confianza. En Haldren, nuestro compromiso con la confidencialidad, la pr\u00e1ctica \u00e9tica y el trabajo minucioso es incondicional. Nuestros consultores han guiado a empresas de toda Espa\u00f1a durante a\u00f1os, tratando la informaci\u00f3n sensible con total respeto y protegiendo la privacidad de cada parte interesada.<\/p>\n<p>Se nos valora por nuestra fiabilidad y por las colaboraciones a largo plazo que establecemos. Nuestro alcance internacional nos permite identificar candidatos de todo el mundo, pero mantenemos un conocimiento cercano y matizado de la comunidad empresarial valenciana. Tanto si trabajamos con empresas financieras, grupos industriales u organizaciones de seguros, nos aseguramos de que el proceso sea eficiente, profesional y orientado a un resultado positivo.<\/p>\n<p>Ofrecemos m\u00e1s que un servicio de selecci\u00f3n; apoyamos a las organizaciones en todas las etapas, desde la definici\u00f3n del puesto hasta la integraci\u00f3n del candidato elegido. Con nuestros experimentados consultores, procesos estructurados y enfoque en el \u00e9xito duradero, ayudamos a las empresas a crear consejos de administraci\u00f3n m\u00e1s fuertes.<\/p>\n<blockquote><p><strong>Para saber m\u00e1s sobre c\u00f3mo podemos apoyar los nombramientos de sus consejos de administraci\u00f3n, invitamos a cualquier interesado a ponerse en contacto con nosotros y conectar con nuestro equipo.<\/strong><\/p><\/blockquote>\n                            <\/div>\n        <\/div>\n    <\/div>\n<\/div>\n\n<div class=\"block-section accordion-main-section \">\n    <div class=\"container\">    \n                <div class=\"accordion-faqs\">\n            <h2 class=\"m-title\">Frequently Asked Questions (FAQs)<\/h2>\n                        <div class=\"item\">\n                <h3>\u00bfC\u00f3mo mantiene Haldren la confidencialidad en una b\u00fasqueda de consejeros?<\/h3>\n                <div class=\"faq-content\"><p>Protegemos toda la informaci\u00f3n de clientes y candidatos con la m\u00e1xima discreci\u00f3n. Todas las contrataciones se rigen por estrictos acuerdos de confidencialidad y nos aseguramos de que los datos confidenciales solo se compartan con las partes interesadas autorizadas en funci\u00f3n de la necesidad de conocimiento.<\/p>\n<\/div>\n            <\/div>\n                        <div class=\"item\">\n                <h3>\u00bfQu\u00e9 distingue la metodolog\u00eda de Haldren de la de otras empresas?<\/h3>\n                <div class=\"faq-content\"><p>Nuestro proceso estructurado se basa en la colaboraci\u00f3n y la profundidad. Desarrollamos un perfil de \u00e9xito detallado en colaboraci\u00f3n con la junta directiva, realizamos estudios de mercado exhaustivos y utilizamos evaluaciones de comportamiento en profundidad para garantizar que los candidatos est\u00e9n alineados con los objetivos a largo plazo y la cultura de la organizaci\u00f3n.<\/p>\n<\/div>\n            <\/div>\n                        <div class=\"item\">\n                <h3>\u00bfHasta qu\u00e9 punto se implicar\u00e1 la empresa durante el proceso de contrataci\u00f3n?<\/h3>\n                <div class=\"faq-content\"><p>Las organizaciones a las que servimos siguen estando estrechamente implicadas y en control. Facilitamos una asociaci\u00f3n de colaboraci\u00f3n mediante actualizaciones peri\u00f3dicas de los progresos, informes detallados sobre los candidatos preseleccionados y sesiones estrat\u00e9gicas en los momentos clave de la toma de decisiones para respaldar elecciones plenamente informadas.<\/p>\n<\/div>\n            <\/div>\n                        <div class=\"item\">\n                <h3>\u00bfOfrecen apoyo despu\u00e9s de la colocaci\u00f3n?<\/h3>\n                <div class=\"faq-content\"><p>Nuestro trabajo contin\u00faa una vez finalizado el nombramiento. Proporcionamos orientaci\u00f3n posterior al nombramiento y facilitamos las visitas de control para ayudar al nuevo director y al consejo a adaptarse sin problemas. Este seguimiento refuerza la estabilidad y ayuda a garantizar una integraci\u00f3n satisfactoria a largo plazo.<\/p>\n<\/div>\n            <\/div>\n                    <\/div>\n            <\/div>\n<\/div><\/div><div class=\"sidebar-wrapper\">\n<div class=\"wpcf7 no-js\" id=\"wpcf7-f10-o1\" lang=\"\" dir=\"ltr\" data-wpcf7-id=\"10\">\n<div class=\"screen-reader-response\"><p role=\"status\" aria-live=\"polite\" aria-atomic=\"true\"><\/p> <ul><\/ul><\/div>\n<form action=\"\/valencia\/wp-json\/wp\/v2\/pages\/165#wpcf7-f10-o1\" method=\"post\" class=\"wpcf7-form init\" aria-label=\"Contact form\" enctype=\"multipart\/form-data\" novalidate=\"novalidate\" data-status=\"init\">\n<fieldset class=\"hidden-fields-container\"><input type=\"hidden\" name=\"_wpcf7\" value=\"10\" \/><input type=\"hidden\" name=\"_wpcf7_version\" value=\"6.1.5\" \/><input type=\"hidden\" name=\"_wpcf7_locale\" value=\"\" \/><input type=\"hidden\" name=\"_wpcf7_unit_tag\" value=\"wpcf7-f10-o1\" \/><input type=\"hidden\" name=\"_wpcf7_container_post\" value=\"0\" \/><input type=\"hidden\" name=\"_wpcf7_posted_data_hash\" value=\"\" \/>\n<\/fieldset>\n<input class=\"wpcf7-form-control wpcf7-hidden\" id=\"utm_source\" value=\"\" type=\"hidden\" name=\"utm_source\" \/>\n<input class=\"wpcf7-form-control wpcf7-hidden\" id=\"utm_medium\" value=\"\" type=\"hidden\" name=\"utm_medium\" \/>\n<input class=\"wpcf7-form-control wpcf7-hidden\" id=\"sideform_user_country\" value=\"\" type=\"hidden\" name=\"userCountry\" \/>\n<div class=\"form-grid-layout\">\n\t<div class=\"form-title\">\n\t\t<h2 class=\"title\">Thrive with Top Talent<br \/>\n- No Upfronts Fees\n\t\t<\/h2>\n\t\t<p>Have it easier with video interview clips and a candidate shortlist within 2-3 weeks\n\t\t<\/p>\n\t<\/div>\n\t<div class=\"input-field\">\n\t\t<p><label for=\"\">Name<\/label><br \/>\n<span class=\"wpcf7-form-control-wrap\" data-name=\"full-Name\"><input size=\"40\" maxlength=\"400\" class=\"wpcf7-form-control wpcf7-text wpcf7-validates-as-required\" aria-required=\"true\" aria-invalid=\"false\" value=\"\" type=\"text\" name=\"full-Name\" \/><\/span>\n\t\t<\/p>\n\t<\/div>\n\t<div class=\"input-field\">\n\t\t<p><label for=\"\">Email Address<\/label><br \/>\n<span class=\"wpcf7-form-control-wrap\" data-name=\"email-address\"><input size=\"40\" maxlength=\"400\" class=\"wpcf7-form-control wpcf7-email wpcf7-validates-as-required wpcf7-text wpcf7-validates-as-email\" aria-required=\"true\" aria-invalid=\"false\" value=\"\" type=\"email\" name=\"email-address\" \/><\/span>\n\t\t<\/p>\n\t<\/div>\n\t<div class=\"input-field\">\n\t\t<p><label for=\"\">Company<\/label><br \/>\n<span class=\"wpcf7-form-control-wrap\" data-name=\"company\"><input size=\"40\" maxlength=\"400\" class=\"wpcf7-form-control wpcf7-text\" aria-invalid=\"false\" value=\"\" type=\"text\" name=\"company\" \/><\/span>\n\t\t<\/p>\n\t<\/div>\n\t<div class=\"radiobox-field\">\n\t\t<p><span class=\"wpcf7-form-control-wrap\" data-name=\"radio-721company-status\"><span class=\"wpcf7-form-control wpcf7-radio\"><span class=\"wpcf7-list-item first\"><label><input type=\"radio\" name=\"radio-721company-status\" value=\"{Employer}\" \/><span class=\"wpcf7-list-item-label\">Employer<\/span><\/label><\/span><span class=\"wpcf7-list-item last\"><label><input type=\"radio\" name=\"radio-721company-status\" value=\"{Candidate}\" \/><span class=\"wpcf7-list-item-label\">Candidate<\/span><\/label><\/span><\/span><\/span>\n\t\t<\/p>\n\t<\/div>\n\t<div class=\"input-field\">\n\t\t<p><span class=\"wpcf7-form-control-wrap\" data-name=\"file-upload\"><input size=\"40\" class=\"wpcf7-form-control wpcf7-file\" accept=\".pdf\" aria-invalid=\"false\" type=\"file\" name=\"file-upload\" \/><\/span>\n\t\t<\/p>\n\t<\/div>\n\t<div class=\"textarea-field\">\n\t\t<p><label for=\"\">How can we help you?<\/label><br \/>\n<span class=\"wpcf7-form-control-wrap\" data-name=\"message\"><textarea cols=\"40\" rows=\"10\" maxlength=\"2000\" class=\"wpcf7-form-control wpcf7-textarea\" aria-invalid=\"false\" name=\"message\"><\/textarea><\/span>\n\t\t<\/p>\n\t<\/div>\n\t<p><span id=\"wpcf7-6a073cbb30ec2-wrapper\" class=\"wpcf7-form-control-wrap nickname-wrap\" ><input id=\"wpcf7-6a073cbb30ec2-field\"  class=\"wpcf7-form-control wpcf7-text\" type=\"text\" name=\"nickname\" value=\"\" size=\"40\" tabindex=\"-1\" autocomplete=\"off\" \/><\/span>\n\t<\/p>\n\t<div class=\"form-term\">\n\t\t<p>Submission of this form means you have agreed to our <a href=\"\/privacy-policy\/\" title=\"\">Privacy Policy<\/a> and <a href=\"\/terms-of-service\/\" title=\"\">Terms Conditions<\/a>\n\t\t<\/p>\n\t<\/div>\n\t<div class=\"submit-btn\">\n\t\t<p><input class=\"wpcf7-form-control wpcf7-submit has-spinner btn-box\" type=\"submit\" value=\"Get in Touch\" \/>\n\t\t<\/p>\n\t<\/div>\n<\/div><div class=\"wpcf7-response-output\" aria-hidden=\"true\"><\/div>\n<\/form>\n<\/div>\n<\/div><\/div>\n\n\n<div class=\"block-section client-reviews-slider \" style=\"background-color: #119084\">  \n    <div class=\"container\">\n                <div class=\"splide client-slider\">\n            <div class=\"splide__track\">\n                <div class=\"splide__list\">\n                                        <div class=\"splide__slide\">\n                        <div class=\"content-box\">\n                            <div class=\"content\">\n                                <p>&#8220;Trabajar con Haldren fue un punto de inflexi\u00f3n para nuestro consejo. Sus consultores entendieron nuestro negocio, nos proporcionaron informaci\u00f3n detallada y nos ayudaron a nombrar a un director que ya ha tenido un impacto mensurable.&#8221;<\/p>\n                            <\/div>\n                                                        <div class=\"name\">\n                                <strong>Javier M.<\/strong>, \n                                DIRECTOR GENERAL                            <\/div>\n                                                    <\/div>\n                    <\/div>\n                                        <div class=\"splide__slide\">\n                        <div class=\"content-box\">\n                            <div class=\"content\">\n                                <p>&#8220;Los consultores de Haldren mostraron un cuidado genuino durante todo el proceso. Nos guiaron profesionalmente, salvaguardaron la confidencialidad y presentaron candidatos que encajaban tanto con el puesto como con nuestra cultura organizativa.&#8221;<\/p>\n                            <\/div>\n                                                        <div class=\"name\">\n                                <strong>Marta L.<\/strong>, \n                                Consejo General                            <\/div>\n                                                    <\/div>\n                    <\/div>\n                                        <div class=\"splide__slide\">\n                        <div class=\"content-box\">\n                            <div class=\"content\">\n                                <p data-pm-slice=\"1 1 []\">&#8220;Su amplia experiencia qued\u00f3 patente desde el principio. La metodolog\u00eda de Haldren nos dio confianza en cada fase, y los resultados superaron las expectativas. Volver\u00edamos a trabajar con ellos con mucho gusto&#8221;.<\/p>\n                            <\/div>\n                                                        <div class=\"name\">\n                                <strong>Sergio R.<\/strong>, \n                                Jefe de Finanzas                            <\/div>\n                                                    <\/div>\n                    <\/div>\n                                    <\/div>\n            <\/div>\n        <\/div>\n            <\/div>\n<\/div>","protected":false},"excerpt":{"rendered":"","protected":false},"author":10,"featured_media":0,"parent":161,"menu_order":0,"comment_status":"closed","ping_status":"closed","template":"","meta":{"_acf_changed":false,"footnotes":""},"class_list":["post-165","page","type-page","status-publish","hentry"],"acf":[],"lang":"es","translations":{"es":165},"jetpack_sharing_enabled":true,"pll_sync_post":[],"_links":{"self":[{"href":"https:\/\/www.haldren.com\/valencia\/wp-json\/wp\/v2\/pages\/165","targetHints":{"allow":["GET"]}}],"collection":[{"href":"https:\/\/www.haldren.com\/valencia\/wp-json\/wp\/v2\/pages"}],"about":[{"href":"https:\/\/www.haldren.com\/valencia\/wp-json\/wp\/v2\/types\/page"}],"author":[{"embeddable":true,"href":"https:\/\/www.haldren.com\/valencia\/wp-json\/wp\/v2\/users\/10"}],"replies":[{"embeddable":true,"href":"https:\/\/www.haldren.com\/valencia\/wp-json\/wp\/v2\/comments?post=165"}],"version-history":[{"count":1,"href":"https:\/\/www.haldren.com\/valencia\/wp-json\/wp\/v2\/pages\/165\/revisions"}],"predecessor-version":[{"id":191,"href":"https:\/\/www.haldren.com\/valencia\/wp-json\/wp\/v2\/pages\/165\/revisions\/191"}],"up":[{"embeddable":true,"href":"https:\/\/www.haldren.com\/valencia\/wp-json\/wp\/v2\/pages\/161"}],"wp:attachment":[{"href":"https:\/\/www.haldren.com\/valencia\/wp-json\/wp\/v2\/media?parent=165"}],"curies":[{"name":"wp","href":"https:\/\/api.w.org\/{rel}","templated":true}]}}