{"id":167,"date":"2025-09-19T03:50:13","date_gmt":"2025-09-19T03:50:13","guid":{"rendered":"https:\/\/www.haldren.com\/valencia\/?page_id=73"},"modified":"2025-10-15T05:29:56","modified_gmt":"2025-10-15T05:29:56","slug":"cazatalentos","status":"publish","type":"page","link":"https:\/\/www.haldren.com\/valencia\/es\/adquisicion-de-talentos\/cazatalentos\/","title":{"rendered":"Cazatalentos"},"content":{"rendered":"\n  <link rel=\"preload\" as=\"image\" href=\"https:\/\/www.haldren.com\/valencia\/wp-content\/uploads\/sites\/34\/2025\/09\/valencia-city-e1764150340710.webp\" fetchpriority=\"high\">\n  <style>\n    .inner-banner-section {\n      background-image: url('https:\/\/www.haldren.com\/valencia\/wp-content\/uploads\/sites\/34\/2025\/09\/valencia-city-e1764150340710.webp');\n      background-size: cover;\n      background-position: center;\n      background-repeat: no-repeat;\n    }\n\n    @media (max-width: 768px) {\n      .inner-banner-section {\n        background-image: url('https:\/\/www.haldren.com\/valencia\/wp-content\/uploads\/sites\/34\/2025\/09\/valencia-city-e1764150340710.webp');\n      }\n    }\n  <\/style>\n\n<div class=\"block-section inner-banner-section lazyload bg-sty section-gaps top-border-line\">\n  <div class=\"container-fluid\">\n    <div class=\"content-wrap\">\n      <h1 class=\"title\">\n        Servicios de b\u00fasqueda de personal en Valencia      <\/h1>\n      <span style=\"font-size: 18px;\">Consultores especializados que conectan a las empresas valencianas con l\u00edderes que ofrecen resultados mensurables<\/span>\n    <\/div>\n  <\/div>\n<\/div>\n\n\n\n\n<div class=\"wp-block-custom-div-wrapper-block col-wrapper has-sidebar\"><div class=\"content-wrapper\" style=\"background-color:#002a26\">\n<div class=\"block-section section-gaps default-content-section \" \n     style=\"--text-color: #ffffff; --bg-color: #119084;\">\n    <div class=\"container\">\n        <div class=\"default-single-content-wrap\">\n            <div class=\"content-wrap\">\n                                    <h2 data-pm-slice=\"1 1 []\">Empresa l\u00edder en Headhunting en Valencia<\/h2>\n<p>Ofrecemos servicios de headhunting en Valencia con un m\u00e9todo discreto, profesional y consultivo en el que conf\u00edan organizaciones de toda Espa\u00f1a. Nuestros consultores aplican a\u00f1os de experiencia en la b\u00fasqueda de directivos, trabajando con diligencia para asegurar que cada nuevo nombramiento refuerza el equipo directivo de una empresa y hace avanzar su estrategia a largo plazo. Gestionamos cada contrataci\u00f3n con total confidencialidad, protegiendo la informaci\u00f3n sensible y ofreciendo a nuestros clientes tranquilidad operativa.<\/p>\n<p>Lo que diferencia nuestro trabajo es la forma en que fusionamos un alcance global con un profundo conocimiento del mercado valenciano. Empezamos escuchando atentamente y evaluando cada situaci\u00f3n particular, lo que nos permite encontrar l\u00edderes cuyas habilidades y perspectivas se alineen tanto con la cultura de la empresa como con sus objetivos estrat\u00e9gicos. Integrando el acceso internacional con el conocimiento local, conseguimos nombramientos que a\u00f1aden valor tangible de forma consistente.<br \/>\n Haldren<\/p>\n<blockquote><p><strong>es reconocida por la fiabilidad de sus servicios de headhunting en Valencia, una reputaci\u00f3n construida sobre la confianza, una profunda experiencia y un compromiso inquebrantable con la consecuci\u00f3n de un \u00e9xito medible para las organizaciones a las que servimos.<\/strong><\/p><\/blockquote>\n<h2>Firma de b\u00fasqueda de ejecutivos de primer nivel en Valencia<\/h2>\n<p>Nuestro trabajo refleja nuestra misi\u00f3n principal de conectar a las empresas con ejecutivos que puedan impulsar el negocio. Entendemos la b\u00fasqueda de directivos como algo m\u00e1s que simplemente cubrir una vacante; es el trabajo estrat\u00e9gico de hacer coincidir la visi\u00f3n de una empresa con una persona capaz de aportar crecimiento sostenido e innovaci\u00f3n.<\/p>\n<p>Nuestro equipo de consultor\u00eda de RR.HH. invierte tiempo en identificar l\u00edderes que combinen una profunda experiencia t\u00e9cnica con una alineaci\u00f3n cultural natural. Cada asignaci\u00f3n es un proceso disciplinado que implica una evaluaci\u00f3n precisa y un conocimiento actual del sector. A lo largo de los a\u00f1os, este enfoque dedicado ha establecido a nuestra empresa como un socio valioso en Valencia para servicios de b\u00fasqueda de ejecutivos que producen resultados duraderos.<\/p>\n<h4>Evaluaci\u00f3n<\/h4>\n<p>Comenzamos con un an\u00e1lisis exhaustivo de la posici\u00f3n de la empresa en el mercado, sus retos espec\u00edficos y sus objetivos principales. A partir de ah\u00ed, elaboramos un perfil detallado del candidato que refleja no s\u00f3lo los criterios t\u00e9cnicos, sino tambi\u00e9n la cultura organizativa. Nuestras evaluaciones se extienden a la personalidad, la motivaci\u00f3n y el estilo de liderazgo para garantizar un ajuste s\u00f3lido y hol\u00edstico que va m\u00e1s all\u00e1 de la mera experiencia.<\/p>\n<h4>Adquisici\u00f3n de talento<\/h4>\n<p>Nuestro acceso a amplias redes, asociaciones profesionales y conexiones sectoriales espec\u00edficas da a nuestras b\u00fasquedas un alcance excepcional. Combinamos la b\u00fasqueda directa tradicional con modernas herramientas de b\u00fasqueda para identificar candidatos activos y pasivos. Esta combinaci\u00f3n nos permite encontrar l\u00edderes con habilidades probadas y una perspectiva de futuro.<\/p>\n<h4>Transformaci\u00f3n organizativa<\/h4>\n<p>Nuestra contribuci\u00f3n a menudo va m\u00e1s all\u00e1 del proceso de contrataci\u00f3n. A trav\u00e9s de la consultor\u00eda de recursos humanos, la evaluaci\u00f3n del liderazgo y la planificaci\u00f3n de la sucesi\u00f3n, ayudamos a las organizaciones valencianas a construir estructuras de liderazgo m\u00e1s resistentes. Estos servicios proporcionan estabilidad, refuerzan el crecimiento y garantizan que las empresas obtengan beneficios mucho m\u00e1s all\u00e1 de la contrataci\u00f3n inicial.<\/p>\n<h2>Nuestro enfoque de la b\u00fasqueda de directivos<\/h2>\n<p>Abordamos la b\u00fasqueda de directivos con un claro entendimiento de que cada organizaci\u00f3n en Valencia se enfrenta a un conjunto distinto de presiones y ambiciones. Las conversaciones iniciales con las partes interesadas nos ayudan a aclarar las prioridades, definir los resultados deseados y establecer una visi\u00f3n compartida del \u00e9xito. Desde ese punto de partida de colaboraci\u00f3n, desarrollamos un perfil completo del candidato que especifica las cualificaciones, la experiencia t\u00e9cnica y las cualidades esenciales de liderazgo.<\/p>\n<p>A continuaci\u00f3n, realizamos un mapeo del mercado, un paso que nos permite ver el alcance completo del talento disponible en toda la Comunidad Valenciana y a nivel internacional. Nuestros reclutadores combinan la b\u00fasqueda selectiva, las referencias del sector y la publicidad confidencial con la b\u00fasqueda digital en plataformas profesionales. Esta t\u00e9cnica por capas garantiza que lleguemos al mayor n\u00famero posible de candidatos potenciales.<\/p>\n<p>A continuaci\u00f3n, las personas pasan por un proceso de entrevistas estructuradas, pruebas psicom\u00e9tricas y evaluaciones de liderazgo. Nos centramos no s\u00f3lo en los logros pasados, sino tambi\u00e9n en la motivaci\u00f3n y el ajuste cultural, sabiendo que la alineaci\u00f3n en estas \u00e1reas es vital para el impacto a largo plazo. Las listas de preseleccionados se preparan con sumo cuidado, y cada candidato recomendado est\u00e1 respaldado por pruebas claras y referencias verificadas.<\/p>\n<p>A lo largo de todo el proyecto, nos comunicamos abiertamente con nuestro cliente al tiempo que mantenemos una estricta confidencialidad para todas las partes. Tambi\u00e9n proporcionamos apoyo a la incorporaci\u00f3n para ayudar a los nuevos l\u00edderes a integrarse sin problemas en sus funciones y entornos.<\/p>\n<p>En comparaci\u00f3n con la contrataci\u00f3n est\u00e1ndar, nuestro m\u00e9todo estructurado y consultivo a\u00f1ade profundidad y claridad en cada etapa. Este proceso asegura l\u00edderes que no s\u00f3lo cumplen los requisitos del puesto, sino que tambi\u00e9n aportan el car\u00e1cter y la capacidad para tener \u00e9xito en Valencia a largo plazo.<\/p>\n<h2>Nuestra experiencia como l\u00edderes en selecci\u00f3n de directivos en Valencia<\/h2>\n<p>Aportamos una combinaci\u00f3n de conocimientos t\u00e9cnicos, experiencia en b\u00fasqueda y orientaci\u00f3n al cliente a cada proyecto. Nuestros consultores se basan en una amplia experiencia en la b\u00fasqueda de directivos, al tiempo que se mantienen activamente comprometidos con los desarrollos de la industria en la diversa econom\u00eda de Valencia. Este equilibrio garantiza que nuestros m\u00e9todos permanezcan actualizados y, al mismo tiempo, se basen en pr\u00e1cticas probadas y eficaces.<\/p>\n<p>Nuestro papel se ampl\u00eda con frecuencia al trabajo de asesoramiento organizativo, lo que nos proporciona una perspectiva m\u00e1s amplia sobre c\u00f3mo las decisiones de liderazgo afectan a los resultados empresariales. Al combinar los conocimientos sobre selecci\u00f3n de personal con la consultor\u00eda de liderazgo, ayudamos a las empresas a conseguir ejecutivos que puedan desempe\u00f1ar su funci\u00f3n y reforzar la organizaci\u00f3n en su conjunto.<\/p>\n<h4>Algunas \u00e1reas en las que nos especializamos<\/h4>\n<p>En Valencia, realizamos b\u00fasquedas en un amplio abanico de sectores, incluyendo el manufacturero, fiscal y legal, servicios profesionales, tecnolog\u00eda y empresas centradas en la innovaci\u00f3n. Nuestros consultores se adaptan a las demandas \u00fanicas de cada proyecto con cuidado, siempre centrando las decisiones en los objetivos del cliente y las realidades de su industria.<\/p>\n<h4>Ejemplos de puestos que reclutamos<\/h4>\n<p>Nuestros headhunters en Valencia trabajan en nombramientos a nivel senior y ejecutivo. Reclutamos para puestos C-suite como Consejero Delegado, Director Financiero y Director de Operaciones, as\u00ed como para directores responsables de funciones como operaciones, finanzas, recursos humanos e impuestos.<\/p>\n<blockquote><p><strong>Le invitamos a mantener una conversaci\u00f3n con Haldren para saber m\u00e1s sobre los puestos senior y de liderazgo que podemos cubrir.<\/strong><\/p><\/blockquote>\n<h2>Por qu\u00e9 Haldren utiliza un enfoque personalizado para el reclutamiento<\/h2>\n<p>La experiencia nos ha ense\u00f1ado que el reclutamiento \u00fanico crea riesgos innecesarios. Las listas de preselecci\u00f3n estandarizadas a menudo pasan por alto las cualidades espec\u00edficas que determinan si un l\u00edder tendr\u00e1 realmente \u00e9xito en una empresa concreta. Este tipo de desajustes puede ralentizar el crecimiento y causar importantes trastornos.<\/p>\n<p>Nuestros consultores siguen un camino diferente. Cada b\u00fasqueda comienza con una escucha atenta y un an\u00e1lisis espec\u00edfico. Uno de nuestros proyectos recientes consisti\u00f3 en apoyar a una empresa valenciana durante una importante reestructuraci\u00f3n. En lugar de confiar en una b\u00fasqueda gen\u00e9rica, elaboramos un perfil preciso del candidato, centramos la b\u00fasqueda y encontramos a un l\u00edder que combinaba experiencia operativa con la serena autoridad necesaria para estabilizar el equipo. Ese nombramiento result\u00f3 vital para la recuperaci\u00f3n de la empresa.<\/p>\n<p>Al personalizar el proceso, utilizamos el tiempo de forma m\u00e1s eficaz, minimizamos el riesgo y mejoramos los resultados a largo plazo. Tratamos cada tarea como \u00fanica, aplicando rigor y discreci\u00f3n en cada paso para garantizar que los resultados sean pr\u00e1cticos, sostenibles y est\u00e9n alineados con el futuro de la organizaci\u00f3n.<\/p>\n<h2>Por qu\u00e9 elegir Haldren para Headhunting<\/h2>\n<p>La confianza est\u00e1 en el centro de toda relaci\u00f3n exitosa de headhunting. En Haldren, honramos esa confianza a trav\u00e9s de nuestro compromiso con la confidencialidad, la conducta \u00e9tica y los resultados respaldados por la evidencia. Los clientes de Valencia recurren a nosotros porque somos coherentes, fiables y nos centramos en lo que m\u00e1s importa a su negocio.<\/p>\n<p>Nuestro alcance global se equilibra con nuestro profundo conocimiento local. Reconocemos que el \u00e9xito de los nombramientos requiere algo m\u00e1s que habilidades t\u00e9cnicas. La alineaci\u00f3n cultural, el estilo de liderazgo y la motivaci\u00f3n personal desempe\u00f1an un papel decisivo en el \u00e9xito de una persona. Nuestros consultores eval\u00faan estos factores con cuidado, asegur\u00e1ndose de que nuestras recomendaciones se ajustan a la organizaci\u00f3n tanto en capacidad como en car\u00e1cter.<\/p>\n<p>Construimos asociaciones que se extienden m\u00e1s all\u00e1 de la propia b\u00fasqueda. Cuando los clientes necesitan consultor\u00eda de recursos humanos, evaluaciones de liderazgo o apoyo para el desarrollo organizativo, estamos preparados para ayudarles. Estas conexiones continuas refuerzan la confianza y ayudan a crear una estabilidad que perdura mucho despu\u00e9s de que se haya realizado un nombramiento.<\/p>\n<p>La experiencia, discreci\u00f3n y enfoque met\u00f3dico de nuestro equipo definen nuestro trabajo. Cada b\u00fasqueda se lleva a cabo con profesionalidad y con el claro objetivo de ofrecer l\u00edderes que marquen una diferencia cuantificable.<\/p>\n<p>Para las organizaciones que est\u00e9n considerando la posibilidad de contratar a cazatalentos profesionales en Valencia, les invitamos a mantener una conversaci\u00f3n inicial. Estaremos encantados de discutir las prioridades espec\u00edficas y mostrar c\u00f3mo nuestros servicios de headhunting pueden apoyar el \u00e9xito a largo plazo.<\/p>\n                            <\/div>\n        <\/div>\n    <\/div>\n<\/div>\n\n<div class=\"block-section accordion-main-section \">\n    <div class=\"container\">    \n                <div class=\"accordion-faqs\">\n            <h2 class=\"m-title\">Frequently Asked Questions (FAQs)<\/h2>\n                        <div class=\"item\">\n                <h3>\u00bfC\u00f3mo gestiona Haldren la confidencialidad durante la b\u00fasqueda?<\/h3>\n                <div class=\"faq-content\"><p>Aplicamos protocolos estrictos para proteger la informaci\u00f3n confidencial. Solo nuestros consultores internos y los candidatos plenamente verificados reciben detalles sobre una oportunidad, lo que garantiza una total discreci\u00f3n de principio a fin.<\/p>\n<\/div>\n            <\/div>\n                        <div class=\"item\">\n                <h3>\u00bfQu\u00e9 papel desempe\u00f1an los clientes en el proceso?<\/h3>\n                <div class=\"faq-content\"><p>Trabajamos en estrecha colaboraci\u00f3n con nuestros clientes. Su participaci\u00f3n es clave durante las actualizaciones de progreso, las revisiones del perfil del candidato y las conversaciones posteriores a la entrevista. Esta colaboraci\u00f3n garantiza que el nombramiento final se ajuste perfectamente a los objetivos de la empresa.<\/p>\n<\/div>\n            <\/div>\n                        <div class=\"item\">\n                <h3>\u00bfCu\u00e1nto suele durar una b\u00fasqueda de directivos en Valencia?<\/h3>\n                <div class=\"faq-content\"><p>Los plazos pueden variar seg\u00fan la funci\u00f3n y el mercado, pero la mayor\u00eda de los proyectos concluyen en varios meses. Nuestro proceso estructurado est\u00e1 dise\u00f1ado para equilibrar la eficiencia con la necesidad de una evaluaci\u00f3n minuciosa y cuidadosa.<\/p>\n<\/div>\n            <\/div>\n                        <div class=\"item\">\n                <h3>\u00bfQu\u00e9 diferencia a Haldren&#039;s Headhunting de la contrataci\u00f3n est\u00e1ndar?<\/h3>\n                <div class=\"faq-content\"><p>Nuestro enfoque se distingue por la integraci\u00f3n de alcance internacional, evaluaciones estructuradas y conocimientos espec\u00edficos del mercado valenciano. Esta combinaci\u00f3n nos permite identificar a los l\u00edderes que no s\u00f3lo cumplen todos los requisitos, sino que tambi\u00e9n se alinean profundamente con la cultura de una organizaci\u00f3n.<\/p>\n<\/div>\n            <\/div>\n                    <\/div>\n            <\/div>\n<\/div><\/div><div class=\"sidebar-wrapper\">\n<div class=\"wpcf7 no-js\" id=\"wpcf7-f10-o1\" lang=\"\" dir=\"ltr\" data-wpcf7-id=\"10\">\n<div class=\"screen-reader-response\"><p role=\"status\" aria-live=\"polite\" aria-atomic=\"true\"><\/p> <ul><\/ul><\/div>\n<form action=\"\/valencia\/wp-json\/wp\/v2\/pages\/167#wpcf7-f10-o1\" method=\"post\" class=\"wpcf7-form init\" aria-label=\"Contact form\" enctype=\"multipart\/form-data\" novalidate=\"novalidate\" data-status=\"init\">\n<fieldset class=\"hidden-fields-container\"><input type=\"hidden\" name=\"_wpcf7\" value=\"10\" \/><input type=\"hidden\" name=\"_wpcf7_version\" value=\"6.1.5\" \/><input type=\"hidden\" name=\"_wpcf7_locale\" value=\"\" \/><input type=\"hidden\" name=\"_wpcf7_unit_tag\" value=\"wpcf7-f10-o1\" \/><input type=\"hidden\" name=\"_wpcf7_container_post\" value=\"0\" \/><input type=\"hidden\" name=\"_wpcf7_posted_data_hash\" value=\"\" \/>\n<\/fieldset>\n<input class=\"wpcf7-form-control wpcf7-hidden\" id=\"utm_source\" value=\"\" type=\"hidden\" name=\"utm_source\" \/>\n<input class=\"wpcf7-form-control wpcf7-hidden\" id=\"utm_medium\" value=\"\" type=\"hidden\" name=\"utm_medium\" \/>\n<input class=\"wpcf7-form-control wpcf7-hidden\" id=\"sideform_user_country\" value=\"\" type=\"hidden\" name=\"userCountry\" \/>\n<div class=\"form-grid-layout\">\n\t<div class=\"form-title\">\n\t\t<h2 class=\"title\">Thrive with Top Talent<br \/>\n- No Upfronts Fees\n\t\t<\/h2>\n\t\t<p>Have it easier with video interview clips and a candidate shortlist within 2-3 weeks\n\t\t<\/p>\n\t<\/div>\n\t<div class=\"input-field\">\n\t\t<p><label for=\"\">Name<\/label><br \/>\n<span class=\"wpcf7-form-control-wrap\" data-name=\"full-Name\"><input size=\"40\" maxlength=\"400\" class=\"wpcf7-form-control wpcf7-text wpcf7-validates-as-required\" aria-required=\"true\" aria-invalid=\"false\" value=\"\" type=\"text\" name=\"full-Name\" \/><\/span>\n\t\t<\/p>\n\t<\/div>\n\t<div class=\"input-field\">\n\t\t<p><label for=\"\">Email Address<\/label><br \/>\n<span class=\"wpcf7-form-control-wrap\" data-name=\"email-address\"><input size=\"40\" maxlength=\"400\" class=\"wpcf7-form-control wpcf7-email wpcf7-validates-as-required wpcf7-text wpcf7-validates-as-email\" aria-required=\"true\" aria-invalid=\"false\" value=\"\" type=\"email\" name=\"email-address\" \/><\/span>\n\t\t<\/p>\n\t<\/div>\n\t<div class=\"input-field\">\n\t\t<p><label for=\"\">Company<\/label><br \/>\n<span class=\"wpcf7-form-control-wrap\" data-name=\"company\"><input size=\"40\" maxlength=\"400\" class=\"wpcf7-form-control wpcf7-text\" aria-invalid=\"false\" value=\"\" type=\"text\" name=\"company\" \/><\/span>\n\t\t<\/p>\n\t<\/div>\n\t<div class=\"radiobox-field\">\n\t\t<p><span class=\"wpcf7-form-control-wrap\" data-name=\"radio-721company-status\"><span class=\"wpcf7-form-control wpcf7-radio\"><span class=\"wpcf7-list-item first\"><label><input type=\"radio\" name=\"radio-721company-status\" value=\"{Employer}\" \/><span class=\"wpcf7-list-item-label\">Employer<\/span><\/label><\/span><span class=\"wpcf7-list-item last\"><label><input type=\"radio\" name=\"radio-721company-status\" value=\"{Candidate}\" \/><span class=\"wpcf7-list-item-label\">Candidate<\/span><\/label><\/span><\/span><\/span>\n\t\t<\/p>\n\t<\/div>\n\t<div class=\"input-field\">\n\t\t<p><span class=\"wpcf7-form-control-wrap\" data-name=\"file-upload\"><input size=\"40\" class=\"wpcf7-form-control wpcf7-file\" accept=\".pdf\" aria-invalid=\"false\" type=\"file\" name=\"file-upload\" \/><\/span>\n\t\t<\/p>\n\t<\/div>\n\t<div class=\"textarea-field\">\n\t\t<p><label for=\"\">How can we help you?<\/label><br \/>\n<span class=\"wpcf7-form-control-wrap\" data-name=\"message\"><textarea cols=\"40\" rows=\"10\" maxlength=\"2000\" class=\"wpcf7-form-control wpcf7-textarea\" aria-invalid=\"false\" name=\"message\"><\/textarea><\/span>\n\t\t<\/p>\n\t<\/div>\n\t<p><span id=\"wpcf7-69fa0ba631d90-wrapper\" class=\"wpcf7-form-control-wrap nickname-wrap\" ><input id=\"wpcf7-69fa0ba631d90-field\"  class=\"wpcf7-form-control wpcf7-text\" type=\"text\" name=\"nickname\" value=\"\" size=\"40\" tabindex=\"-1\" autocomplete=\"off\" \/><\/span>\n\t<\/p>\n\t<div class=\"form-term\">\n\t\t<p>Submission of this form means you have agreed to our <a href=\"\/privacy-policy\/\" title=\"\">Privacy Policy<\/a> and <a href=\"\/terms-of-service\/\" title=\"\">Terms Conditions<\/a>\n\t\t<\/p>\n\t<\/div>\n\t<div class=\"submit-btn\">\n\t\t<p><input class=\"wpcf7-form-control wpcf7-submit has-spinner btn-box\" type=\"submit\" value=\"Get in Touch\" \/>\n\t\t<\/p>\n\t<\/div>\n<\/div><div class=\"wpcf7-response-output\" aria-hidden=\"true\"><\/div>\n<\/form>\n<\/div>\n<\/div><\/div>\n\n\n<div class=\"block-section client-reviews-slider \" style=\"background-color: #119084\">  \n    <div class=\"container\">\n                <div class=\"splide client-slider\">\n            <div class=\"splide__track\">\n                <div class=\"splide__list\">\n                                        <div class=\"splide__slide\">\n                        <div class=\"content-box\">\n                            <div class=\"content\">\n                                <p data-pm-slice=\"1 1 []\">&#8220;Trabajar con Haldren nos dio claridad durante una transici\u00f3n dif\u00edcil. Sus consultores nos escucharon, comprendieron nuestros retos y nos proporcionaron candidatos que encajaban tanto en nuestra cultura como en nuestras necesidades.&#8221;<\/p>\n                            <\/div>\n                                                        <div class=\"name\">\n                                <strong>Carlos M.<\/strong>, \n                                Director General                            <\/div>\n                                                    <\/div>\n                    <\/div>\n                                        <div class=\"splide__slide\">\n                        <div class=\"content-box\">\n                            <div class=\"content\">\n                                <p>&#8220;Los cazatalentos de Haldren aportaron disciplina y perspectiva a nuestra b\u00fasqueda de ejecutivos. Su proceso met\u00f3dico nos dio confianza, y el l\u00edder que contratamos ya ha tenido un fuerte impacto.&#8221;<\/p>\n                            <\/div>\n                                                        <div class=\"name\">\n                                <strong>Isabel R.<\/strong>, \n                                Director Financiero                            <\/div>\n                                                    <\/div>\n                    <\/div>\n                                        <div class=\"splide__slide\">\n                        <div class=\"content-box\">\n                            <div class=\"content\">\n                                <p>&#8220;Lo m\u00e1s destacado fue el equilibrio entre confidencialidad y orientaci\u00f3n. El proceso nos pareci\u00f3 seguro y tuvimos todo el apoyo de asesores que se preocupaban por encontrar la pareja adecuada.&#8221;<\/p>\n                            <\/div>\n                                                        <div class=\"name\">\n                                <strong>Javier L.<\/strong>, \n                                Director de RRHH                            <\/div>\n                                                    <\/div>\n                    <\/div>\n                                    <\/div>\n            <\/div>\n        <\/div>\n            <\/div>\n<\/div>","protected":false},"excerpt":{"rendered":"","protected":false},"author":10,"featured_media":0,"parent":161,"menu_order":0,"comment_status":"closed","ping_status":"closed","template":"","meta":{"_acf_changed":false,"footnotes":""},"class_list":["post-167","page","type-page","status-publish","hentry"],"acf":[],"lang":"es","translations":{"es":167},"jetpack_sharing_enabled":true,"pll_sync_post":[],"_links":{"self":[{"href":"https:\/\/www.haldren.com\/valencia\/wp-json\/wp\/v2\/pages\/167","targetHints":{"allow":["GET"]}}],"collection":[{"href":"https:\/\/www.haldren.com\/valencia\/wp-json\/wp\/v2\/pages"}],"about":[{"href":"https:\/\/www.haldren.com\/valencia\/wp-json\/wp\/v2\/types\/page"}],"author":[{"embeddable":true,"href":"https:\/\/www.haldren.com\/valencia\/wp-json\/wp\/v2\/users\/10"}],"replies":[{"embeddable":true,"href":"https:\/\/www.haldren.com\/valencia\/wp-json\/wp\/v2\/comments?post=167"}],"version-history":[{"count":1,"href":"https:\/\/www.haldren.com\/valencia\/wp-json\/wp\/v2\/pages\/167\/revisions"}],"predecessor-version":[{"id":187,"href":"https:\/\/www.haldren.com\/valencia\/wp-json\/wp\/v2\/pages\/167\/revisions\/187"}],"up":[{"embeddable":true,"href":"https:\/\/www.haldren.com\/valencia\/wp-json\/wp\/v2\/pages\/161"}],"wp:attachment":[{"href":"https:\/\/www.haldren.com\/valencia\/wp-json\/wp\/v2\/media?parent=167"}],"curies":[{"name":"wp","href":"https:\/\/api.w.org\/{rel}","templated":true}]}}