{"id":231,"date":"2026-01-27T08:16:46","date_gmt":"2026-01-27T08:16:46","guid":{"rendered":"https:\/\/www.haldren.com\/vienna\/?page_id=231"},"modified":"2026-01-27T08:16:48","modified_gmt":"2026-01-27T08:16:48","slug":"funktionen","status":"publish","type":"page","link":"https:\/\/www.haldren.com\/vienna\/de\/funktionen\/","title":{"rendered":"Funktionen"},"content":{"rendered":"<div class=\"block-section section-gaps accordion-box-section top-border-line\">\n    <div class=\"container\">\n        <div class=\"accordion-faqs border-sty-accordion\">\n                        <h1 class=\"m-title\">\n                Funktionen, auf die sich unsere Recruiter in Wien spezialisiert haben            <\/h1>\n                        \n                        <div class=\"grid col-2 \">\n                                <div class=\"item\">\n                    <h3>Aufsichtsrat &amp; C-Level<\/h3>\n                                    <\/div>\n                                <div class=\"item\">\n                    <h3>Finanzen &amp; Operations<\/h3>\n                                    <\/div>\n                                <div class=\"item\">\n                    <h3>Marketing &amp; Vertrieb<\/h3>\n                                    <\/div>\n                                <div class=\"item\">\n                    <h3>IT- &amp; Digitalverantwortliche<\/h3>\n                                    <\/div>\n                                <div class=\"item\">\n                    <h3>Recht, Risiko &amp; Compliance<\/h3>\n                                    <\/div>\n                                <div class=\"item\">\n                    <h3>Unternehmensangelegenheiten<\/h3>\n                                    <\/div>\n                                <div class=\"item\">\n                    <h3>Supply Chain &amp; Logistik<\/h3>\n                                    <\/div>\n                                <div class=\"item\">\n                    <h3>F\u00fchrungskr\u00e4fte f\u00fcr Diversit\u00e4t &amp; Inklusion<\/h3>\n                                    <\/div>\n                                <div class=\"item\">\n                    <h3>Nachhaltigkeits- &amp; ESG-Verantwortliche<\/h3>\n                                    <\/div>\n                                <div class=\"item\">\n                    <h3>Personalwesen<\/h3>\n                                    <\/div>\n                            <\/div>\n                    <\/div>\n    <\/div>\n<\/div>","protected":false},"excerpt":{"rendered":"","protected":false},"author":10,"featured_media":0,"parent":0,"menu_order":0,"comment_status":"closed","ping_status":"closed","template":"","meta":{"_acf_changed":false,"footnotes":""},"class_list":["post-231","page","type-page","status-publish","hentry"],"acf":[],"lang":"de","translations":{"de":231,"en":97},"jetpack_sharing_enabled":true,"pll_sync_post":[],"_links":{"self":[{"href":"https:\/\/www.haldren.com\/vienna\/wp-json\/wp\/v2\/pages\/231","targetHints":{"allow":["GET"]}}],"collection":[{"href":"https:\/\/www.haldren.com\/vienna\/wp-json\/wp\/v2\/pages"}],"about":[{"href":"https:\/\/www.haldren.com\/vienna\/wp-json\/wp\/v2\/types\/page"}],"author":[{"embeddable":true,"href":"https:\/\/www.haldren.com\/vienna\/wp-json\/wp\/v2\/users\/10"}],"replies":[{"embeddable":true,"href":"https:\/\/www.haldren.com\/vienna\/wp-json\/wp\/v2\/comments?post=231"}],"version-history":[{"count":1,"href":"https:\/\/www.haldren.com\/vienna\/wp-json\/wp\/v2\/pages\/231\/revisions"}],"predecessor-version":[{"id":232,"href":"https:\/\/www.haldren.com\/vienna\/wp-json\/wp\/v2\/pages\/231\/revisions\/232"}],"wp:attachment":[{"href":"https:\/\/www.haldren.com\/vienna\/wp-json\/wp\/v2\/media?parent=231"}],"curies":[{"name":"wp","href":"https:\/\/api.w.org\/{rel}","templated":true}]}}

<div class="block-section section-gaps accordion-box-section top-border-line">
    <div class="container">
        <div class="accordion-faqs border-sty-accordion">
                        <h1 class="m-title">
                Funktionen, auf die sich unsere Recruiter in Wien spezialisiert haben            </h1>
                        
                        <div class="grid col-2 ">
                                <div class="item">
                    <h3>Aufsichtsrat &amp; C-Level</h3>
                                    </div>
                                <div class="item">
                    <h3>Finanzen &amp; Operations</h3>
                                    </div>
                                <div class="item">
                    <h3>Marketing &amp; Vertrieb</h3>
                                    </div>
                                <div class="item">
                    <h3>IT- &amp; Digitalverantwortliche</h3>
                                    </div>
                                <div class="item">
                    <h3>Recht, Risiko &amp; Compliance</h3>
                                    </div>
                                <div class="item">
                    <h3>Unternehmensangelegenheiten</h3>
                                    </div>
                                <div class="item">
                    <h3>Supply Chain &amp; Logistik</h3>
                                    </div>
                                <div class="item">
                    <h3>Führungskräfte für Diversität &amp; Inklusion</h3>
                                    </div>
                                <div class="item">
                    <h3>Nachhaltigkeits- &amp; ESG-Verantwortliche</h3>
                                    </div>
                                <div class="item">
                    <h3>Personalwesen</h3>
                                    </div>
                            </div>
                    </div>
    </div>
</div>
